000
CXUS53 KGLD 230800
CF6MCK
PRELIMINARY LOCAL CLIMATOLOGICAL DATA (WS FORM: F-6)

                                          STATION:   MCCOOK NE
                                          MONTH:     FEBRUARY
                                          YEAR:      2018
                                          LATITUDE:   40 13 N
                                          LONGITUDE: 100 35 W

  TEMPERATURE IN F:       :PCPN:    SNOW:  WIND      :SUNSHINE: SKY     :PK WND
================================================================================
1   2   3   4   5  6A  6B    7    8   9   10  11  12  13   14  15   16   17  18
                                     12Z  AVG MX 2MIN
DY MAX MIN AVG DEP HDD CDD  WTR  SNW DPTH SPD SPD DIR MIN PSBL S-S WX    SPD DR
================================================================================

 1  36  23  30   2  35   0 0.00  0.0    M  8.9 17  60   M    M  10 1      23  60
 2  47  19  33   5  32   0 0.00    M    M  7.8 18 220   M    M   5 1      24 220
 3  55  29  42  14  23   0 0.00    M    M 11.7 28  20   M    M   4        38  20
 4  29   6  18 -11  47   0    T    M    M 12.8 28  20   M    M   9 18     36  20
 5  31   9  20  -9  45   0 0.00  0.0    M 11.6 35 350   M    M   4 18     42 350
 6  17   1   9 -20  56   0    T    M    M  8.4 16 140   M    M   6 12     21 140
 7  28   4  16 -13  49   0 0.00    M    M  7.7 17 200   M    M   4        22 190
 8  41  13  27  -2  38   0 0.00    M    M  4.9 12  50   M    M   1 1      15  60
 9  24   7  16 -13  49   0    T    M    M 16.4 25  30   M    M   9 18     32  30
10  10   4   7 -23  58   0    M    M    M  6.9 16  10   M    M   9 18     19  10
11  33   0  17 -13  48   0 0.00    M    M  7.9 16 280   M    M   0        19 280
12  25  11  18 -12  47   0 0.00    M    0 15.3 26 110   M    M   2        33 120
13  40  10  25  -5  40   0 0.00    M    M  5.2 16 290   M    M   0 18     20  90
14  46  20  33   3  32   0 0.00    M    M  5.2 12 300   M    M   0 1      12 260
15  49  21  35   4  30   0 0.00    M    M 11.6 31 360   M    M   3        39 360
16  39  13  26  -5  39   0 0.00999.0    M 10.8 22 180   M    M   0        29 180
17  49  24  37   6  28   0 0.00    M    M 11.4 24 310   M    M   0        33 310
18  64  24  44  12  21   0 0.00  0.0    0 15.0 30  30   M    M   1        37  20
19  24  11  18 -14  47   0    T    M    M 15.4 28 360   M    M  10 168    34 360
20  19   5  12 -20  53   0    T    M    M 14.6 24 330   M    M   3 18     31 330
21  31   1  16 -16  49   0 0.00    M    M  7.1 15 130   M    M   4        19 150
22  25  19  22 -11  43   0    T    M    M  6.2 15 110   M    M  10 18     20 130
================================================================================
SM  762  274       909   0    T    999.0 222.8          M       94
================================================================================
AV 34.6 12.5                              10.1 FASTST   M    M   4    MAX(MPH)
                                 MISC ---->  # 35 350               # 42  350
================================================================================
NOTES:
# LAST OF SEVERAL OCCURRENCES

COLUMN 17 PEAK WIND IN M.P.H.

PRELIMINARY LOCAL CLIMATOLOGICAL DATA (WS FORM: F-6) , PAGE 2

                                          STATION:  MCCOOK NE
                                          MONTH:    FEBRUARY
                                          YEAR:     2018
                                          LATITUDE:   40 13 N
                                          LONGITUDE: 100 35 W

[TEMPERATURE DATA]      [PRECIPITATION DATA]       SYMBOLS USED IN COLUMN 16

AVERAGE MONTHLY: 23.6   TOTAL FOR MONTH:      T    1 = FOG OR MIST
DPTR FM NORMAL:  -6.5   DPTR FM NORMAL:   -0.45    2 = FOG REDUCING VISIBILITY
HIGHEST:    64 ON 18    GRTST 24HR    T  ON 22-22      TO 1/4 MILE OR LESS
LOWEST:      0 ON 11                               3 = THUNDER
                        SNOW, ICE PELLETS, HAIL    4 = ICE PELLETS
                        TOTAL MONTH: 999.0 INCHES  5 = HAIL
                        GRTST 24HR 999.0 ON 16-16  6 = FREEZING RAIN OR DRIZZLE
                        GRTST DEPTH:   0           7 = DUSTSTORM OR SANDSTORM:
                                                       VSBY 1/2 MILE OR LESS
                                                   8 = SMOKE OR HAZE
[NO. OF DAYS WITH]      [WEATHER - DAYS WITH]      9 = BLOWING SNOW
                                                   X = TORNADO
MAX 32 OR BELOW:  11    0.01 INCH OR MORE:   0
MAX 90 OR ABOVE:   0    0.10 INCH OR MORE:   0
MIN 32 OR BELOW:  22    0.50 INCH OR MORE:   0
MIN  0 OR BELOW:   1    1.00 INCH OR MORE:   0

[HDD (BASE 65) ]
TOTAL THIS MO.   909    CLEAR  (SCALE 0-3)   9
DPTR FM NORMAL   142    PTCLDY (SCALE 4-7)   7
TOTAL FM JUL 1  4344    CLOUDY (SCALE 8-10)  6
DPTR FM NORMAL  -104

[CDD (BASE 65) ]
TOTAL THIS MO.     0
DPTR FM NORMAL     0    [PRESSURE DATA]
TOTAL FM JAN 1     0    HIGHEST SLP M ON M
DPTR FM NORMAL     0    LOWEST  SLP 29.35 ON 18

[REMARKS]
