000
CXUS53 KGLD 200800
CF6MCK
PRELIMINARY LOCAL CLIMATOLOGICAL DATA (WS FORM: F-6)

                                          STATION:   MCCOOK NE
                                          MONTH:     OCTOBER
                                          YEAR:      2019
                                          LATITUDE:   40 13 N
                                          LONGITUDE: 100 35 W

  TEMPERATURE IN F:       :PCPN:    SNOW:  WIND      :SUNSHINE: SKY     :PK WND
================================================================================
1   2   3   4   5  6A  6B    7    8   9   10  11  12  13   14  15   16   17  18
                                     12Z  AVG MX 2MIN
DY MAX MIN AVG DEP HDD CDD  WTR  SNW DPTH SPD SPD DIR MIN PSBL S-S WX    SPD DR
================================================================================

 1  65  47  56  -1   9   0 0.50    M    M 13.5 21  30   M    M  10 1      26  40
 2  56  42  49  -8  16   0 0.03    M    M  8.1 14 330   M    M   9 1      17 340
 3  67  35  51  -5  14   0 0.00    M    M  5.9 13 150   M    M   2        17 150
 4  62  50  56   0   9   0 0.00    M    M 14.2 23 140   M    M  10 1      32 160
 5  70  42  56   0   9   0 0.00    M    M 12.4 35 330   M    M   2 1      45 330
 6  66  38  52  -3  13   0 0.02    M    M  7.5 23 330   M    M   4        32 330
 7  75  33  54  -1  11   0 0.00    M    M  9.0 23 190   M    M   0        32 190
 8  80  37  59   5   6   0 0.00    M    M  9.4 21 150   M    M   0        29 140
 9  75  43  59   5   6   0    T    M    M 12.0 33  20   M    M   1 1      45  20
10  43  27  35 -19  30   0 0.01    M    0 24.6 35 350   M    M   8 1      46 340
11  49  22  36 -17  29   0 0.00    M    M 15.1 36 320   M    M   0        51 330
12  66  20  43 -10  22   0 0.00    M    M  7.3 21 330   M    M   0        27 310
13  70  23  47  -5  18   0 0.00    M    M  4.0  9 160   M    M   0        14 150
14  80  29  55   3  10   0 0.00    M    M  4.1 22 350   M    M   0 8      28 350
15  64  33  49  -3  16   0 0.00    M    M 14.7 28 350   M    M   0        36 350
16  71  24  48  -3  17   0 0.00    M    M  6.2 16 200   M    M   0        24 200
17  87  32  60   9   5   0 0.00  0.0    0 10.1 22 160   M    M   0        32 160
18  77  46  62  11   3   0 0.00    M    M 13.7 26 350   M    M   2        36 350
19  71  33  52   2  13   0 0.00    M    M  7.3 18 300   M    M   0        26 310
================================================================================
SM 1294  656       256   0  0.56     0.0 199.1          M       48
================================================================================
AV 68.1 34.5                              10.5 FASTST   M    M   3    MAX(MPH)
                                 MISC ---->  # 36 320               # 51  330
================================================================================
NOTES:
# LAST OF SEVERAL OCCURRENCES

COLUMN 17 PEAK WIND IN M.P.H.

PRELIMINARY LOCAL CLIMATOLOGICAL DATA (WS FORM: F-6) , PAGE 2

                                          STATION:  MCCOOK NE
                                          MONTH:    OCTOBER
                                          YEAR:     2019
                                          LATITUDE:   40 13 N
                                          LONGITUDE: 100 35 W

[TEMPERATURE DATA]      [PRECIPITATION DATA]       SYMBOLS USED IN COLUMN 16

AVERAGE MONTHLY: 51.3   TOTAL FOR MONTH:   0.56    1 = FOG OR MIST
DPTR FM NORMAL:  -2.3   DPTR FM NORMAL:   -0.59    2 = FOG REDUCING VISIBILITY
HIGHEST:    87 ON 17    GRTST 24HR  0.50 ON  1- 1      TO 1/4 MILE OR LESS
LOWEST:     20 ON 12                               3 = THUNDER
                        SNOW, ICE PELLETS, HAIL    4 = ICE PELLETS
                        TOTAL MONTH:   0.0 INCH    5 = HAIL
                        GRTST 24HR     0.0         6 = FREEZING RAIN OR DRIZZLE
                        GRTST DEPTH:   0           7 = DUSTSTORM OR SANDSTORM:
                                                       VSBY 1/2 MILE OR LESS
                                                   8 = SMOKE OR HAZE
[NO. OF DAYS WITH]      [WEATHER - DAYS WITH]      9 = BLOWING SNOW
                                                   X = TORNADO
MAX 32 OR BELOW:   0    0.01 INCH OR MORE:   4
MAX 90 OR ABOVE:   0    0.10 INCH OR MORE:   1
MIN 32 OR BELOW:   7    0.50 INCH OR MORE:   1
MIN  0 OR BELOW:   0    1.00 INCH OR MORE:   0

[HDD (BASE 65) ]
TOTAL THIS MO.   256    CLEAR  (SCALE 0-3)  14
DPTR FM NORMAL    34    PTCLDY (SCALE 4-7)   2
TOTAL FM JUL 1   273    CLOUDY (SCALE 8-10)  3
DPTR FM NORMAL   -78

[CDD (BASE 65) ]
TOTAL THIS MO.     0
DPTR FM NORMAL    -4    [PRESSURE DATA]
TOTAL FM JAN 1  1161    HIGHEST SLP M ON M
DPTR FM NORMAL   208    LOWEST  SLP 29.37 ON 18

[REMARKS]
