414
CXUS52 KFFC 221110
CF6MCN
PRELIMINARY LOCAL CLIMATOLOGICAL DATA (WS FORM: F-6)

                                          STATION:   MACON
                                          MONTH:     OCTOBER
                                          YEAR:      2019
                                          LATITUDE:   32 42 N
                                          LONGITUDE:  83 39 W

  TEMPERATURE IN F:       :PCPN:    SNOW:  WIND      :SUNSHINE: SKY     :PK WND
================================================================================
1   2   3   4   5  6A  6B    7    8   9   10  11  12  13   14  15   16   17  18
                                     12Z  AVG MX 2MIN
DY MAX MIN AVG DEP HDD CDD  WTR  SNW DPTH SPD SPD DIR MIN PSBL S-S WX    SPD DR
================================================================================

 1  98  70  84  14   0  19 0.00  0.0    0  3.9 13  70   M    M   1        21  90
 2  98  67  83  13   0  18 0.00  0.0    0  2.3 14  60   M    M   0 1      17  40
 3 102  68  85  16   0  20 0.00  0.0    0  2.2 12  70   M    M   1 1      14  80
 4 103  70  87  18   0  22 0.00  0.0    0  3.3 13 180   M    M   2        19 180
 5  95  71  83  15   0  18 0.00  0.0    0  8.8 20  80   M    M   4        26  60
 6  90  68  79  11   0  14 0.00  0.0    0  8.1 14 160   M    M   7        19  40
 7  88  65  77   9   0  12 0.00  0.0    0  4.6 10  50   M    M   1        13  50
 8  91  62  77  10   0  12 0.00  0.0    0  5.5 13  30   M    M   3 1      20  80
 9  81  63  72   5   0   7 0.00  0.0    M  8.8 15  50   M    M   5        18  60
10  86  57  72   5   0   7 0.00  0.0    0  6.4 14  40   M    M   0        20  30
11  85  52  69   3   0   4 0.00  0.0    0  2.6 13  50   M    M   0        17  20
12  90  54  72   6   0   7 0.00  0.0    0  2.2  9 280   M    M   1        13 250
13  88  61  75   9   0  10 0.10  0.0    0  4.1 16 240   M    M   4 13     22 240
14  84  64  74   9   0   9 0.09  0.0    0  3.0  9 340   M    M   6 12     15 350
15  71  65  68   3   0   3 0.90  0.0    0  4.4 12 150   M    M   8 1      15 160
16  84  53  69   4   0   4 0.14  0.0    0  8.9 22 290   M    M   6 1      26 320
17  77  47  62  -2   3   0 0.00  0.0    0  6.9 13 310   M    M   0        20 250
18  71  45  58  -6   7   0 0.00  0.0    0  5.8 12  70   M    M   1        15  80
19  63  56  60  -4   5   0 2.20  0.0    0 10.8 17  40   M    M  10 13     23  30
20  78  57  68   4   0   3    T  0.0    0  6.5 15 270   M    M   5 1      20 280
21  84  54  69   6   0   4    T  0.0    0  2.8 14 170   M    M   5 12     27 140
================================================================================
SM 1807 1269        15 193  3.43     0.0 111.9          M       70
================================================================================
AV 86.1 60.4                               5.3 FASTST   M    M   3    MAX(MPH)
                                 MISC ---->  # 22 290               # 27  140
================================================================================
NOTES:
# LAST OF SEVERAL OCCURRENCES

COLUMN 17 PEAK WIND IN M.P.H.

PRELIMINARY LOCAL CLIMATOLOGICAL DATA (WS FORM: F-6) , PAGE 2

                                          STATION:  MACON
                                          MONTH:    OCTOBER
                                          YEAR:     2019
                                          LATITUDE:   32 42 N
                                          LONGITUDE:  83 39 W

[TEMPERATURE DATA]      [PRECIPITATION DATA]       SYMBOLS USED IN COLUMN 16

AVERAGE MONTHLY: 73.2   TOTAL FOR MONTH:   3.43    1 = FOG OR MIST
DPTR FM NORMAL:   6.8   DPTR FM NORMAL:    1.48    2 = FOG REDUCING VISIBILITY
HIGHEST:   103 ON  4    GRTST 24HR  2.20 ON 19-19      TO 1/4 MILE OR LESS
LOWEST:     45 ON 18                               3 = THUNDER
                        SNOW, ICE PELLETS, HAIL    4 = ICE PELLETS
                        TOTAL MONTH:   0.0 INCH    5 = HAIL
                        GRTST 24HR     0.0         6 = FREEZING RAIN OR DRIZZLE
                        GRTST DEPTH:   0           7 = DUSTSTORM OR SANDSTORM:
                                                       VSBY 1/2 MILE OR LESS
                                                   8 = SMOKE OR HAZE
[NO. OF DAYS WITH]      [WEATHER - DAYS WITH]      9 = BLOWING SNOW
                                                   X = TORNADO
MAX 32 OR BELOW:   0    0.01 INCH OR MORE:   5
MAX 90 OR ABOVE:   8    0.10 INCH OR MORE:   4
MIN 32 OR BELOW:   0    0.50 INCH OR MORE:   2
MIN  0 OR BELOW:   0    1.00 INCH OR MORE:   1

[HDD (BASE 65) ]
TOTAL THIS MO.    15    CLEAR  (SCALE 0-3)  11
DPTR FM NORMAL   -32    PTCLDY (SCALE 4-7)   8
TOTAL FM JUL 1    15    CLOUDY (SCALE 8-10)  2
DPTR FM NORMAL   -38

[CDD (BASE 65) ]
TOTAL THIS MO.   193
DPTR FM NORMAL   115    [PRESSURE DATA]
TOTAL FM JAN 1  2745    HIGHEST SLP M ON M
DPTR FM NORMAL   617    LOWEST  SLP 29.71 ON 20

[REMARKS]
