000
CXUS52 KMLB 200631
CF6MCO
PRELIMINARY LOCAL CLIMATOLOGICAL DATA (WS FORM: F-6)

                                          STATION:   ORLANDO INTL
                                          MONTH:     AUGUST
                                          YEAR:      2018
                                          LATITUDE:   28 25 N
                                          LONGITUDE:  81 19 W

  TEMPERATURE IN F:       :PCPN:    SNOW:  WIND      :SUNSHINE: SKY     :PK WND
================================================================================
1   2   3   4   5  6A  6B    7    8   9   10  11  12  13   14  15   16   17  18
                                     12Z  AVG MX 2MIN
DY MAX MIN AVG DEP HDD CDD  WTR  SNW DPTH SPD SPD DIR MIN PSBL S-S WX    SPD DR
================================================================================

 1  92  71  82  -1   0  17 0.73  0.0    0  8.0 29 150   M    M   7 13     38 240
 2  92  75  84   1   0  19 0.03  0.0    0  7.5 16 120   M    M   7 13     20 170
 3  92  75  84   1   0  19 0.26  0.0    0  7.0 22 180   M    M   6 13     30 190
 4  91  75  83   0   0  18 0.00  0.0    0  7.3 18  60   M    M   2        22  60
 5  92  77  85   2   0  20 0.04  0.0    0  7.6 24  50   M    M   4        31  50
 6  91  76  84   1   0  19    T  0.0    0  8.4 20  80   M    M   3        24  70
 7  94  75  85   2   0  20    T  0.0    0  7.8 16 100   M    M   3 3      20 120
 8  93  74  84   1   0  19 0.82  0.0    0  4.4 17 210   M    M   3 138    24 200
 9  94  70  82  -1   0  17 1.58  0.0    0  6.3 44 240   M    M   4 123    69 230
10  88  74  81  -2   0  16 0.07  0.0    0  6.0 26 320   M    M   6 3      36 330
11  88  75  82  -1   0  17    T  0.0    0  5.0 21 300   M    M   6 3      25 290
12  89  74  82  -1   0  17 0.39  0.0    0  4.6 26 180   M    M   6 13     32 190
13  91  74  83   0   0  18    T  0.0    0  7.0 22 220   M    M   7 3      28 200
14  91  73  82  -1   0  17 0.02  0.0    0  4.7 20 230   M    M   5 13     28 230
15  91  73  82  -1   0  17    T  0.0    0  5.5 23 170   M    M   4 3      27 180
16  94  76  85   2   0  20 0.38  0.0    0  5.8 21 140   M    M   5 13     24 140
17  93  76  85   2   0  20    T  0.0    0  6.9 17 110   M    M   5 1      23  90
18  93  75  84   1   0  19 0.00  0.0    0  4.8 20 150   M    M   3        24 160
19  94  74  84   1   0  19 0.64  0.0    0  5.0 35 180   M    M   5 13     39 180
================================================================================
SM 1743 1412         0 348  4.96     0.0 119.6          M       91
================================================================================
AV 91.7 74.3                               6.3 FASTST   M    M   5    MAX(MPH)
                                 MISC ---->  # 44 240               # 69  230
================================================================================
NOTES:
# LAST OF SEVERAL OCCURRENCES

COLUMN 17 PEAK WIND IN M.P.H.

PRELIMINARY LOCAL CLIMATOLOGICAL DATA (WS FORM: F-6) , PAGE 2

                                          STATION:  ORLANDO INTL
                                          MONTH:    AUGUST
                                          YEAR:     2018
                                          LATITUDE:   28 25 N
                                          LONGITUDE:  81 19 W

[TEMPERATURE DATA]      [PRECIPITATION DATA]       SYMBOLS USED IN COLUMN 16

AVERAGE MONTHLY: 83.0   TOTAL FOR MONTH:   4.96    1 = FOG OR MIST
DPTR FM NORMAL:   0.0   DPTR FM NORMAL:    0.46    2 = FOG REDUCING VISIBILITY
HIGHEST:    94 ON 19,16 GRTST 24HR  1.58 ON  9- 9      TO 1/4 MILE OR LESS
LOWEST:     70 ON  9                               3 = THUNDER
                        SNOW, ICE PELLETS, HAIL    4 = ICE PELLETS
                        TOTAL MONTH:   0.0 INCH    5 = HAIL
                        GRTST 24HR     0.0         6 = FREEZING RAIN OR DRIZZLE
                        GRTST DEPTH:   0           7 = DUSTSTORM OR SANDSTORM:
                                                       VSBY 1/2 MILE OR LESS
                                                   8 = SMOKE OR HAZE
[NO. OF DAYS WITH]      [WEATHER - DAYS WITH]      9 = BLOWING SNOW
                                                   X = TORNADO
MAX 32 OR BELOW:   0    0.01 INCH OR MORE:  11
MAX 90 OR ABOVE:  16    0.10 INCH OR MORE:   7
MIN 32 OR BELOW:   0    0.50 INCH OR MORE:   4
MIN  0 OR BELOW:   0    1.00 INCH OR MORE:   1

[HDD (BASE 65) ]
TOTAL THIS MO.     0    CLEAR  (SCALE 0-3)   3
DPTR FM NORMAL     0    PTCLDY (SCALE 4-7)  16
TOTAL FM JUL 1     0    CLOUDY (SCALE 8-10)  0
DPTR FM NORMAL     0

[CDD (BASE 65) ]
TOTAL THIS MO.   348
DPTR FM NORMAL     6    [PRESSURE DATA]
TOTAL FM JAN 1  2372    HIGHEST SLP M ON M
DPTR FM NORMAL   190    LOWEST  SLP 29.95 ON 11

[REMARKS]
