000
CXUS52 KMLB 180629
CF6MCO
PRELIMINARY LOCAL CLIMATOLOGICAL DATA (WS FORM: F-6)

                                          STATION:   ORLANDO INTL
                                          MONTH:     NOVEMBER
                                          YEAR:      2018
                                          LATITUDE:   28 25 N
                                          LONGITUDE:  81 19 W

  TEMPERATURE IN F:       :PCPN:    SNOW:  WIND      :SUNSHINE: SKY     :PK WND
================================================================================
1   2   3   4   5  6A  6B    7    8   9   10  11  12  13   14  15   16   17  18
                                     12Z  AVG MX 2MIN
DY MAX MIN AVG DEP HDD CDD  WTR  SNW DPTH SPD SPD DIR MIN PSBL S-S WX    SPD DR
================================================================================

 1  85  61  73   1   0   8 0.00  0.0    0  7.2 20 160   M    M   6        24 160
 2  86  67  77   6   0  12 0.04  0.0    0  8.9 32 260   M    M   7 1      45 260
 3  74  56  65  -6   0   0 0.00  0.0    0 11.6 18  50   M    M   7        23  50
 4  83  63  73   2   0   8 1.71  0.0    0  6.1 25 120   M    M   9 13     28 120
 5  82  68  75   4   0  10 0.00  0.0    0  6.0 12 100   M    M   7 1      17  90
 6  86  69  78   8   0  13 0.00  0.0    0  3.8 12 110   M    M   8 1      17 110
 7  87  67  77   7   0  12 0.00  0.0    0  3.7 14 110   M    M   5 18     20 210
 8  88  71  80  10   0  15 0.04  0.0    0  3.6 13 100   M    M   6        16 100
 9  87  70  79   9   0  14 0.00  0.0    0  3.8 10 180   M    M   5        17 210
10  83  66  75   5   0  10 0.00  0.0    0  8.2 21  30   M    M   6 1      24  30
11  85  63  74   5   0   9 0.00  0.0    0  8.1 16  60   M    M   6        20  60
12  84  69  77   8   0  12 0.07  0.0    0  8.1 20 150   M    M   5 1      26 140
13  86  67  77   8   0  12 0.01  0.0    0  5.3 15 180   M    M   5 1      19 210
14  88  71  80  11   0  15    T  0.0    0  8.5 17 100   M    M   6        20 120
15  75  56  66  -3   0   1 0.16  0.0    0 10.6 21 300   M    M   8 1      28 300
16  65  47  56 -12   9   0 0.00  0.0    0  8.5 15 320   M    M   2        19 310
17  76  48  62  -6   3   0 0.00  0.0    0  8.3 14  30   M    M   2        18  30
================================================================================
SM 1400 1079        12 151  2.03     0.0 120.3          M      100
================================================================================
AV 82.4 63.5                               7.1 FASTST   M    M   6    MAX(MPH)
                                 MISC ---->  # 32 260               # 45  260
================================================================================
NOTES:
# LAST OF SEVERAL OCCURRENCES

COLUMN 17 PEAK WIND IN M.P.H.

PRELIMINARY LOCAL CLIMATOLOGICAL DATA (WS FORM: F-6) , PAGE 2

                                          STATION:  ORLANDO INTL
                                          MONTH:    NOVEMBER
                                          YEAR:     2018
                                          LATITUDE:   28 25 N
                                          LONGITUDE:  81 19 W

[TEMPERATURE DATA]      [PRECIPITATION DATA]       SYMBOLS USED IN COLUMN 16

AVERAGE MONTHLY: 72.9   TOTAL FOR MONTH:   2.03    1 = FOG OR MIST
DPTR FM NORMAL:   3.1   DPTR FM NORMAL:    0.77    2 = FOG REDUCING VISIBILITY
HIGHEST:    88 ON 14, 8 GRTST 24HR  1.71 ON  4- 4      TO 1/4 MILE OR LESS
LOWEST:     47 ON 16                               3 = THUNDER
                        SNOW, ICE PELLETS, HAIL    4 = ICE PELLETS
                        TOTAL MONTH:   0.0 INCH    5 = HAIL
                        GRTST 24HR     0.0         6 = FREEZING RAIN OR DRIZZLE
                        GRTST DEPTH:   0           7 = DUSTSTORM OR SANDSTORM:
                                                       VSBY 1/2 MILE OR LESS
                                                   8 = SMOKE OR HAZE
[NO. OF DAYS WITH]      [WEATHER - DAYS WITH]      9 = BLOWING SNOW
                                                   X = TORNADO
MAX 32 OR BELOW:   0    0.01 INCH OR MORE:   6
MAX 90 OR ABOVE:   0    0.10 INCH OR MORE:   2
MIN 32 OR BELOW:   0    0.50 INCH OR MORE:   1
MIN  0 OR BELOW:   0    1.00 INCH OR MORE:   1

[HDD (BASE 65) ]
TOTAL THIS MO.    12    CLEAR  (SCALE 0-3)   2
DPTR FM NORMAL    -5    PTCLDY (SCALE 4-7)  14
TOTAL FM JUL 1    12    CLOUDY (SCALE 8-10)  1
DPTR FM NORMAL   -10

[CDD (BASE 65) ]
TOTAL THIS MO.   151
DPTR FM NORMAL    52    [PRESSURE DATA]
TOTAL FM JAN 1  3715    HIGHEST SLP M ON M
DPTR FM NORMAL   409    LOWEST  SLP 29.83 ON  2

[REMARKS]
