000
CXUS52 KMLB 210628
CF6MCO
PRELIMINARY LOCAL CLIMATOLOGICAL DATA (WS FORM: F-6)

                                          STATION:   ORLANDO INTL
                                          MONTH:     FEBRUARY
                                          YEAR:      2018
                                          LATITUDE:   28 25 N
                                          LONGITUDE:  81 19 W

  TEMPERATURE IN F:       :PCPN:    SNOW:  WIND      :SUNSHINE: SKY     :PK WND
================================================================================
1   2   3   4   5  6A  6B    7    8   9   10  11  12  13   14  15   16   17  18
                                     12Z  AVG MX 2MIN
DY MAX MIN AVG DEP HDD CDD  WTR  SNW DPTH SPD SPD DIR MIN PSBL S-S WX    SPD DR
================================================================================

 1  75  49  62   1   3   0 0.00  0.0    0  4.0 13 200   M    M   6        17 110
 2  76  56  66   5   0   1 0.00  0.0    0  7.8 23  40   M    M   7        27  30
 3  69  55  62   0   3   0 0.00  0.0    0 10.9 17  80   M    M   9        23  70
 4  77  59  68   6   0   3 0.35  0.0    0  9.8 23 170   M    M   8 1      31 180
 5  76  53  65   3   0   0 0.00  0.0    0  7.2 14  80   M    M   8        17 280
 6  83  52  68   6   0   3 0.00  0.0    0  6.5 16 100   M    M   4        20  80
 7  82  62  72  10   0   7    T  0.0    0  7.0 21 170   M    M   7        26 150
 8  82  62  72  10   0   7 0.00  0.0    0  6.9 23  20   M    M   8        26  20
 9  83  60  72  10   0   7 0.00  0.0    0  9.0 16 100   M    M   8        21 110
10  86  62  74  12   0   9 0.00  0.0    0  7.2 16 170   M    M   6 12     21 150
11  87  66  77  15   0  12 0.00  0.0    0 10.0 21 170   M    M   6        29 170
12  86  69  78  15   0  13 0.00  0.0    0  7.2 16 190   M    M   8 1      20 180
13  84  65  75  12   0  10 0.01  0.0    0  6.9 17  10   M    M   8 1      20  30
14  78  61  70   7   0   5 0.00  0.0    0  8.8 16  50   M    M   8 12     18  20
15  83  61  72   9   0   7 0.00  0.0    0  2.6 13 110   M    M   6 12     18 100
16  85  58  72   9   0   7 0.00  0.0    0  5.3 14 270   M    M   2 1      18 280
17  84  57  71   8   0   6 0.00  0.0    0  5.1 16 200   M    M   2 12     21 180
18  86  54  70   6   0   5 0.00  0.0    0  5.1 20  60   M    M   2 1      24  50
19  84  63  74  10   0   9 0.00  0.0    0  9.2 21 110   M    M   2 1      25  90
20  87  67  77  13   0  12 0.00  0.0    0 10.2 20 110   M    M   3        26  80
================================================================================
SM 1633 1191         6 123  0.36     0.0 146.7          M      118
================================================================================
AV 81.7 59.6                               7.3 FASTST   M    M   6    MAX(MPH)
                                 MISC ---->  # 23  40               # 31  180
================================================================================
NOTES:
# LAST OF SEVERAL OCCURRENCES

COLUMN 17 PEAK WIND IN M.P.H.

PRELIMINARY LOCAL CLIMATOLOGICAL DATA (WS FORM: F-6) , PAGE 2

                                          STATION:  ORLANDO INTL
                                          MONTH:    FEBRUARY
                                          YEAR:     2018
                                          LATITUDE:   28 25 N
                                          LONGITUDE:  81 19 W

[TEMPERATURE DATA]      [PRECIPITATION DATA]       SYMBOLS USED IN COLUMN 16

AVERAGE MONTHLY: 70.6   TOTAL FOR MONTH:   0.36    1 = FOG OR MIST
DPTR FM NORMAL:   8.1   DPTR FM NORMAL:   -1.31    2 = FOG REDUCING VISIBILITY
HIGHEST:    87 ON 20,11 GRTST 24HR  0.35 ON  4- 4      TO 1/4 MILE OR LESS
LOWEST:     49 ON  1                               3 = THUNDER
                        SNOW, ICE PELLETS, HAIL    4 = ICE PELLETS
                        TOTAL MONTH:   0.0 INCH    5 = HAIL
                        GRTST 24HR     0.0         6 = FREEZING RAIN OR DRIZZLE
                        GRTST DEPTH:   0           7 = DUSTSTORM OR SANDSTORM:
                                                       VSBY 1/2 MILE OR LESS
                                                   8 = SMOKE OR HAZE
[NO. OF DAYS WITH]      [WEATHER - DAYS WITH]      9 = BLOWING SNOW
                                                   X = TORNADO
MAX 32 OR BELOW:   0    0.01 INCH OR MORE:   2
MAX 90 OR ABOVE:   0    0.10 INCH OR MORE:   1
MIN 32 OR BELOW:   0    0.50 INCH OR MORE:   0
MIN  0 OR BELOW:   0    1.00 INCH OR MORE:   0

[HDD (BASE 65) ]
TOTAL THIS MO.     6    CLEAR  (SCALE 0-3)   5
DPTR FM NORMAL   -85    PTCLDY (SCALE 4-7)  13
TOTAL FM JUL 1   384    CLOUDY (SCALE 8-10)  2
DPTR FM NORMAL   -91

[CDD (BASE 65) ]
TOTAL THIS MO.   123
DPTR FM NORMAL    83    [PRESSURE DATA]
TOTAL FM JAN 1   167    HIGHEST SLP M ON M
DPTR FM NORMAL    82    LOWEST  SLP 29.94 ON  4

[REMARKS]
