000
CXUS53 KDMX 200920
CF6MCW
PRELIMINARY LOCAL CLIMATOLOGICAL DATA (WS FORM: F-6)

                                          STATION:   MASON CITY IA
                                          MONTH:     JUNE
                                          YEAR:      2018
                                          LATITUDE:   43  9 N
                                          LONGITUDE:  93 20 W

  TEMPERATURE IN F:       :PCPN:    SNOW:  WIND      :SUNSHINE: SKY     :PK WND
================================================================================
1   2   3   4   5  6A  6B    7    8   9   10  11  12  13   14  15   16   17  18
                                     12Z  AVG MX 2MIN
DY MAX MIN AVG DEP HDD CDD  WTR  SNW DPTH SPD SPD DIR MIN PSBL S-S WX    SPD DR
================================================================================

 1  91  63  77  13   0  12 0.00  0.0    0  9.2 23 120   M    M   0 18     33 110
 2  77  56  67   3   0   2 0.12  0.0    0 13.1 44 100   M    M   5 13     57 100
 3  74  54  64   0   1   0 0.00  0.0    0 17.4 33 310   M    M   0        42 330
 4  85  47  66   1   0   1 0.00  0.0    0 12.2 23 250   M    M   0        33 220
 5  92  65  79  14   0  14 0.00  0.0    0 11.1 22 240   M    M   0 8      33 230
 6  91  61  76  11   0  11 0.02  0.0    0  9.8 25 140   M    M   1 3      32 130
 7  85  62  74   8   0   9 0.32  0.0    0 10.0 24 360   M    M   3 138    33 350
 8  77  61  69   3   0   4 1.89  0.0    0 15.1 22 130   M    M   5 13     33 130
 9  82  64  73   7   0   8 2.17  0.0    0 12.3  M   M   M    M   5 13      M  M
10  75  63  69   2   0   4 0.00  0.0    M 14.3 23 100   M    M  10 1      30 110
11  75  63  69   2   0   4 0.06  0.0    M 14.6 24 130   M    M   9 13     35 120
12  79  64  72   5   0   7 0.05  0.0    0  6.2 20 330   M    M   7 13     26 330
13  79  53  66  -2   0   1 0.00  0.0    0  5.1 14 330   M    M   1 8      18 330
14  80  59  70   2   0   5 0.05  0.0    0 13.2 23 140   M    M   4 3      31 150
15  93  63  78  10   0  13 0.00  0.0    0 14.7 26 180   M    M   0        36 180
16  92  73  83  14   0  18 0.00  0.0    0 12.2 26 170   M    M   0        36 180
17  93  75  84  15   0  19    T  0.0    0 13.8 31 220   M    M   2        44 230
18  85  70  78   9   0  13 1.21  0.0    0  6.3 25 270   M    M   6 13     35 280
19  81  69  75   6   0  10 0.55  0.0    0  7.0 18 100   M    M  10 13     24 100
================================================================================
SM 1586 1185         1 155  6.44     0.0 217.6          M       68
================================================================================
AV 83.5 62.4                              11.5 FASTST   M    M   4    MAX(MPH)
                                 MISC ---->  # 44 100               # 57  100
================================================================================
NOTES:
# LAST OF SEVERAL OCCURRENCES

COLUMN 17 PEAK WIND IN M.P.H.

PRELIMINARY LOCAL CLIMATOLOGICAL DATA (WS FORM: F-6) , PAGE 2

                                          STATION:  MASON CITY IA
                                          MONTH:    JUNE
                                          YEAR:     2018
                                          LATITUDE:   43  9 N
                                          LONGITUDE:  93 20 W

[TEMPERATURE DATA]      [PRECIPITATION DATA]       SYMBOLS USED IN COLUMN 16

AVERAGE MONTHLY: 72.9   TOTAL FOR MONTH:   6.44    1 = FOG OR MIST
DPTR FM NORMAL:   6.3   DPTR FM NORMAL:    3.12    2 = FOG REDUCING VISIBILITY
HIGHEST:    93 ON 17,15 GRTST 24HR  2.17 ON  9- 9      TO 1/4 MILE OR LESS
LOWEST:     47 ON  4                               3 = THUNDER
                        SNOW, ICE PELLETS, HAIL    4 = ICE PELLETS
                        TOTAL MONTH:   0.0 INCH    5 = HAIL
                        GRTST 24HR     0.0         6 = FREEZING RAIN OR DRIZZLE
                        GRTST DEPTH:   0           7 = DUSTSTORM OR SANDSTORM:
                                                       VSBY 1/2 MILE OR LESS
                                                   8 = SMOKE OR HAZE
[NO. OF DAYS WITH]      [WEATHER - DAYS WITH]      9 = BLOWING SNOW
                                                   X = TORNADO
MAX 32 OR BELOW:   0    0.01 INCH OR MORE:  10
MAX 90 OR ABOVE:   6    0.10 INCH OR MORE:   6
MIN 32 OR BELOW:   0    0.50 INCH OR MORE:   4
MIN  0 OR BELOW:   0    1.00 INCH OR MORE:   3

[HDD (BASE 65) ]
TOTAL THIS MO.     1    CLEAR  (SCALE 0-3)  10
DPTR FM NORMAL   -37    PTCLDY (SCALE 4-7)   6
TOTAL FM JUL 1  7815    CLOUDY (SCALE 8-10)  3
DPTR FM NORMAL   142

[CDD (BASE 65) ]
TOTAL THIS MO.   155
DPTR FM NORMAL    85    [PRESSURE DATA]
TOTAL FM JAN 1   278    HIGHEST SLP M ON M
DPTR FM NORMAL   173    LOWEST  SLP 29.62 ON 12

[REMARKS]
