000
CXUS54 KMAF 221100
CF6MDD
PRELIMINARY LOCAL CLIMATOLOGICAL DATA (WS FORM: F-6)

                                          STATION:   Midland Airpark
                                          MONTH:     OCTOBER
                                          YEAR:      2018
                                          LATITUDE:   32  2 N
                                          LONGITUDE: 102  6 W

  TEMPERATURE IN F:       :PCPN:    SNOW:  WIND      :SUNSHINE: SKY     :PK WND
================================================================================
1   2   3   4   5  6A  6B    7    8   9   10  11  12  13   14  15   16   17  18
                                     12Z  AVG MX 2MIN
DY MAX MIN AVG DEP HDD CDD  WTR  SNW DPTH SPD SPD DIR MIN PSBL S-S WX    SPD DR
================================================================================

 1  87  69  78   M   0  13 0.03  0.0    0 11.2 17 170   M    M   0        24 170
 2  89  71  80   M   0  15 0.00  0.0    0 11.7 17 170   M    M   0        23 190
 3  94  73  84   M   0  19 0.00  0.0    0 13.7 17 180   M    M   0        23 210
 4  94  73  84   M   0  19 0.00  0.0    0 11.8 18 140   M    M   0        24 140
 5  92  66  79   M   0  14 0.10  0.0    0 12.4 20 170   M    M   0 3      25 170
 6  81  66  74   M   0   9 0.02  0.0    0  9.0 17 160   M    M   0 3      25 160
 7  80  67  74   M   0   9 0.00  0.0    0 16.1 27 160   M    M   0 3      32 160
 8  74  62  68   M   0   3 0.02  0.0    0 14.1 22 160   M    M   0 3      31 170
 9  76  56  66   M   0   1 0.02  0.0    0  9.7 17 250   M    M   0 3      27 270
10  74  49  62   M   3   0 0.00  0.0    0  4.7  8  40   M    M   0         M  M
11  71  57  64   M   1   0 0.00  0.0    0  9.0 14 120   M    M   0 1      20 120
12  84  64  74   M   0   9 0.22  0.0    0  7.2 14 190   M    M   0 1      17 190
13  76  58  67   M   0   2 0.13  0.0    0  5.6 29 320   M    M   0 13     45 320
14  84  41  63   M   2   0 0.02    M    0  9.7 21  10   M    M   0 1      31  20
15  44  38  41   M  24   0 0.00  0.0    0 13.9 20  20   M    M   0        28  10
16  44  39  42   M  23   0 0.09    M    0 10.7 20  40   M    M   0 1      24  40
17  49  44  47   M  18   0 0.06    M    0 11.2 20  40   M    M   0 1      24  30
18  51  45  48   M  17   0 0.03    M    0  5.9  9  60   M    M   0 1      10  60
19  71  51  61   M   4   0 0.01  0.0    0  1.2  5 270   M    M   0 1       M  M
20  69  53  61   M   4   0 0.00  0.0    0  7.0 13  70   M    M   0        17  50
21  66  46  56   M   9   0 0.00  0.0    0  4.3 13 130   M    M   0        17 140
================================================================================
SM 1550 1188       105 113  0.75     0.0 200.1          M        0
================================================================================
AV 73.8 56.6                               9.5 FASTST   M    M   0    MAX(MPH)
                                 MISC ---->  # 29 320               # 45  320
================================================================================
NOTES:
# LAST OF SEVERAL OCCURRENCES

COLUMN 17 PEAK WIND IN M.P.H.

PRELIMINARY LOCAL CLIMATOLOGICAL DATA (WS FORM: F-6) , PAGE 2

                                          STATION:  Midland Airpark
                                          MONTH:    OCTOBER
                                          YEAR:     2018
                                          LATITUDE:   32  2 N
                                          LONGITUDE: 102  6 W

[TEMPERATURE DATA]      [PRECIPITATION DATA]       SYMBOLS USED IN COLUMN 16

AVERAGE MONTHLY: 65.2   TOTAL FOR MONTH:   0.75    1 = FOG OR MIST
DPTR FM NORMAL:     M   DPTR FM NORMAL:       M    2 = FOG REDUCING VISIBILITY
HIGHEST:    94 ON  4, 3 GRTST 24HR  0.22 ON 12-12      TO 1/4 MILE OR LESS
LOWEST:     38 ON 15                               3 = THUNDER
                        SNOW, ICE PELLETS, HAIL    4 = ICE PELLETS
                        TOTAL MONTH:   0.0 INCH    5 = HAIL
                        GRTST 24HR     0.0         6 = FREEZING RAIN OR DRIZZLE
                        GRTST DEPTH:   0           7 = DUSTSTORM OR SANDSTORM:
                                                       VSBY 1/2 MILE OR LESS
                                                   8 = SMOKE OR HAZE
[NO. OF DAYS WITH]      [WEATHER - DAYS WITH]      9 = BLOWING SNOW
                                                   X = TORNADO
MAX 32 OR BELOW:   0    0.01 INCH OR MORE:  12
MAX 90 OR ABOVE:   3    0.10 INCH OR MORE:   3
MIN 32 OR BELOW:   0    0.50 INCH OR MORE:   0
MIN  0 OR BELOW:   0    1.00 INCH OR MORE:   0

[HDD (BASE 65) ]
TOTAL THIS MO.   105    CLEAR  (SCALE 0-3)  21
DPTR FM NORMAL     M    PTCLDY (SCALE 4-7)   0
TOTAL FM JUL 1   106    CLOUDY (SCALE 8-10)  0
DPTR FM NORMAL     M

[CDD (BASE 65) ]
TOTAL THIS MO.   113
DPTR FM NORMAL     M    [PRESSURE DATA]
TOTAL FM JAN 1  3346    HIGHEST SLP M ON M
DPTR FM NORMAL     M    LOWEST  SLP M ON M

[REMARKS]
