000
CXUS55 KPAH 250800
CF6MDH
PRELIMINARY LOCAL CLIMATOLOGICAL DATA (WS FORM: F-6)

                                          STATION:   CARBONDALE IL
                                          MONTH:     FEBRUARY
                                          YEAR:      2020
                                          LATITUDE:   37 46 N
                                          LONGITUDE:  89 15 W

  TEMPERATURE IN F:       :PCPN:    SNOW:  WIND      :SUNSHINE: SKY     :PK WND
================================================================================
1   2   3   4   5  6A  6B    7    8   9   10  11  12  13   14  15   16   17  18
                                     12Z  AVG MX 2MIN
DY MAX MIN AVG DEP HDD CDD  WTR  SNW DPTH SPD SPD DIR MIN PSBL S-S WX    SPD DR
================================================================================

 1  48  30  39   5  26   0 0.00    M    M  6.2 17 250   M    M   6 1      23 260
 2  67  33  50  16  15   0 0.00    M    M 10.8 18 220   M    M   0        26 230
 3  63  46  55  21  10   0    T    M    M 15.9 29 210   M    M   2        39 210
 4  60  37  49  15  16   0 0.82    M    M 11.2 21 190   M    M  10 1      28 340
 5  37  33  35   0  30   0 0.39    M    M  9.5 17  50   M    M  10 1      26  50
 6  33  30  32  -3  33   0 0.01    M    M  9.7 18 330   M    M  10 1      29 330
 7  39  29  34  -1  31   0    T    M    M  8.4 14 190   M    M   8        20 320
 8  39  28  34  -1  31   0 0.00    M    M  6.3 14 310   M    M   4        20 310
 9  60  27  44   8  21   0 0.62    M    M 15.0 33 200   M    M   9 1      47 190
10  55  34  45   9  20   0 0.36    M    M  9.6 15  10   M    M  10 1      22 350
11  42  32  37   1  28   0 0.01    M    M  5.4 13 340   M    M   7 18     20 340
12  37  34  36   0  29   0 0.71    M    M  5.3 14  80   M    M   8 1      18  90
13  36  12  24 -12  41   0 0.03    M    M 13.2 22 320   M    M   8 1      30 310
14  26   9  18 -19  47   0 0.00    M    M  6.3 16 350   M    M   2        20 340
15  49  18  34  -3  31   0 0.00    M    M 10.1 25 200   M    M   3        34 200
16  54  34  44   7  21   0 0.00    M    M  3.0  9  50   M    M   4        13  50
17  58  35  47   9  18   0    T    M    M 10.1 22 180   M    M   9        28 190
18  53  29  41   3  24   0 0.01    M    M 10.7 22 340   M    M   8 18     31 340
19  46  25  36  -2  29   0 0.00    M    M  6.8 15  90   M    M   0        19  80
20  36  21  29 -10  36   0 0.00    M    M 11.8 21 340   M    M   3        33  10
21  41  16  29 -10  36   0 0.00    M    M  3.3  9 200   M    M   0        10 200
22  48  20  34  -5  31   0 0.00    M    M  7.9 18 200   M    M   0        23 180
23  56  40  48   8  17   0 0.01    M    M 11.3 20 190   M    M  10 1      25 200
24  49  43  46   6  19   0 0.32    M    M  7.2 14 160   M    M  10 12     21 170
================================================================================
SM 1132  695       640   0  3.29    M    215.0          M      141
================================================================================
AV 47.2 29.0                               9.0 FASTST   M    M   6    MAX(MPH)
                                 MISC ---->    33 200                 47 190
================================================================================
NOTES:
# LAST OF SEVERAL OCCURRENCES

COLUMN 17 PEAK WIND IN M.P.H.

PRELIMINARY LOCAL CLIMATOLOGICAL DATA (WS FORM: F-6) , PAGE 2

                                          STATION:   CARBONDALE IL
                                          MONTH:     FEBRUARY
                                          YEAR:      2020
                                          LATITUDE:   37 46 N
                                          LONGITUDE:  89 15 W

[TEMPERATURE DATA]      [PRECIPITATION DATA]       SYMBOLS USED IN COLUMN 16

AVERAGE MONTHLY: 38.1   TOTAL FOR MONTH:   3.29    1 = FOG OR MIST
DPTR FM NORMAL:   1.5   DPTR FM NORMAL:    0.91    2 = FOG REDUCING VISIBILITY
HIGHEST:    67 ON  2    GRTST 24HR  0.95 ON  9-10      TO 1/4 MILE OR LESS
LOWEST:      9 ON 14                               3 = THUNDER
                        SNOW, ICE PELLETS, HAIL    4 = ICE PELLETS
                        TOTAL MONTH:  M            5 = HAIL
                        GRTST 24HR    M  ON   M    6 = FREEZING RAIN OR DRIZZLE
                        GRTST DEPTH:  M  ON   M    7 = DUSTSTORM OR SANDSTORM:
                                                       VSBY 1/2 MILE OR LESS
                                                   8 = SMOKE OR HAZE
[NO. OF DAYS WITH]      [WEATHER - DAYS WITH]      9 = BLOWING SNOW
                                                   X = TORNADO
MAX 32 OR BELOW:   1    0.01 INCH OR MORE:  11
MAX 90 OR ABOVE:   0    0.10 INCH OR MORE:   6
MIN 32 OR BELOW:  14    0.50 INCH OR MORE:   3
MIN  0 OR BELOW:   0    1.00 INCH OR MORE:   0

[HDD (BASE 65) ]
TOTAL THIS MO.   640    CLEAR  (SCALE 0-3)   7
DPTR FM NORMAL   -42    PTCLDY (SCALE 4-7)   9
TOTAL FM JUL 1  3286    CLOUDY (SCALE 8-10)  8
DPTR FM NORMAL  -153

[CDD (BASE 65) ]
TOTAL THIS MO.     0
DPTR FM NORMAL     0    [PRESSURE DATA]
TOTAL FM JAN 1     0    HIGHEST SLP M ON M
DPTR FM NORMAL     0    LOWEST  SLP 29.58 ON  6

[REMARKS]
