000
CXUS53 KPAH 210634
CF6MDH
PRELIMINARY LOCAL CLIMATOLOGICAL DATA (WS FORM: F-6)

                                          STATION:   CARBONDALE IL
                                          MONTH:     SEPTEMBER
                                          YEAR:      2018
                                          LATITUDE:   37 46 N
                                          LONGITUDE:  89 15 W

  TEMPERATURE IN F:       :PCPN:    SNOW:  WIND      :SUNSHINE: SKY     :PK WND
================================================================================
1   2   3   4   5  6A  6B    7    8   9   10  11  12  13   14  15   16   17  18
                                     12Z  AVG MX 2MIN
DY MAX MIN AVG DEP HDD CDD  WTR  SNW DPTH SPD SPD DIR MIN PSBL S-S WX    SPD DR
================================================================================

 1  87  69  78   4   0  13 0.00  0.0    0  7.0 16 210   M    M   2        21 220
 2  89  68  79   6   0  14 0.00  0.0    0  4.5 16 180   M    M   1        23 170
 3  90  69  80   7   0  15 0.00  0.0    0  4.1 15 160   M    M   1 13     20 170
 4  90  68  79   6   0  14    T  0.0    0  4.3 15 190   M    M   2 12     20 180
 5  89  67  78   6   0  13 0.00    M    0  2.9 15 120   M    M   1 1      21 120
 6  89  68  79   7   0  14 0.78    M    0  3.2 24 140   M    M   6 13     38 140
 7  87  71  79   7   0  14 1.04    M    0  4.7 17  90   M    M   7 13     25 250
 8  76  63  70  -1   0   5 1.29  0.0    0  9.5 17 220   M    M  10 13     25 220
 9  66  60  63  -8   2   0 0.01    M    0  7.5 16 350   M    M  10 1      22 340
10  78  57  68  -2   0   3 0.00  0.0    0  3.7 13 350   M    M   4 12     17 340
11  79  55  67  -3   0   2 0.00  0.0    0  2.1  9 140   M    M   3 12     13 140
12  77  56  67  -3   0   2 0.00  0.0    0  2.3 10 100   M    M   2 12     14  20
13  85  62  74   5   0   9    T  0.0    0  1.2  7  60   M    M   0 1      10  40
14  89  62  76   7   0  11 0.00    M    M  1.5  8  10   M    M   1 12     11  20
15  88  63  76   8   0  11 0.00  0.0    0  3.5 12  30   M    M   0 12     17 360
16  89  64  77   9   0  12 0.00    M    M  2.6 12  50   M    M   1 12     18  80
17  90  63  77   9   0  12 0.00    M    M  1.2  8  80   M    M   3 12     10  80
18  90  65  78  11   0  13    M    M    M  2.9 28 250   M    M   1 12     36 270
19  86  65  76   9   0  11    M  0.0    0  3.8 14 170   M    M   4 12     20 180
20  91  68  80  14   0  15 0.00  0.0    0  5.5 15 190   M    M   1 12     22 180
================================================================================
SM 1705 1283         2 203  3.12     0.0  78.0          M       60
================================================================================
AV 85.3 64.2                               3.9 FASTST   M    M   3    MAX(MPH)
                                 MISC ---->  # 28 250               # 38  140
================================================================================
NOTES:
# LAST OF SEVERAL OCCURRENCES

COLUMN 17 PEAK WIND IN M.P.H.

PRELIMINARY LOCAL CLIMATOLOGICAL DATA (WS FORM: F-6) , PAGE 2

                                          STATION:  CARBONDALE IL
                                          MONTH:    SEPTEMBER
                                          YEAR:     2018
                                          LATITUDE:   37 46 N
                                          LONGITUDE:  89 15 W

[TEMPERATURE DATA]      [PRECIPITATION DATA]       SYMBOLS USED IN COLUMN 16

AVERAGE MONTHLY: 74.7   TOTAL FOR MONTH:   3.12    1 = FOG OR MIST
DPTR FM NORMAL:   4.5   DPTR FM NORMAL:    0.90    2 = FOG REDUCING VISIBILITY
HIGHEST:    91 ON 20    GRTST 24HR  1.29 ON  8- 8      TO 1/4 MILE OR LESS
LOWEST:     55 ON 11                               3 = THUNDER
                        SNOW, ICE PELLETS, HAIL    4 = ICE PELLETS
                        TOTAL MONTH:   0.0 INCH    5 = HAIL
                        GRTST 24HR     0.0         6 = FREEZING RAIN OR DRIZZLE
                        GRTST DEPTH:   0           7 = DUSTSTORM OR SANDSTORM:
                                                       VSBY 1/2 MILE OR LESS
                                                   8 = SMOKE OR HAZE
[NO. OF DAYS WITH]      [WEATHER - DAYS WITH]      9 = BLOWING SNOW
                                                   X = TORNADO
MAX 32 OR BELOW:   0    0.01 INCH OR MORE:   4
MAX 90 OR ABOVE:   5    0.10 INCH OR MORE:   3
MIN 32 OR BELOW:   0    0.50 INCH OR MORE:   3
MIN  0 OR BELOW:   0    1.00 INCH OR MORE:   2

[HDD (BASE 65) ]
TOTAL THIS MO.     2    CLEAR  (SCALE 0-3)  14
DPTR FM NORMAL   -10    PTCLDY (SCALE 4-7)   4
TOTAL FM JUL 1     2    CLOUDY (SCALE 8-10)  2
DPTR FM NORMAL   -11

[CDD (BASE 65) ]
TOTAL THIS MO.   203
DPTR FM NORMAL    87    [PRESSURE DATA]
TOTAL FM JAN 1  1624    HIGHEST SLP M ON M
DPTR FM NORMAL   311    LOWEST  SLP 29.71 ON  8

[REMARKS]
