000
CXUS55 KCTP 210800
CF6MDT
PRELIMINARY LOCAL CLIMATOLOGICAL DATA (WS FORM: F-6)

                                          STATION:   HARRISBURG PA
                                          MONTH:     OCTOBER
                                          YEAR:      2019
                                          LATITUDE:   40 11 N
                                          LONGITUDE:  76 46 W

  TEMPERATURE IN F:       :PCPN:    SNOW:  WIND      :SUNSHINE: SKY     :PK WND
================================================================================
1   2   3   4   5  6A  6B    7    8   9   10  11  12  13   14  15   16   17  18
                                     12Z  AVG MX 2MIN
DY MAX MIN AVG DEP HDD CDD  WTR  SNW DPTH SPD SPD DIR MIN PSBL S-S WX    SPD DR
================================================================================

 1  87  66  77  17   0  12 0.00  0.0    0  3.8 10 190   M    M   6        13 190
 2  93  68  81  22   0  16 0.01  0.0    0  4.9 20 280   M    M   5 18     25 280
 3  72  59  66   7   0   1 0.18  0.0    0  5.0 12  80   M    M   9 1      17  60
 4  71  46  59   1   6   0 0.00  0.0    0  8.0 20  10   M    M   4 1      27 350
 5  65  40  53  -5  12   0 0.00  0.0    0  6.7 17 150   M    M   3        25 140
 6  67  54  61   3   4   0 0.53  0.0    0  4.0 12 110   M    M  10 18     15 120
 7  72  57  65   8   0   0 0.61  0.0    0  6.1 16 310   M    M  10 1      19 300
 8  66  54  60   3   5   0 0.11  0.0    0  4.9 13  80   M    M   9        22  40
 9  68  54  61   5   4   0 0.07  0.0    0  6.0 16 100   M    M   6        21  40
10  73  48  61   5   4   0    T  0.0    0  6.4 12 280   M    M   3        17 260
11  73  49  61   5   4   0 0.00  0.0    0  6.1 13 310   M    M   1        16 280
12  66  47  57   1   8   0    T  0.0    0  3.4 17 310   M    M   5        20 310
13  65  39  52  -3  13   0 0.00  0.0    0  2.9 10 170   M    M   6        15 160
14  72  45  59   4   6   0 0.00  0.0    0  3.7 23 290   M    M   1        28 290
15  68  44  56   2   9   0 0.00  0.0    0  3.1  8 150   M    M   4        10 150
16  62  51  57   3   8   0 1.25  0.0    0 10.8 29 320   M    M   8 18     36 310
17  59  51  55   1  10   0 0.00  0.0    0 22.5 36 300   M    M   9        50 320
18  62  44  53  -1  12   0 0.00  0.0    0 11.6 23 310   M    M   4 8      29 310
19  64  37  51  -2  14   0 0.00  0.0    0  2.1  8 200   M    M   4        11 190
20  56  47  52  -1  13   0 0.32  0.0    0  4.5  9 320   M    M   9 1      13  30
================================================================================
SM 1381 1000       132  29  3.08  0.0    126.5          M      116
================================================================================
AV 69.1 50.0                               6.3 FASTST   M    M   6    MAX(MPH)
                                 MISC ---->    36 300                 50 320
================================================================================
NOTES:
# LAST OF SEVERAL OCCURRENCES

COLUMN 17 PEAK WIND IN M.P.H.

PRELIMINARY LOCAL CLIMATOLOGICAL DATA (WS FORM: F-6) , PAGE 2

                                          STATION:   HARRISBURG PA
                                          MONTH:     OCTOBER
                                          YEAR:      2019
                                          LATITUDE:   40 11 N
                                          LONGITUDE:  76 46 W

[TEMPERATURE DATA]      [PRECIPITATION DATA]       SYMBOLS USED IN COLUMN 16

AVERAGE MONTHLY: 59.5   TOTAL FOR MONTH:   3.08    1 = FOG OR MIST
DPTR FM NORMAL:   3.4   DPTR FM NORMAL:    0.83    2 = FOG REDUCING VISIBILITY
HIGHEST:    93 ON  2    GRTST 24HR  1.25 ON 15-16      TO 1/4 MILE OR LESS
LOWEST:     37 ON 19                               3 = THUNDER
                        SNOW, ICE PELLETS, HAIL    4 = ICE PELLETS
                        TOTAL MONTH:   0.0 INCH    5 = HAIL
                        GRTST 24HR  0.0            6 = FREEZING RAIN OR DRIZZLE
                        GRTST DEPTH:  0            7 = DUSTSTORM OR SANDSTORM:
                                                       VSBY 1/2 MILE OR LESS
                                                   8 = SMOKE OR HAZE
[NO. OF DAYS WITH]      [WEATHER - DAYS WITH]      9 = BLOWING SNOW
                                                   X = TORNADO
MAX 32 OR BELOW:   0    0.01 INCH OR MORE:   8
MAX 90 OR ABOVE:   1    0.10 INCH OR MORE:   6
MIN 32 OR BELOW:   0    0.50 INCH OR MORE:   3
MIN  0 OR BELOW:   0    1.00 INCH OR MORE:   1

[HDD (BASE 65) ]
TOTAL THIS MO.   132    CLEAR  (SCALE 0-3)   4
DPTR FM NORMAL   -54    PTCLDY (SCALE 4-7)   9
TOTAL FM JUL 1   135    CLOUDY (SCALE 8-10)  7
DPTR FM NORMAL  -123

[CDD (BASE 65) ]
TOTAL THIS MO.    29
DPTR FM NORMAL    19    [PRESSURE DATA]
TOTAL FM JAN 1  1445    HIGHEST SLP M ON M
DPTR FM NORMAL   442    LOWEST  SLP 29.46 ON 17

[REMARKS]
