000
CXUS51 KCTP 210700
CF6MDT
PRELIMINARY LOCAL CLIMATOLOGICAL DATA (WS FORM: F-6)

                                          STATION:   HARRISBURG PA
                                          MONTH:     MARCH
                                          YEAR:      2019
                                          LATITUDE:   40 11 N
                                          LONGITUDE:  76 46 W

  TEMPERATURE IN F:       :PCPN:    SNOW:  WIND      :SUNSHINE: SKY     :PK WND
================================================================================
1   2   3   4   5  6A  6B    7    8   9   10  11  12  13   14  15   16   17  18
                                     12Z  AVG MX 2MIN
DY MAX MIN AVG DEP HDD CDD  WTR  SNW DPTH SPD SPD DIR MIN PSBL S-S WX    SPD DR
================================================================================

 1  34  27  31  -6  34   0 0.42  4.2    4  5.9 13 120   M    M  10 1468   17 140
 2  41  32  37   0  28   0 0.24  1.2    5  2.7  9 290   M    M   9 168    12 290
 3  38  32  35  -3  30   0 0.69  6.8    2  4.2 12 300   M    M   9 128    15 280
 4  35  22  29  -9  36   0    T    T    8 12.4 23 300   M    M   5 1      28 310
 5  32  16  24 -14  41   0 0.00  0.0    5 11.8 26 300   M    M   3        33 290
 6  26  17  22 -16  43   0    T    T    5 13.3 24 300   M    M   4 8      31 250
 7  35  20  28 -11  37   0    T    T    4  7.0 20 300   M    M   7        24 300
 8  35  17  26 -13  39   0    T    T    3  3.1 12 120   M    M   9 18     16 120
 9  44  31  38  -1  27   0 0.10  0.0    2  4.6 12 120   M    M   7 18     14 120
10  46  35  41   1  24   0 0.72  0.0    0  3.7 16 120   M    M  10 128    19 120
11  55  33  44   4  21   0 0.00  0.0    0 11.7 25 320   M    M   5 12     32 320
12  48  29  39  -1  26   0 0.00  0.0    0  9.8 25 310   M    M   1        33 300
13  56  27  42   1  23   0 0.00  0.0    0  4.9 16 180   M    M   6        20 180
14  65  37  51  10  14   0 0.00  0.0    0  7.1 15 130   M    M   7        19 130
15  74  50  62  21   3   0    T  0.0    0 13.3 32 310   M    M   7        40 310
16  50  35  43   1  22   0 0.00  0.0    0 16.7 30 300   M    M   8        38 310
17  47  30  39  -3  26   0 0.00  0.0    0  7.5 20 310   M    M   3        25 320
18  47  31  39  -3  26   0 0.00  0.0    0  3.6 12 290   M    M   8        16 330
19  50  26  38  -5  27   0 0.00  0.0    0  3.7 14 290   M    M   1        17 290
20  54  27  41  -2  24   0 0.00  0.0    0  7.0 15 180   M    M   7        20 150
================================================================================
SM  912  574       551   0  2.17    12.2 154.0          M      126
================================================================================
AV 45.6 28.7                               7.7 FASTST   M    M   6    MAX(MPH)
                                 MISC ---->  # 32 310               # 40  310
================================================================================
NOTES:
# LAST OF SEVERAL OCCURRENCES

COLUMN 17 PEAK WIND IN M.P.H.

PRELIMINARY LOCAL CLIMATOLOGICAL DATA (WS FORM: F-6) , PAGE 2

                                          STATION:  HARRISBURG PA
                                          MONTH:    MARCH
                                          YEAR:     2019
                                          LATITUDE:   40 11 N
                                          LONGITUDE:  76 46 W

[TEMPERATURE DATA]      [PRECIPITATION DATA]       SYMBOLS USED IN COLUMN 16

AVERAGE MONTHLY: 37.2   TOTAL FOR MONTH:   2.17    1 = FOG OR MIST
DPTR FM NORMAL:  -2.8   DPTR FM NORMAL:    0.06    2 = FOG REDUCING VISIBILITY
HIGHEST:    74 ON 15    GRTST 24HR  0.72 ON 10-10      TO 1/4 MILE OR LESS
LOWEST:     16 ON  5                               3 = THUNDER
                        SNOW, ICE PELLETS, HAIL    4 = ICE PELLETS
                        TOTAL MONTH:  12.2 INCHES  5 = HAIL
                        GRTST 24HR   6.8 ON  3- 3  6 = FREEZING RAIN OR DRIZZLE
                        GRTST DEPTH:   8 ON  4     7 = DUSTSTORM OR SANDSTORM:
                                                       VSBY 1/2 MILE OR LESS
                                                   8 = SMOKE OR HAZE
[NO. OF DAYS WITH]      [WEATHER - DAYS WITH]      9 = BLOWING SNOW
                                                   X = TORNADO
MAX 32 OR BELOW:   2    0.01 INCH OR MORE:   5
MAX 90 OR ABOVE:   0    0.10 INCH OR MORE:   5
MIN 32 OR BELOW:  15    0.50 INCH OR MORE:   2
MIN  0 OR BELOW:   0    1.00 INCH OR MORE:   0

[HDD (BASE 65) ]
TOTAL THIS MO.   551    CLEAR  (SCALE 0-3)   3
DPTR FM NORMAL    48    PTCLDY (SCALE 4-7)  11
TOTAL FM JUL 1  4325    CLOUDY (SCALE 8-10)  6
DPTR FM NORMAL  -166

[CDD (BASE 65) ]
TOTAL THIS MO.     0
DPTR FM NORMAL     0    [PRESSURE DATA]
TOTAL FM JAN 1     0    HIGHEST SLP M ON M
DPTR FM NORMAL     0    LOWEST  SLP 29.65 ON 15

[REMARKS]
