000
CXUS51 KCTP 200800
CF6MDT
PRELIMINARY LOCAL CLIMATOLOGICAL DATA (WS FORM: F-6)

                                          STATION:   HARRISBURG PA
                                          MONTH:     APRIL
                                          YEAR:      2024
                                          LATITUDE:   40 11 N
                                          LONGITUDE:  76 46 W

  TEMPERATURE IN F:       :PCPN:    SNOW:  WIND      :SUNSHINE: SKY     :PK WND
================================================================================
1   2   3   4   5  6A  6B    7    8   9   10  11  12  13   14  15   16   17  18
                                     12Z  AVG MX 2MIN
DY MAX MIN AVG DEP HDD CDD  WTR  SNW DPTH SPD SPD DIR MIN PSBL S-S WX    SPD DR
================================================================================

 1  53  45  49   2  16   0 0.69  0.0    0  4.1 18 140   M    M  10 18     25 140
 2  50  46  48   0  17   0 1.18  0.0    0 10.2 22 120   M    M  10 1      29  80
 3  47  43  45  -3  20   0 1.36  0.0    0 10.6 26 110   M    M  10 13     36 100
 4  53  38  46  -3  19   0 0.01  0.0    0  6.9 32 290   M    M   7 12     39 280
 5  47  40  44  -5  21   0    T  0.0    0 13.7 25 300   M    M   8        32 310
 6  58  40  49   0  16   0    T  0.0    0 12.7 23 340   M    M   8        33 340
 7  63  39  51   1  14   0 0.00  0.0    0  8.0 18 360   M    M   4        32  20
 8  67  35  51   1  14   0 0.00  0.0    0  3.3  9 120   M    M   6        13  80
 9  78  39  59   8   6   0 0.00  0.0    0  4.4 15 140   M    M   6        20 180
10  72  53  63  12   2   0    T  0.0    0  1.4  8 120   M    M   8 8      11  40
11  71  59  65  14   0   0 0.36  0.0    0 12.5 26 140   M    M  10 1      37 180
12  66  51  59   7   6   0 0.38  0.0    0 16.1 28 270   M    M  10 1      43 260
13  61  47  54   2  11   0 0.02  0.0    0 19.6 37 290   M    M   7        46 280
14  80  40  60   7   5   0 0.21  0.0    0 10.2 37 330   M    M   4 3      49 320
15  80  56  68  15   0   3    T  0.0    0  7.0 20 300   M    M   5 3      27  10
16  75  45  60   7   5   0 0.00  0.0    0  2.9 10 300   M    M   3        14 320
17  69  41  55   1  10   0 0.07  0.0    0  7.8 20 120   M    M   8 1      26 130
18  63  51  57   3   8   0    T  0.0    0  6.4 16 120   M    M   9 18     20 120
19  54  47  51  -4  14   0 0.03  0.0    0  7.9 14 120   M    M  10 1      18 120
================================================================================
SM 1207  855       204   3  4.31  0.0    165.7          M      143
================================================================================
AV 63.5 45.0                               8.7 FASTST   M    M   8    MAX(MPH)
                                 MISC ---->  # 37 290                 49 320
================================================================================
NOTES:
# LAST OF SEVERAL OCCURRENCES

COLUMN 17 PEAK WIND IN M.P.H.

PRELIMINARY LOCAL CLIMATOLOGICAL DATA (WS FORM: F-6) , PAGE 2

                                          STATION:   HARRISBURG PA
                                          MONTH:     APRIL
                                          YEAR:      2024
                                          LATITUDE:   40 11 N
                                          LONGITUDE:  76 46 W

[TEMPERATURE DATA]      [PRECIPITATION DATA]       SYMBOLS USED IN COLUMN 16

AVERAGE MONTHLY: 54.3   TOTAL FOR MONTH:   4.31    1 = FOG OR MIST
DPTR FM NORMAL:   3.3   DPTR FM NORMAL:    2.11    2 = FOG REDUCING VISIBILITY
HIGHEST:    80 ON 15,14  GRTST 24HR  1.65 ON  2- 3      TO 1/4 MILE OR LESS
LOWEST:     35 ON  8                               3 = THUNDER
                        SNOW, ICE PELLETS, HAIL    4 = ICE PELLETS
                        TOTAL MONTH:   0.0 INCH    5 = HAIL
                        GRTST 24HR  0.0            6 = FREEZING RAIN OR DRIZZLE
                        GRTST DEPTH:  0            7 = DUSTSTORM OR SANDSTORM:
                                                       VSBY 1/2 MILE OR LESS
                                                   8 = SMOKE OR HAZE
[NO. OF DAYS WITH]      [WEATHER - DAYS WITH]      9 = BLOWING SNOW
                                                   X = TORNADO
MAX 32 OR BELOW:   0    0.01 INCH OR MORE:  10
MAX 90 OR ABOVE:   0    0.10 INCH OR MORE:   6
MIN 32 OR BELOW:   0    0.50 INCH OR MORE:   3
MIN  0 OR BELOW:   0    1.00 INCH OR MORE:   2

[HDD (BASE 65) ]
TOTAL THIS MO.   204    CLEAR  (SCALE 0-3)   1
DPTR FM NORMAL   -64    PTCLDY (SCALE 4-7)   8
TOTAL FM JUL 1  4054    CLOUDY (SCALE 8-10) 10
DPTR FM NORMAL  -741

[CDD (BASE 65) ]
TOTAL THIS MO.     3
DPTR FM NORMAL     3    [PRESSURE DATA]
TOTAL FM JAN 1     3    HIGHEST SLP M ON M
DPTR FM NORMAL     2    LOWEST  SLP 29.23 ON 12

[REMARKS]
