000
CXUS51 KCTP 190700
CF6MDT
PRELIMINARY LOCAL CLIMATOLOGICAL DATA (WS FORM: F-6)

                                          STATION:   HARRISBURG PA
                                          MONTH:     NOVEMBER
                                          YEAR:      2018
                                          LATITUDE:   40 11 N
                                          LONGITUDE:  76 46 W

  TEMPERATURE IN F:       :PCPN:    SNOW:  WIND      :SUNSHINE: SKY     :PK WND
================================================================================
1   2   3   4   5  6A  6B    7    8   9   10  11  12  13   14  15   16   17  18
                                     12Z  AVG MX 2MIN
DY MAX MIN AVG DEP HDD CDD  WTR  SNW DPTH SPD SPD DIR MIN PSBL S-S WX    SPD DR
================================================================================

 1  74  50  62  13   3   0    T  0.0    0  7.2 26 190   M    M   7 18     37 190
 2  69  54  62  13   3   0 1.96  0.0    0  6.5 20 270   M    M  10 1      24 200
 3  56  38  47  -2  18   0    T  0.0    0 12.3 26 290   M    M   6        35 300
 4  56  35  46  -2  19   0 0.00  0.0    0  4.3 10 110   M    M   4        13 110
 5  52  46  49   1  16   0 0.98  0.0    0  5.8 14 300   M    M  10 18     17 300
 6  60  50  55   7  10   0 0.64  0.0    0  6.2 14 290   M    M   8 1      20 300
 7  61  42  52   5  13   0 0.00  0.0    0  7.2 20 290   M    M   4        26 290
 8  54  38  46  -1  19   0 0.00  0.0    0  4.4 13 310   M    M   3        17 320
 9  46  37  42  -5  23   0 0.80  0.0    0  6.0 14 300   M    M   9 1      18 120
10  45  32  39  -7  26   0    T  0.0    0 15.7 32 290   M    M   3        39 270
11  46  30  38  -8  27   0 0.00  0.0    0  6.6 16 290   M    M   0        21 290
12  48  29  39  -7  26   0 0.28  0.0    0  4.5 12 200   M    M   8 1      14 200
13  45  39  42  -3  23   0 0.55  0.0    0 11.9 29 300   M    M  10 1      38 310
14  42  34  38  -7  27   0 0.00  0.0    0  9.4 18 310   M    M   9        25 350
15  34  28  31 -13  34   0 1.30  8.3    0  6.9 15  70   M    M  10 12456  24  70
16  42  33  38  -6  27   0 0.30  0.5    5 10.4 21 280   M    M   9 15     27 260
17  46  36  41  -3  24   0 0.00  0.0    2  8.2 20 300   M    M   7        26 300
18  44  34  39  -4  26   0 0.00  0.0    T  3.9  9 120   M    M   9 18     11 130
================================================================================
SM  920  685       364   0  6.81     8.8 137.4          M      126
================================================================================
AV 51.1 38.1                               7.6 FASTST   M    M   7    MAX(MPH)
                                 MISC ---->  # 32 290               # 39  270
================================================================================
NOTES:
# LAST OF SEVERAL OCCURRENCES

COLUMN 17 PEAK WIND IN M.P.H.

PRELIMINARY LOCAL CLIMATOLOGICAL DATA (WS FORM: F-6) , PAGE 2

                                          STATION:  HARRISBURG PA
                                          MONTH:    NOVEMBER
                                          YEAR:     2018
                                          LATITUDE:   40 11 N
                                          LONGITUDE:  76 46 W

[TEMPERATURE DATA]      [PRECIPITATION DATA]       SYMBOLS USED IN COLUMN 16

AVERAGE MONTHLY: 44.6   TOTAL FOR MONTH:   6.81    1 = FOG OR MIST
DPTR FM NORMAL:  -1.8   DPTR FM NORMAL:    4.98    2 = FOG REDUCING VISIBILITY
HIGHEST:    74 ON  1    GRTST 24HR  1.96 ON  2- 2      TO 1/4 MILE OR LESS
LOWEST:     28 ON 15                               3 = THUNDER
                        SNOW, ICE PELLETS, HAIL    4 = ICE PELLETS
                        TOTAL MONTH:   8.8 INCHES  5 = HAIL
                        GRTST 24HR   8.3 ON 15-15  6 = FREEZING RAIN OR DRIZZLE
                        GRTST DEPTH:   5 ON 16     7 = DUSTSTORM OR SANDSTORM:
                                                       VSBY 1/2 MILE OR LESS
                                                   8 = SMOKE OR HAZE
[NO. OF DAYS WITH]      [WEATHER - DAYS WITH]      9 = BLOWING SNOW
                                                   X = TORNADO
MAX 32 OR BELOW:   0    0.01 INCH OR MORE:   8
MAX 90 OR ABOVE:   0    0.10 INCH OR MORE:   8
MIN 32 OR BELOW:   4    0.50 INCH OR MORE:   6
MIN  0 OR BELOW:   0    1.00 INCH OR MORE:   2

[HDD (BASE 65) ]
TOTAL THIS MO.   364    CLEAR  (SCALE 0-3)   2
DPTR FM NORMAL    29    PTCLDY (SCALE 4-7)   8
TOTAL FM JUL 1   680    CLOUDY (SCALE 8-10)  8
DPTR FM NORMAL   -67

[CDD (BASE 65) ]
TOTAL THIS MO.     0
DPTR FM NORMAL     0    [PRESSURE DATA]
TOTAL FM JAN 1  1382    HIGHEST SLP M ON M
DPTR FM NORMAL   380    LOWEST  SLP 29.53 ON  2

[REMARKS]
