000
CXUS51 KCTP 210700
CF6MDT
PRELIMINARY LOCAL CLIMATOLOGICAL DATA (WS FORM: F-6)

                                          STATION:   HARRISBURG PA
                                          MONTH:     JANUARY
                                          YEAR:      2019
                                          LATITUDE:   40 11 N
                                          LONGITUDE:  76 46 W

  TEMPERATURE IN F:       :PCPN:    SNOW:  WIND      :SUNSHINE: SKY     :PK WND
================================================================================
1   2   3   4   5  6A  6B    7    8   9   10  11  12  13   14  15   16   17  18
                                     12Z  AVG MX 2MIN
DY MAX MIN AVG DEP HDD CDD  WTR  SNW DPTH SPD SPD DIR MIN PSBL S-S WX    SPD DR
================================================================================

 1  55  39  47  16  18   0 0.00  0.0    0 11.6 32 300   M    M   8 12     41 300
 2  43  35  39   8  26   0 0.00  0.0    0  4.4 13 150   M    M  10        16 160
 3  42  27  35   4  30   0    T  0.0    0  5.8 26 310   M    M   6        35 340
 4  43  26  35   5  30   0 0.05  0.0    0  1.2  7 130   M    M   9 18      9  30
 5  48  37  43  13  22   0 0.10  0.0    0  7.4 17 300   M    M   7 1      23 300
 6  50  32  41  11  24   0 0.00  0.0    0 12.7 32 310   M    M   3        41 310
 7  35  27  31   1  34   0 0.04  0.1    0  7.0 18 140   M    M   8 46     23 140
 8  42  33  38   8  27   0 0.16  0.0    0  4.4 17 300   M    M   9 1468   22 300
 9  45  31  38   8  27   0 0.02    T    0 18.2 29 290   M    M   7 18     39 300
10  37  28  33   3  32   0 0.00  0.0    0 24.8 33 300   M    M   7        45 290
11  35  21  28  -2  37   0 0.00  0.0    0 11.3 22 300   M    M   3        27 330
12  33  19  26  -4  39   0 0.09  1.0    0  2.3  8 120   M    M   7 1      12 220
13  32  26  29  -1  36   0 0.07  0.8    2  4.2 10  40   M    M  10 18     18  40
14  35  14  25  -5  40   0 0.00  0.0    1  3.8  9 320   M    M   2        12 330
15  37  22  30   0  35   0 0.00  0.0    T  5.3 16 320   M    M   3 18     19 310
16  38  22  30   0  35   0 0.00  0.0    0  7.8 24 300   M    M  10        28 300
17  36  26  31   1  34   0 0.07  0.9    0  6.8 16 340   M    M   9 18     21 340
18  36  27  32   2  33   0 0.03  0.3    2  2.9  8 310   M    M  10 18     10 100
19  36  31  34   4  31   0 0.88  2.8    T  6.2 15 110   M    M  10 1468   20 120
20  38  12  25  -5  40   0 0.72    T    1 17.6 35 320   M    M   8 1      45 320
================================================================================
SM  796  535       630   0  2.23     5.9 165.7          M      146
================================================================================
AV 39.8 26.8                               8.3 FASTST   M    M   7    MAX(MPH)
                                 MISC ---->  # 35 320               # 45  290
================================================================================
NOTES:
# LAST OF SEVERAL OCCURRENCES

COLUMN 17 PEAK WIND IN M.P.H.

PRELIMINARY LOCAL CLIMATOLOGICAL DATA (WS FORM: F-6) , PAGE 2

                                          STATION:  HARRISBURG PA
                                          MONTH:    JANUARY
                                          YEAR:     2019
                                          LATITUDE:   40 11 N
                                          LONGITUDE:  76 46 W

[TEMPERATURE DATA]      [PRECIPITATION DATA]       SYMBOLS USED IN COLUMN 16

AVERAGE MONTHLY: 33.3   TOTAL FOR MONTH:   2.23    1 = FOG OR MIST
DPTR FM NORMAL:   3.1   DPTR FM NORMAL:    0.34    2 = FOG REDUCING VISIBILITY
HIGHEST:    55 ON  1    GRTST 24HR  0.89 ON 31- 1      TO 1/4 MILE OR LESS
LOWEST:     12 ON 20                               3 = THUNDER
                        SNOW, ICE PELLETS, HAIL    4 = ICE PELLETS
                        TOTAL MONTH:   5.9 INCHES  5 = HAIL
                        GRTST 24HR   2.8 ON 19-19  6 = FREEZING RAIN OR DRIZZLE
                        GRTST DEPTH:   2 ON 18,13  7 = DUSTSTORM OR SANDSTORM:
                                                       VSBY 1/2 MILE OR LESS
                                                   8 = SMOKE OR HAZE
[NO. OF DAYS WITH]      [WEATHER - DAYS WITH]      9 = BLOWING SNOW
                                                   X = TORNADO
MAX 32 OR BELOW:   1    0.01 INCH OR MORE:  11
MAX 90 OR ABOVE:   0    0.10 INCH OR MORE:   4
MIN 32 OR BELOW:  16    0.50 INCH OR MORE:   2
MIN  0 OR BELOW:   0    1.00 INCH OR MORE:   0

[HDD (BASE 65) ]
TOTAL THIS MO.   630    CLEAR  (SCALE 0-3)   4
DPTR FM NORMAL   -67    PTCLDY (SCALE 4-7)   7
TOTAL FM JUL 1  2490    CLOUDY (SCALE 8-10)  9
DPTR FM NORMAL  -208

[CDD (BASE 65) ]
TOTAL THIS MO.     0
DPTR FM NORMAL     0    [PRESSURE DATA]
TOTAL FM JAN 1     0    HIGHEST SLP M ON M
DPTR FM NORMAL     0    LOWEST  SLP 29.37 ON 20

[REMARKS]
