000
CXUS51 KCLE 190800
CF6MFD
PRELIMINARY LOCAL CLIMATOLOGICAL DATA (WS FORM: F-6)

                                          STATION:   MANSFIELD OH
                                          MONTH:     OCTOBER
                                          YEAR:      2019
                                          LATITUDE:   40 49 N
                                          LONGITUDE:  82 31 W

  TEMPERATURE IN F:       :PCPN:    SNOW:  WIND      :SUNSHINE: SKY     :PK WND
================================================================================
1   2   3   4   5  6A  6B    7    8   9   10  11  12  13   14  15   16   17  18
                                     12Z  AVG MX 2MIN
DY MAX MIN AVG DEP HDD CDD  WTR  SNW DPTH SPD SPD DIR MIN PSBL S-S WX    SPD DR
================================================================================

 1  90  68  79  22   0  14 0.00  0.0    0  6.6 17 240   M    M   1 8      22 240
 2  87  67  77  21   0  12 0.19  0.0    0  8.1 18 320   M    M   4 18     22 330
 3  85  58  72  16   0   7 0.00  0.0    0  9.8 17 260   M    M   4 1      27 250
 4  64  51  58   2   7   0 0.00  0.0    0  9.7 17  10   M    M  10        22 350
 5  70  43  57   2   8   0 0.00  0.0    0  7.5 15 120   M    M   2        18 120
 6  74  57  66  11   0   1 0.27  0.0    0  8.5 21 220   M    M   6        26 220
 7  64  48  56   1   9   0    T  0.0    0  3.9  8 230   M    M   1        10 250
 8  68  42  55   1  10   0 0.00  0.0    0  5.7 15 120   M    M   0        20 100
 9  70  47  59   5   6   0 0.00  0.0    0  5.4 12 110   M    M   0 8      16  70
10  77  47  62   8   3   0 0.00  0.0    0  5.5 12 100   M    M   1 8      15 160
11  80  52  66  13   0   1 0.01  0.0    0 10.6 22 200   M    M   4 18     31 180
12  53  36  45  -8  20   0 0.10  0.0    0 10.5 18 210   M    M   3 1      23 230
13  66  37  52  -1  13   0 0.00  0.0    0 12.0 25 190   M    M   0        32 190
14  59  40  50  -2  15   0 0.00  0.0    0  5.8 17 230   M    M   0 18     25 240
15  71  37  54   2  11   0 0.00  0.0    0  9.5 22 150   M    M   1 8      26 150
16  64  46  55   3  10   0 0.27  0.0    0 13.0 20 240   M    M   9 18     31 270
17  53  41  47  -4  18   0 0.00  0.0    0 10.1 18 310   M    M   9        26 250
18  58  38  48  -3  17   0 0.00  0.0    0  3.4 10 360   M    M   1        15  10
================================================================================
SM 1253  855       147  35  0.84     0.0 145.6          M       56
================================================================================
AV 69.6 47.5                               8.1 FASTST   M    M   3    MAX(MPH)
                                 MISC ---->  # 25 190               # 32  190
================================================================================
NOTES:
# LAST OF SEVERAL OCCURRENCES

COLUMN 17 PEAK WIND IN M.P.H.

PRELIMINARY LOCAL CLIMATOLOGICAL DATA (WS FORM: F-6) , PAGE 2

                                          STATION:  MANSFIELD OH
                                          MONTH:    OCTOBER
                                          YEAR:     2019
                                          LATITUDE:   40 49 N
                                          LONGITUDE:  82 31 W

[TEMPERATURE DATA]      [PRECIPITATION DATA]       SYMBOLS USED IN COLUMN 16

AVERAGE MONTHLY: 58.6   TOTAL FOR MONTH:   0.84    1 = FOG OR MIST
DPTR FM NORMAL:   4.7   DPTR FM NORMAL:   -0.85    2 = FOG REDUCING VISIBILITY
HIGHEST:    90 ON  1    GRTST 24HR  1.49 ON 30- 1      TO 1/4 MILE OR LESS
LOWEST:     36 ON 12                               3 = THUNDER
                        SNOW, ICE PELLETS, HAIL    4 = ICE PELLETS
                        TOTAL MONTH:   0.0 INCH    5 = HAIL
                        GRTST 24HR     0.0         6 = FREEZING RAIN OR DRIZZLE
                        GRTST DEPTH:   0           7 = DUSTSTORM OR SANDSTORM:
                                                       VSBY 1/2 MILE OR LESS
                                                   8 = SMOKE OR HAZE
[NO. OF DAYS WITH]      [WEATHER - DAYS WITH]      9 = BLOWING SNOW
                                                   X = TORNADO
MAX 32 OR BELOW:   0    0.01 INCH OR MORE:   5
MAX 90 OR ABOVE:   1    0.10 INCH OR MORE:   4
MIN 32 OR BELOW:   0    0.50 INCH OR MORE:   0
MIN  0 OR BELOW:   0    1.00 INCH OR MORE:   0

[HDD (BASE 65) ]
TOTAL THIS MO.   147    CLEAR  (SCALE 0-3)  11
DPTR FM NORMAL   -61    PTCLDY (SCALE 4-7)   4
TOTAL FM JUL 1   154    CLOUDY (SCALE 8-10)  3
DPTR FM NORMAL  -204

[CDD (BASE 65) ]
TOTAL THIS MO.    35
DPTR FM NORMAL    30    [PRESSURE DATA]
TOTAL FM JAN 1   979    HIGHEST SLP M ON M
DPTR FM NORMAL   349    LOWEST  SLP 29.61 ON 16

[REMARKS]
