757
CXUS53 KGRB 220701
CF6MFI
PRELIMINARY LOCAL CLIMATOLOGICAL DATA (WS FORM: F-6)

                                          STATION:   MARSHFIELD WI
                                          MONTH:     OCTOBER
                                          YEAR:      2019
                                          LATITUDE:   44 37 N
                                          LONGITUDE:  90 11 W

  TEMPERATURE IN F:       :PCPN:    SNOW:  WIND      :SUNSHINE: SKY     :PK WND
================================================================================
1   2   3   4   5  6A  6B    7    8   9   10  11  12  13   14  15   16   17  18
                                     12Z  AVG MX 2MIN
DY MAX MIN AVG DEP HDD CDD  WTR  SNW DPTH SPD SPD DIR MIN PSBL S-S WX    SPD DR
================================================================================

 1  74  53  64  12   1   0 1.18  0.0    0  9.5 20  70   M    M   8 13     28  60
 2  53  46  50  -2  15   0 0.25  0.0    0 11.6 18  90   M    M  10 1      26  80
 3  55  42  49  -3  16   0    T  0.0    0 11.6 24 320   M    M  10 18     33 290
 4  49  43  46  -5  19   0 0.00  0.0    0  6.4 13 120   M    M  10 1      17 120
 5  53  43  48  -3  17   0 0.44  0.0    0 12.9 23 130   M    M   9 1      36 130
 6  63  43  53   3  12   0 0.00  0.0    0 11.5 24 250   M    M   2        36 270
 7  63  41  52   2  13   0 0.00  0.0    0  6.6 20 310   M    M   1 1      26 320
 8  68  39  54   4  11   0 0.00  0.0    0  8.1 22 190   M    M   0 1      30 190
 9  69  45  57   8   8   0 0.00  0.0    0 10.1 24 190   M    M   0        33 170
10  67  49  58   9   7   0    T  0.0    0 12.0 22 150   M    M   6 1      33 150
11  63  35  49   0  16   0 0.05  0.0    0 16.7 26 250   M    M  10 1      41 260
12  38  29  34 -14  31   0    T    M    0 15.6 25 230   M    M   9 18     36 230
13  41  33  37 -11  28   0 0.04    M    0 10.2 23 300   M    M   8 18     34 290
14  50  30  40  -7  25   0 0.00  0.0    0  6.2 14 270   M    M   4        20 250
15  49  37  43  -4  22   0 0.23    M    0 12.6 26 310   M    M  10 13     35 310
16  50  39  45  -2  20   0 0.00  0.0    0 12.3 24 330   M    M   9        34 340
17  51  35  43  -3  22   0 0.00  0.0    0  3.2  8 300   M    M   7 8      10 290
18  59  36  48   2  17   0 0.00  0.0    0 12.4 25 150   M    M   0        32 140
19  54  44  49   3  16   0 0.05  0.0    0  6.8 15 240   M    M   7 12     19 240
20  62  41  52   7  13   0 0.00  0.0    0  3.9  9  70   M    M   5 12     12 170
21  61  45  53   8  12   0    M  0.0    0 15.7 22 200   M    M   7 1      38 100
================================================================================
SM 1192  848       341   0  2.24     0.0 215.9          M      132
================================================================================
AV 56.8 40.4                              10.3 FASTST   M    M   6    MAX(MPH)
                                 MISC ---->  # 26 250               # 41  260
================================================================================
NOTES:
# LAST OF SEVERAL OCCURRENCES

COLUMN 17 PEAK WIND IN M.P.H.

PRELIMINARY LOCAL CLIMATOLOGICAL DATA (WS FORM: F-6) , PAGE 2

                                          STATION:  MARSHFIELD WI
                                          MONTH:    OCTOBER
                                          YEAR:     2019
                                          LATITUDE:   44 37 N
                                          LONGITUDE:  90 11 W

[TEMPERATURE DATA]      [PRECIPITATION DATA]       SYMBOLS USED IN COLUMN 16

AVERAGE MONTHLY: 48.6   TOTAL FOR MONTH:   2.24    1 = FOG OR MIST
DPTR FM NORMAL:  -0.0   DPTR FM NORMAL:    0.82    2 = FOG REDUCING VISIBILITY
HIGHEST:    74 ON  1    GRTST 24HR  1.18 ON  1- 1      TO 1/4 MILE OR LESS
LOWEST:     29 ON 12                               3 = THUNDER
                        SNOW, ICE PELLETS, HAIL    4 = ICE PELLETS
                        TOTAL MONTH:   0.0 INCH    5 = HAIL
                        GRTST 24HR     0.0         6 = FREEZING RAIN OR DRIZZLE
                        GRTST DEPTH:   0           7 = DUSTSTORM OR SANDSTORM:
                                                       VSBY 1/2 MILE OR LESS
                                                   8 = SMOKE OR HAZE
[NO. OF DAYS WITH]      [WEATHER - DAYS WITH]      9 = BLOWING SNOW
                                                   X = TORNADO
MAX 32 OR BELOW:   0    0.01 INCH OR MORE:   7
MAX 90 OR ABOVE:   0    0.10 INCH OR MORE:   4
MIN 32 OR BELOW:   2    0.50 INCH OR MORE:   1
MIN  0 OR BELOW:   0    1.00 INCH OR MORE:   1

[HDD (BASE 65) ]
TOTAL THIS MO.   341    CLEAR  (SCALE 0-3)   5
DPTR FM NORMAL    -8    PTCLDY (SCALE 4-7)   6
TOTAL FM JUL 1   496    CLOUDY (SCALE 8-10) 10
DPTR FM NORMAL  -135

[CDD (BASE 65) ]
TOTAL THIS MO.     0
DPTR FM NORMAL     0    [PRESSURE DATA]
TOTAL FM JAN 1   381    HIGHEST SLP M ON M
DPTR FM NORMAL    14    LOWEST  SLP 29.31 ON 21

[REMARKS]
