000
CXUS53 KGRB 210707
CF6MFI
PRELIMINARY LOCAL CLIMATOLOGICAL DATA (WS FORM: F-6)

                                          STATION:   MARSHFIELD WI
                                          MONTH:     FEBRUARY
                                          YEAR:      2019
                                          LATITUDE:   44 37 N
                                          LONGITUDE:  90 11 W

  TEMPERATURE IN F:       :PCPN:    SNOW:  WIND      :SUNSHINE: SKY     :PK WND
================================================================================
1   2   3   4   5  6A  6B    7    8   9   10  11  12  13   14  15   16   17  18
                                     12Z  AVG MX 2MIN
DY MAX MIN AVG DEP HDD CDD  WTR  SNW DPTH SPD SPD DIR MIN PSBL S-S WX    SPD DR
================================================================================

 1  11  -9   1 -15  64   0    T    M    M  7.4 13 160   M    M   7 18     17 170
 2  36   6  21   5  44   0    T    M    M  4.2 12 200   M    M   6 12     14 190
 3  41  36  39  23  26   0    T    M    M  4.8 10 190   M    M  10 12     15 190
 4  38  16  27  11  38   0    M    M    M 12.3 23 310   M    M  10 12     32 310
 5  19  11  15  -1  50   0    M    M    M  9.7 18  90   M    M   8 12     29  90
 6  25  15  20   4  45   0    M    M    M  8.1 14 110   M    M  10 1      21 110
 7  23   8  16  -1  49   0    M    M    M 11.0 18 300   M    M  10 128    31 260
 8   8 -12  -2 -19  67   0    M    M    M 14.9 26 310   M    M   2 18     39 300
 9  10 -21  -5 -22  70   0 0.00  0.0    M  4.6  9 110   M    M   4        13 250
10  18   9  14  -3  51   0    M    M    M  9.8 16 100   M    M  10 1      22  80
11  24  16  20   2  45   0    M    M    M 12.9 21  80   M    M  10 1      28  70
12  23  18  21   3  44   0    M    M    M 13.1 26 320   M    M  10 12     35 310
13  23  14  19   1  46   0    M    M    M 11.3 24 320   M    M   3 1      34 310
14  28  10  19   1  46   0    M    M    M 10.0 25 300   M    M   9 18     37 310
15  14  -3   6 -13  59   0 0.00  0.0    M 14.6 25 320   M    M   2 8      35 290
16  23  -7   8 -11  57   0 0.00  0.0    M  4.8 12 100   M    M   2        19  90
17  22  14  18  -1  47   0 0.00  0.0    M 11.6 20  70   M    M  10 8      27  70
18  19   2  11  -9  54   0 0.00  0.0    M  7.5 14  40   M    M   2        19  40
19  23  -6   9 -11  56   0 0.00  0.0    M  2.7  7 110   M    M   0 18      8 110
20  28  13  21   1  44   0    M    M    M 12.5 22 260   M    M   9 128    35 240
================================================================================
SM  456  130      1002   0    T      0.0 187.8          M      134
================================================================================
AV 22.8  6.5                               9.4 FASTST   M    M   7    MAX(MPH)
                                 MISC ---->  # 26 310               # 39  300
================================================================================
NOTES:
# LAST OF SEVERAL OCCURRENCES

COLUMN 17 PEAK WIND IN M.P.H.

PRELIMINARY LOCAL CLIMATOLOGICAL DATA (WS FORM: F-6) , PAGE 2

                                          STATION:  MARSHFIELD WI
                                          MONTH:    FEBRUARY
                                          YEAR:     2019
                                          LATITUDE:   44 37 N
                                          LONGITUDE:  90 11 W

[TEMPERATURE DATA]      [PRECIPITATION DATA]       SYMBOLS USED IN COLUMN 16

AVERAGE MONTHLY: 14.7   TOTAL FOR MONTH:      T    1 = FOG OR MIST
DPTR FM NORMAL:  -3.0   DPTR FM NORMAL:   -0.06    2 = FOG REDUCING VISIBILITY
HIGHEST:    41 ON  3    GRTST 24HR    T  ON  3- 3      TO 1/4 MILE OR LESS
LOWEST:    -21 ON  9                               3 = THUNDER
                        SNOW, ICE PELLETS, HAIL    4 = ICE PELLETS
                        TOTAL MONTH:   0.0 INCH    5 = HAIL
                        GRTST 24HR     0.0         6 = FREEZING RAIN OR DRIZZLE
                        GRTST DEPTH:  M  ON   M    7 = DUSTSTORM OR SANDSTORM:
                                                       VSBY 1/2 MILE OR LESS
                                                   8 = SMOKE OR HAZE
[NO. OF DAYS WITH]      [WEATHER - DAYS WITH]      9 = BLOWING SNOW
                                                   X = TORNADO
MAX 32 OR BELOW:  17    0.01 INCH OR MORE:   0
MAX 90 OR ABOVE:   0    0.10 INCH OR MORE:   0
MIN 32 OR BELOW:  19    0.50 INCH OR MORE:   0
MIN  0 OR BELOW:   6    1.00 INCH OR MORE:   0

[HDD (BASE 65) ]
TOTAL THIS MO.  1002    CLEAR  (SCALE 0-3)   5
DPTR FM NORMAL    56    PTCLDY (SCALE 4-7)   5
TOTAL FM JUL 1  5894    CLOUDY (SCALE 8-10) 10
DPTR FM NORMAL   120

[CDD (BASE 65) ]
TOTAL THIS MO.     0
DPTR FM NORMAL     0    [PRESSURE DATA]
TOTAL FM JAN 1     0    HIGHEST SLP M ON M
DPTR FM NORMAL     0    LOWEST  SLP 29.48 ON 14

[REMARKS]
