000
CXUS53 KGRB 230632
CF6MFI
PRELIMINARY LOCAL CLIMATOLOGICAL DATA (WS FORM: F-6)

                                          STATION:   MARSHFIELD WI
                                          MONTH:     MAY
                                          YEAR:      2018
                                          LATITUDE:   44 37 N
                                          LONGITUDE:  90 11 W

  TEMPERATURE IN F:       :PCPN:    SNOW:  WIND      :SUNSHINE: SKY     :PK WND
================================================================================
1   2   3   4   5  6A  6B    7    8   9   10  11  12  13   14  15   16   17  18
                                     12Z  AVG MX 2MIN
DY MAX MIN AVG DEP HDD CDD  WTR  SNW DPTH SPD SPD DIR MIN PSBL S-S WX    SPD DR
================================================================================

 1  76  53  65  14   0   0 0.09  0.0    0 12.8 26 210   M    M   4 1      33 210
 2  68  49  59   7   6   0 0.42  0.0    0  7.7 18 270   M    M   6 18     25 270
 3  66  47  57   5   8   0 0.35  0.0    0  8.0 14 130   M    M   7 1      18 140
 4  74  51  63  11   2   0 0.22  0.0    0 10.2 23 300   M    M   4 1      30 290
 5  78  49  64  12   1   0 0.16  0.0    0  5.6 17 240   M    M   3 1      25 230
 6  73  47  60   7   5   0    T  0.0    0  8.5 20 330   M    M   2 1      25 350
 7  82  46  64  11   1   0 0.00  0.0    0  9.6 20 240   M    M   1        26 240
 8  80  56  68  15   0   3 0.00  0.0    0  6.9 14 210   M    M   3        22 210
 9  63  53  58   4   7   0 0.42  0.0    0  8.9 21 120   M    M   9 1      28 120
10  62  44  53  -1  12   0 0.00  0.0    0 11.8 21 320   M    M   4        25 310
11  45  36  41 -13  24   0 0.08    M    0 10.8 17  90   M    M   8 1      21 100
12  61  36  49  -5  16   0    T    M    0  7.4 16 130   M    M   3        21 130
13  68  39  54  -1  11   0 0.00  0.0    0  4.3 13 180   M    M   5        18 170
14  76  50  63   8   2   0 0.25  0.0    0  4.6 13 350   M    M   6 1      16  20
15  76  53  65  10   0   0    T  0.0    0  6.6 16  50   M    M   1 1      23  60
16  83  49  66  10   0   1 0.00  0.0    0  5.4 14 280   M    M   0        19 280
17  73  52  63   7   2   0 0.00  0.0    0 11.5 18  90   M    M   1        24  90
18  79  47  63   7   2   0 0.00  0.0    0 11.4 20 130   M    M   0        26 130
19  79  47  63   7   2   0 0.00  0.0    0  9.0 23 350   M    M   8        32  30
20  70  45  58   1   7   0 0.00  0.0    0  7.7 17  50   M    M   3        23  60
21  59  43  51  -6  14   0 0.21  0.0    0  8.3 14  80   M    M   7 1      19 110
22  70  51  61   4   4   0 0.00  0.0    0  5.0 12 240   M    M   6 12     14 240
================================================================================
SM 1561 1043       126   4  2.20     0.0 182.0          M       91
================================================================================
AV 71.0 47.4                               8.3 FASTST   M    M   4    MAX(MPH)
                                 MISC ---->  # 26 210               # 33  210
================================================================================
NOTES:
# LAST OF SEVERAL OCCURRENCES

COLUMN 17 PEAK WIND IN M.P.H.

PRELIMINARY LOCAL CLIMATOLOGICAL DATA (WS FORM: F-6) , PAGE 2

                                          STATION:  MARSHFIELD WI
                                          MONTH:    MAY
                                          YEAR:     2018
                                          LATITUDE:   44 37 N
                                          LONGITUDE:  90 11 W

[TEMPERATURE DATA]      [PRECIPITATION DATA]       SYMBOLS USED IN COLUMN 16

AVERAGE MONTHLY: 59.2   TOTAL FOR MONTH:   2.20    1 = FOG OR MIST
DPTR FM NORMAL:   4.9   DPTR FM NORMAL:    0.39    2 = FOG REDUCING VISIBILITY
HIGHEST:    83 ON 16    GRTST 24HR  0.42 ON  9- 9      TO 1/4 MILE OR LESS
LOWEST:     36 ON 12,11                            3 = THUNDER
                        SNOW, ICE PELLETS, HAIL    4 = ICE PELLETS
                        TOTAL MONTH:   0.0 INCH    5 = HAIL
                        GRTST 24HR     0.0         6 = FREEZING RAIN OR DRIZZLE
                        GRTST DEPTH:   0           7 = DUSTSTORM OR SANDSTORM:
                                                       VSBY 1/2 MILE OR LESS
                                                   8 = SMOKE OR HAZE
[NO. OF DAYS WITH]      [WEATHER - DAYS WITH]      9 = BLOWING SNOW
                                                   X = TORNADO
MAX 32 OR BELOW:   0    0.01 INCH OR MORE:   9
MAX 90 OR ABOVE:   0    0.10 INCH OR MORE:   7
MIN 32 OR BELOW:   0    0.50 INCH OR MORE:   0
MIN  0 OR BELOW:   0    1.00 INCH OR MORE:   0

[HDD (BASE 65) ]
TOTAL THIS MO.   126    CLEAR  (SCALE 0-3)  10
DPTR FM NORMAL  -117    PTCLDY (SCALE 4-7)  10
TOTAL FM JUL 1  8277    CLOUDY (SCALE 8-10)  2
DPTR FM NORMAL   238

[CDD (BASE 65) ]
TOTAL THIS MO.     4
DPTR FM NORMAL    -1    [PRESSURE DATA]
TOTAL FM JAN 1     4    HIGHEST SLP M ON M
DPTR FM NORMAL    -2    LOWEST  SLP 29.58 ON  4

[REMARKS]
