000
CXUS51 KPBZ 230904
CF6MGW
PRELIMINARY LOCAL CLIMATOLOGICAL DATA (WS FORM: F-6)

                                          STATION:   MORGANTOWN WV
                                          MONTH:     JANUARY
                                          YEAR:      2019
                                          LATITUDE:   39 39 N
                                          LONGITUDE:  79 55 W

  TEMPERATURE IN F:       :PCPN:    SNOW:  WIND      :SUNSHINE: SKY     :PK WND
================================================================================
1   2   3   4   5  6A  6B    7    8   9   10  11  12  13   14  15   16   17  18
                                     12Z  AVG MX 2MIN
DY MAX MIN AVG DEP HDD CDD  WTR  SNW DPTH SPD SPD DIR MIN PSBL S-S WX    SPD DR
================================================================================

 1  63  39  51  19  14   0 0.00    M    M  7.8 22 230   M    M   9 1      37 230
 2  45  36  41   9  24   0    T    M    M  2.1 14 230   M    M  10        20 220
 3  44  28  36   4  29   0 0.00  0.0    0  5.0 13 240   M    M   7 1      20 240
 4  47  29  38   7  27   0 0.16    M    0  2.8  8  60   M    M   3 1      11  70
 5  50  40  45  14  20   0 0.40    M    0  6.5 13 220   M    M   5 1      18 220
 6  47  29  38   7  27   0 0.00  0.0    0  4.8 12 200   M    M   5        19 200
 7  54  29  42  11  23   0 0.02    M    0  7.1 18 150   M    M   3        26 150
 8  62  43  53  22  12   0 0.16    M    0  8.9 21 290   M    M   7 13     33 280
 9  43  23  33   2  32   0 0.04    M    0  9.5 18 280   M    M  10 18     28 300
10  25  21  23  -8  42   0    T    M    0  7.3 14 280   M    M  10 18     22 300
11  29  22  26  -5  39   0    T    M    0  2.9  9 300   M    M   7 18     12 290
12  34  23  29  -2  36   0 0.19    M    0  3.1  8  40   M    M   8 18      9  50
13  32  29  31   0  34   0 0.01    M    0  5.6 13  40   M    M  10 18     18  50
14  31  28  30  -1  35   0 0.01    M    M  2.1  8 220   M    M  10 1      11 210
15  30  26  28  -3  37   0 0.00  0.0    0  6.2 13 220   M    M  10 18     17 250
16  33  29  31   0  34   0 0.01    M    0  6.2 14 230   M    M  10 1      20 190
17  35  29  32   1  33   0 0.08    M    0  1.5 10 130   M    M  10 18     13 110
18  37  30  34   3  31   0 0.02    M    0  3.9  8 300   M    M  10 1      13 310
19  48  31  40   9  25   0 0.89    M    0  6.2 20 150   M    M   9 1      30 160
20  50   8  29  -2  36   0 0.23    M    0  8.5 18 160   M    M  10 168    26 330
21  14   3   9 -22  56   0 0.00  0.0    0  4.7 13 270   M    M   4        19 310
22  44   2  23  -8  42   0 0.00  0.0    0  3.7 13 160   M    M   2        18 190
================================================================================
SM  897  577       688   0  2.22     0.0 116.4          M      169
================================================================================
AV 40.8 26.2                               5.3 FASTST   M    M   8    MAX(MPH)
                                 MISC ---->  # 22 230               # 37  230
================================================================================
NOTES:
# LAST OF SEVERAL OCCURRENCES

COLUMN 17 PEAK WIND IN M.P.H.

PRELIMINARY LOCAL CLIMATOLOGICAL DATA (WS FORM: F-6) , PAGE 2

                                          STATION:  MORGANTOWN WV
                                          MONTH:    JANUARY
                                          YEAR:     2019
                                          LATITUDE:   39 39 N
                                          LONGITUDE:  79 55 W

[TEMPERATURE DATA]      [PRECIPITATION DATA]       SYMBOLS USED IN COLUMN 16

AVERAGE MONTHLY: 33.5   TOTAL FOR MONTH:   2.22    1 = FOG OR MIST
DPTR FM NORMAL:   2.4   DPTR FM NORMAL:    0.23    2 = FOG REDUCING VISIBILITY
HIGHEST:    63 ON  1    GRTST 24HR  0.89 ON 19-19      TO 1/4 MILE OR LESS
LOWEST:      2 ON 22                               3 = THUNDER
                        SNOW, ICE PELLETS, HAIL    4 = ICE PELLETS
                        TOTAL MONTH:   0.0 INCH    5 = HAIL
                        GRTST 24HR     0.0         6 = FREEZING RAIN OR DRIZZLE
                        GRTST DEPTH:   0           7 = DUSTSTORM OR SANDSTORM:
                                                       VSBY 1/2 MILE OR LESS
                                                   8 = SMOKE OR HAZE
[NO. OF DAYS WITH]      [WEATHER - DAYS WITH]      9 = BLOWING SNOW
                                                   X = TORNADO
MAX 32 OR BELOW:   6    0.01 INCH OR MORE:  13
MAX 90 OR ABOVE:   0    0.10 INCH OR MORE:   6
MIN 32 OR BELOW:  18    0.50 INCH OR MORE:   1
MIN  0 OR BELOW:   0    1.00 INCH OR MORE:   0

[HDD (BASE 65) ]
TOTAL THIS MO.   688    CLEAR  (SCALE 0-3)   3
DPTR FM NORMAL   -57    PTCLDY (SCALE 4-7)   7
TOTAL FM JUL 1  2605    CLOUDY (SCALE 8-10) 12
DPTR FM NORMAL  -124

[CDD (BASE 65) ]
TOTAL THIS MO.     0
DPTR FM NORMAL     0    [PRESSURE DATA]
TOTAL FM JAN 1     0    HIGHEST SLP M ON M
DPTR FM NORMAL     0    LOWEST  SLP 29.44 ON 20

[REMARKS]
