000
CXUS51 KPBZ 010730
CF6MGW
PRELIMINARY LOCAL CLIMATOLOGICAL DATA (WS FORM: F-6)

                                          STATION:   MORGANTOWN WV
                                          MONTH:     MAY
                                          YEAR:      2020
                                          LATITUDE:   39 39 N
                                          LONGITUDE:  79 55 W

  TEMPERATURE IN F:       :PCPN:    SNOW:  WIND      :SUNSHINE: SKY     :PK WND
================================================================================
1   2   3   4   5  6A  6B    7    8   9   10  11  12  13   14  15   16   17  18
                                     12Z  AVG MX 2MIN
DY MAX MIN AVG DEP HDD CDD  WTR  SNW DPTH SPD SPD DIR MIN PSBL S-S WX    SPD DR
================================================================================

 1  56  45  51  -6  14   0 0.06    M    M  3.5 13 290   M    M  10 1      23 290
 2  72  39  56  -2   9   0 0.00    M    M  5.0 14 220   M    M   3 1      19 210
 3  69  59  64   6   1   0 0.56    M    M  5.5 13 190   M    M   9 138    18 200
 4  64  44  54  -4  11   0 0.00    M    M  5.9 15 360   M    M   1 12     22 340
 5  56  41  49  -9  16   0 0.03    M    M  5.9 15  90   M    M   6 18     22 130
 6  47  34  41 -18  24   0 0.06    M    M  5.5 13 350   M    M   9 128    22 360
 7  64  30  47 -12  18   0 0.00    M    M  6.7 16 230   M    M   4 12     28 270
 8  56  33  45 -14  20   0 0.74    M    M  4.9 18 340   M    M  10 1      31 310
 9  43  27  35 -24  30   0 0.01    M    M  6.1 16 300   M    M   6        28 290
10  65  33  49 -11  16   0 0.07    M    M  6.8 23 270   M    M   3        41 280
11  46  40  43 -17  22   0 0.12    M    M  7.0 16 290   M    M  10 13     25 290
12  56  38  47 -13  18   0 0.00    M    M  5.1 13 280   M    M   6        19 280
13  67  35  51  -9  14   0 0.00    M    M  3.3 12  10   M    M   0        20 280
14  74  46  60  -1   5   0 0.16    M    M  3.6 12 280   M    M   8 138    19 280
15  82  59  71  10   0   6 0.01    M    M  6.8 16 230   M    M   7 1      26 220
16  76  60  68   7   0   3 0.00    M    M  5.2 13  10   M    M   4        16  20
17  81  61  71  10   0   6 0.14    M    M  6.9 16 120   M    M   6        24  90
18  81  62  72  10   0   7    T    M    M  8.4 21 110   M    M   2        31 100
19  64  51  58  -4   7   0 0.23    M    M  7.1 21  90   M    M   9        30  90
20  65  50  58  -4   7   0 0.03    M    M 10.0 18 120   M    M   7        27 110
21  61  52  57  -5   8   0 0.27    M    M  8.5 17 110   M    M   9        24 120
22  76  58  67   4   0   2 0.41    M    M  2.4  8 200   M    M   9 13     12 280
23  77  53  65   2   0   0 0.00    M    M  1.6  8  20   M    M   6 12     12  60
24  82  58  70   7   0   5 0.03    M    M  3.7 12 100   M    M   3 1      16 130
25  88  62  75  12   0  10 0.00    M    M  4.5 13 120   M    M   1        18 120
26  89  64  77  13   0  12 0.00    M    M  7.0 17 120   M    M   0        23 130
27  81  67  74  10   0   9 0.00    M    M  6.5 15 150   M    M   0        19 140
28  84  68  76  12   0  11 0.03    M    M  5.6 15 210   M    M   7 1      22 210
29  80  63  72   8   0   7 0.19    M    M  5.8 17 210   M    M   7 3      25 220
30  75  57  66   1   0   1 0.01    M    M  4.8 13 310   M    M   5 1      21 310
31  69  48  59  -6   6   0 0.00    M    M  5.4 15 360   M    M   3 12     24 360
================================================================================
SM 2146 1537       246  79  3.16    M    175.0          M      170
================================================================================
AV 69.2 49.6                               5.6 FASTST   M    M   5    MAX(MPH)
                                 MISC ---->    23 270                 41 280
================================================================================
NOTES:
# LAST OF SEVERAL OCCURRENCES

COLUMN 17 PEAK WIND IN M.P.H.

PRELIMINARY LOCAL CLIMATOLOGICAL DATA (WS FORM: F-6) , PAGE 2

                                          STATION:   MORGANTOWN WV
                                          MONTH:     MAY
                                          YEAR:      2020
                                          LATITUDE:   39 39 N
                                          LONGITUDE:  79 55 W

[TEMPERATURE DATA]      [PRECIPITATION DATA]       SYMBOLS USED IN COLUMN 16

AVERAGE MONTHLY: 59.4   TOTAL FOR MONTH:   3.16    1 = FOG OR MIST
DPTR FM NORMAL:  -1.7   DPTR FM NORMAL:   -1.45    2 = FOG REDUCING VISIBILITY
HIGHEST:    89 ON 26    GRTST 24HR  0.74 ON  8- 8      TO 1/4 MILE OR LESS
LOWEST:     27 ON  9                               3 = THUNDER
                        SNOW, ICE PELLETS, HAIL    4 = ICE PELLETS
                        TOTAL MONTH:  M            5 = HAIL
                        GRTST 24HR    M  ON   M    6 = FREEZING RAIN OR DRIZZLE
                        GRTST DEPTH:  M  ON   M    7 = DUSTSTORM OR SANDSTORM:
                                                       VSBY 1/2 MILE OR LESS
                                                   8 = SMOKE OR HAZE
[NO. OF DAYS WITH]      [WEATHER - DAYS WITH]      9 = BLOWING SNOW
                                                   X = TORNADO
MAX 32 OR BELOW:   0    0.01 INCH OR MORE:  19
MAX 90 OR ABOVE:   0    0.10 INCH OR MORE:   9
MIN 32 OR BELOW:   2    0.50 INCH OR MORE:   2
MIN  0 OR BELOW:   0    1.00 INCH OR MORE:   0

[HDD (BASE 65) ]
TOTAL THIS MO.   246    CLEAR  (SCALE 0-3)   8
DPTR FM NORMAL    76    PTCLDY (SCALE 4-7)  15
TOTAL FM JUL 1  4554    CLOUDY (SCALE 8-10)  8
DPTR FM NORMAL  -600

[CDD (BASE 65) ]
TOTAL THIS MO.    79
DPTR FM NORMAL    28    [PRESSURE DATA]
TOTAL FM JAN 1    91    HIGHEST SLP 30.36 ON 13
DPTR FM NORMAL    24    LOWEST  SLP 29.70 ON  8

[REMARKS]
#FINAL-05-20#
