522
CXUS51 KILN 261305
CF6MGY
PRELIMINARY LOCAL CLIMATOLOGICAL DATA (WS FORM: F-6)

                                          STATION:   DAYTON_WRIGHT BROS
                                          MONTH:     MAY
                                          YEAR:      2024
                                          LATITUDE:   39 35 N
                                          LONGITUDE:  84 14 W

  TEMPERATURE IN F:       :PCPN:    SNOW:  WIND      :SUNSHINE: SKY     :PK WND
================================================================================
1   2   3   4   5  6A  6B    7    8   9   10  11  12  13   14  15   16   17  18
                                     12Z  AVG MX 2MIN
DY MAX MIN AVG DEP HDD CDD  WTR  SNW DPTH SPD SPD DIR MIN PSBL S-S WX    SPD DR
================================================================================

 1  81  54  68   9   0   3 0.00    M    M  6.4 18 240   M    M   3        26 210
 2  86  59  73  13   0   8 0.00    M    M  6.1 14 190   M    M   0        20 220
 3  72  65  69   9   0   4    T    M    M  4.1 12 230   M    M   8 18     18 220
 4  77  65  71  11   0   6    T    M    M  5.8 10 200   M    M   8 13     15 160
 5  80  61  71  10   0   6 0.00    M    M  5.7 13 270   M    M   4 1      19 230
 6  73  62  68   7   0   3 0.02    M    M  5.4 10  60   M    M   6 1      15  60
 7  76  64  70   9   0   5 0.75    M    M  6.8 18 180   M    M   9 138    30 240
 8  83  60  72  10   0   7 0.02    M    M  5.5 12 200   M    M   2 13     16 140
 9  72  54  63   1   2   0 0.18    M    M  7.3 20 340   M    M   9 138    29 340
10  67  51  59  -3   6   0    T    M    M  9.5 21 350   M    M   5        30 360
11  70  50  60  -2   5   0 0.05    M    M 10.4 24 300   M    M   6        36 280
12  75  47  61  -2   4   0 0.00    M    M  3.3 13 230   M    M   0        18 220
13  79  54  67   4   0   2 0.00    M    M  9.1 18 190   M    M   0        24 180
14  65  60  63   0   2   0 0.33    M    M  6.2 14 180   M    M   9 1      19 130
15  72  62  67   3   0   2 0.04    M    M  9.8 16  30   M    M  10 18     23  30
16  79  54  67   3   0   2 0.00    M    M  4.1 10 270   M    M   3 18     16 230
17  74  62  68   4   0   3 0.60    M    M  6.2 14 210   M    M   7 1      20 250
18  80  59  70   5   0   5 0.00    M    M  1.6  8 290   M    M   5 128    11 300
19  87  59  73   8   0   8 0.00    M    M  2.2  9 320   M    M   1 1      16 320
20  87  64  76  11   0  11 0.00    M    M  4.8 13 200   M    M   1        18 200
21  88  65  77  11   0  12 0.00    M    M  8.0 17 200   M    M   1 8      26 200
22  85  68  77  11   0  12 0.04    M    M 11.2 20 200   M    M   5 38     30 190
23  79  62  71   5   0   6    T    M    M  4.9 14 200   M    M   5 12     20 250
24  82  64  73   7   0   8 0.00    M    M  5.8 15 200   M    M   5 1      19 200
25  83  67  75   8   0  10 0.00    M    M  5.9 12 310   M    M   3        16 250
================================================================================
SM 1952 1492        19 123  2.03    M    156.1          M      115
================================================================================
AV 78.1 59.7                               6.2 FASTST   M    M   5    MAX(MPH)
                                 MISC ---->    24 300                 36 280
================================================================================
NOTES:
# LAST OF SEVERAL OCCURRENCES

COLUMN 17 PEAK WIND IN M.P.H.

PRELIMINARY LOCAL CLIMATOLOGICAL DATA (WS FORM: F-6) , PAGE 2

                                          STATION:   DAYTON_WRIGHT BROS
                                          MONTH:     MAY
                                          YEAR:      2024
                                          LATITUDE:   39 35 N
                                          LONGITUDE:  84 14 W

[TEMPERATURE DATA]      [PRECIPITATION DATA]       SYMBOLS USED IN COLUMN 16

AVERAGE MONTHLY: 68.9   TOTAL FOR MONTH:   2.03    1 = FOG OR MIST
DPTR FM NORMAL:   5.8   DPTR FM NORMAL:   -1.37    2 = FOG REDUCING VISIBILITY
HIGHEST:    88 ON 21    GRTST 24HR  0.77 ON  7- 8      TO 1/4 MILE OR LESS
LOWEST:     47 ON 12                               3 = THUNDER
                        SNOW, ICE PELLETS, HAIL    4 = ICE PELLETS
                        TOTAL MONTH:  M            5 = HAIL
                        GRTST 24HR    M  ON   M    6 = FREEZING RAIN OR DRIZZLE
                        GRTST DEPTH:  M  ON   M    7 = DUSTSTORM OR SANDSTORM:
                                                       VSBY 1/2 MILE OR LESS
                                                   8 = SMOKE OR HAZE
[NO. OF DAYS WITH]      [WEATHER - DAYS WITH]      9 = BLOWING SNOW
                                                   X = TORNADO
MAX 32 OR BELOW:   0    0.01 INCH OR MORE:   9
MAX 90 OR ABOVE:   0    0.10 INCH OR MORE:   4
MIN 32 OR BELOW:   0    0.50 INCH OR MORE:   2
MIN  0 OR BELOW:   0    1.00 INCH OR MORE:   0

[HDD (BASE 65) ]
TOTAL THIS MO.    19    CLEAR  (SCALE 0-3)  10
DPTR FM NORMAL   -93    PTCLDY (SCALE 4-7)  11
TOTAL FM JUL 1  4064    CLOUDY (SCALE 8-10)  4
DPTR FM NORMAL  -946

[CDD (BASE 65) ]
TOTAL THIS MO.   123
DPTR FM NORMAL    61    [PRESSURE DATA]
TOTAL FM JAN 1   155    HIGHEST SLP M ON M
DPTR FM NORMAL    79    LOWEST  SLP 29.56 ON  7

[REMARKS]