000
CXUS51 KILN 241240
CF6MGY
PRELIMINARY LOCAL CLIMATOLOGICAL DATA (WS FORM: F-6)

                                          STATION:   DAYTON_WRIGHT BROS
                                          MONTH:     JANUARY
                                          YEAR:      2020
                                          LATITUDE:   39 35 N
                                          LONGITUDE:  84 14 W

  TEMPERATURE IN F:       :PCPN:    SNOW:  WIND      :SUNSHINE: SKY     :PK WND
================================================================================
1   2   3   4   5  6A  6B    7    8   9   10  11  12  13   14  15   16   17  18
                                     12Z  AVG MX 2MIN
DY MAX MIN AVG DEP HDD CDD  WTR  SNW DPTH SPD SPD DIR MIN PSBL S-S WX    SPD DR
================================================================================

 1  46  33  40  11  25   0 0.00    M    M 10.6 18 240   M    M   5        25 270
 2  50  35  43  14  22   0 0.16    M    M 12.1 18 220   M    M   7 1      24 200
 3  53  46  50  22  15   0 0.75    M    M  5.8 10 230   M    M  10 1      14 210
 4  46  33  40  12  25   0 0.10    M    M  9.9 20 280   M    M  10 18     25 290
 5  45  30  38  10  27   0 0.00    M    M 11.5 21 270   M    M   6        27 280
 6  44  30  37   9  28   0 0.00    M    M  6.5 23 290   M    M   3        30 280
 7  47  29  38  10  27   0 0.00    M    M  7.7 17 280   M    M   3        22 270
 8  39  24  32   4  33   0 0.00    M    M  9.3 17 300   M    M   2        27 290
 9  57  25  41  13  24   0 0.00    M    M 12.9 23 180   M    M   0        32 190
10  57  47  52  24  13   0 0.87    M    M 10.2 20 200   M    M  10 1      27 190
11  67  46  57  29   8   0 0.38    M    M 16.7 38 180   M    M   9 1      51 190
12  46  38  42  14  23   0 0.01    M    M  7.5 24 260   M    M   9 1      36 270
13  46  34  40  12  25   0 0.00    M    M  6.0 16 240   M    M   6        20 240
14  46  35  41  12  24   0 0.00    M    M  6.6 15 240   M    M   7 12     19 230
15  54  28  41  12  24   0    T    M    M  9.1 21 280   M    M  10 12     26 260
16  44  25  35   6  30   0    T    M    M 12.0 20 300   M    M   7 1      26 310
17  33  22  28  -1  37   0 0.01    M    M  9.8 18  80   M    M   7 4      28  90
18  50  28  39  10  26   0 0.86    M    M 15.1 26 270   M    M  10 16     39 220
19  28  14  21  -8  44   0    T    M    M 12.8 24 270   M    M  10 8      37 260
20  28  15  22  -7  43   0    T    M    M  6.4 10  10   M    M   7 8      14  10
21  30  15  23  -6  42   0 0.00    M    M  3.1 12  40   M    M   4        14  50
22  39  17  28  -1  37   0 0.00    M    M  5.9 12 160   M    M   0        16 170
23  47  32  40  11  25   0 0.01    M    M  7.0 14 110   M    M   6        21 130
================================================================================
SM 1042  681       627   0  3.15    M    214.5          M      148
================================================================================
AV 45.3 29.6                               9.3 FASTST   M    M   6    MAX(MPH)
                                 MISC ---->  # 38 180               # 51  190
================================================================================
NOTES:
# LAST OF SEVERAL OCCURRENCES

COLUMN 17 PEAK WIND IN M.P.H.

PRELIMINARY LOCAL CLIMATOLOGICAL DATA (WS FORM: F-6) , PAGE 2

                                          STATION:  DAYTON_WRIGHT BROS
                                          MONTH:    JANUARY
                                          YEAR:     2020
                                          LATITUDE:   39 35 N
                                          LONGITUDE:  84 14 W

[TEMPERATURE DATA]      [PRECIPITATION DATA]       SYMBOLS USED IN COLUMN 16

AVERAGE MONTHLY: 37.5   TOTAL FOR MONTH:   3.15    1 = FOG OR MIST
DPTR FM NORMAL:   8.9   DPTR FM NORMAL:    0.83    2 = FOG REDUCING VISIBILITY
HIGHEST:    67 ON 11    GRTST 24HR  0.87 ON 10-10      TO 1/4 MILE OR LESS
LOWEST:     14 ON 19                               3 = THUNDER
                        SNOW, ICE PELLETS, HAIL    4 = ICE PELLETS
                        TOTAL MONTH:    M          5 = HAIL
                        GRTST 24HR    M  ON   M    6 = FREEZING RAIN OR DRIZZLE
                        GRTST DEPTH:  M  ON   M    7 = DUSTSTORM OR SANDSTORM:
                                                       VSBY 1/2 MILE OR LESS
                                                   8 = SMOKE OR HAZE
[NO. OF DAYS WITH]      [WEATHER - DAYS WITH]      9 = BLOWING SNOW
                                                   X = TORNADO
MAX 32 OR BELOW:   3    0.01 INCH OR MORE:   9
MAX 90 OR ABOVE:   0    0.10 INCH OR MORE:   6
MIN 32 OR BELOW:  14    0.50 INCH OR MORE:   3
MIN  0 OR BELOW:   0    1.00 INCH OR MORE:   0

[HDD (BASE 65) ]
TOTAL THIS MO.   627    CLEAR  (SCALE 0-3)   5
DPTR FM NORMAL  -212    PTCLDY (SCALE 4-7)  10
TOTAL FM JUL 1  2384    CLOUDY (SCALE 8-10)  8
DPTR FM NORMAL  -469

[CDD (BASE 65) ]
TOTAL THIS MO.     0
DPTR FM NORMAL     0    [PRESSURE DATA]
TOTAL FM JAN 1     0    HIGHEST SLP M ON M
DPTR FM NORMAL     0    LOWEST  SLP 29.61 ON 11

[REMARKS]
