000
CXUS51 KILN 201144
CF6MGY
PRELIMINARY LOCAL CLIMATOLOGICAL DATA (WS FORM: F-6)

                                          STATION:   DAYTON_WRIGHT BROS
                                          MONTH:     OCTOBER
                                          YEAR:      2019
                                          LATITUDE:   39 35 N
                                          LONGITUDE:  84 14 W

  TEMPERATURE IN F:       :PCPN:    SNOW:  WIND      :SUNSHINE: SKY     :PK WND
================================================================================
1   2   3   4   5  6A  6B    7    8   9   10  11  12  13   14  15   16   17  18
                                     12Z  AVG MX 2MIN
DY MAX MIN AVG DEP HDD CDD  WTR  SNW DPTH SPD SPD DIR MIN PSBL S-S WX    SPD DR
================================================================================

 1  94  69  82  22   0  17 0.00    M    M  6.7 20 230   M    M   1 8      27 230
 2  95  69  82  23   0  17 0.00    M    M  7.3 21 230   M    M   0        29 240
 3  90  63  77  18   0  12 0.00    M    M  8.3 18 290   M    M   1        25 310
 4  70  51  61   2   4   0 0.00    M    M 10.5 20 360   M    M   1        25 360
 5  78  47  63   5   2   0    T    M    M  6.6 14  70   M    M   0        18  70
 6  75  59  67   9   0   2 0.11    M    M  6.8 16 240   M    M   8 1      21 220
 7  68  50  59   1   6   0 0.02    M    M  2.2  8 320   M    M   4 18     10 320
 8  73  43  58   1   7   0 0.00    M    M  6.8 16  50   M    M   0 18     20  50
 9  76  46  61   4   4   0 0.00    M    M  7.4 13 130   M    M   0        17  70
10  82  54  68  12   0   3 0.00    M    M  6.2 14 190   M    M   1 1      19 160
11  77  45  61   5   4   0 0.48    M    M  9.5 23 300   M    M   8 1      36 300
12  56  38  47  -9  18   0 0.01    M    M  8.2 16 230   M    M   2 1      23 300
13  69  37  53  -2  12   0 0.00    M    M  9.5 17 210   M    M   0        23 190
14  66  41  54  -1  11   0 0.00    M    M  5.6 16 240   M    M   0        25 280
15  76  40  58   3   7   0    T    M    M 10.4 22 200   M    M   2        28 200
16  65  46  56   2   9   0 0.26    M    M 11.8 24 310   M    M   9 1      39 330
17  60  41  51  -3  14   0 0.00    M    M  7.6 16 330   M    M   5        20 330
18  63  36  50  -4  15   0 0.00    M    M  2.9 10  40   M    M   0 1      12  30
19  72  40  56   2   9   0 0.00  0.0    0  6.7 13 170   M    M   0        15 200
================================================================================
SM 1405  915       122  51  0.88     0.0 141.0          M       42
================================================================================
AV 74.0 48.2                               7.4 FASTST   M    M   2    MAX(MPH)
                                 MISC ---->  # 24 310               # 39  330
================================================================================
NOTES:
# LAST OF SEVERAL OCCURRENCES

COLUMN 17 PEAK WIND IN M.P.H.

PRELIMINARY LOCAL CLIMATOLOGICAL DATA (WS FORM: F-6) , PAGE 2

                                          STATION:  DAYTON_WRIGHT BROS
                                          MONTH:    OCTOBER
                                          YEAR:     2019
                                          LATITUDE:   39 35 N
                                          LONGITUDE:  84 14 W

[TEMPERATURE DATA]      [PRECIPITATION DATA]       SYMBOLS USED IN COLUMN 16

AVERAGE MONTHLY: 61.1   TOTAL FOR MONTH:   0.88    1 = FOG OR MIST
DPTR FM NORMAL:   4.5   DPTR FM NORMAL:   -0.51    2 = FOG REDUCING VISIBILITY
HIGHEST:    95 ON  2    GRTST 24HR  0.48 ON 11-11      TO 1/4 MILE OR LESS
LOWEST:     36 ON 18                               3 = THUNDER
                        SNOW, ICE PELLETS, HAIL    4 = ICE PELLETS
                        TOTAL MONTH:   0.0 INCH    5 = HAIL
                        GRTST 24HR     0.0         6 = FREEZING RAIN OR DRIZZLE
                        GRTST DEPTH:   0           7 = DUSTSTORM OR SANDSTORM:
                                                       VSBY 1/2 MILE OR LESS
                                                   8 = SMOKE OR HAZE
[NO. OF DAYS WITH]      [WEATHER - DAYS WITH]      9 = BLOWING SNOW
                                                   X = TORNADO
MAX 32 OR BELOW:   0    0.01 INCH OR MORE:   5
MAX 90 OR ABOVE:   3    0.10 INCH OR MORE:   3
MIN 32 OR BELOW:   0    0.50 INCH OR MORE:   0
MIN  0 OR BELOW:   0    1.00 INCH OR MORE:   0

[HDD (BASE 65) ]
TOTAL THIS MO.   122    CLEAR  (SCALE 0-3)  14
DPTR FM NORMAL   -39    PTCLDY (SCALE 4-7)   4
TOTAL FM JUL 1   122    CLOUDY (SCALE 8-10)  1
DPTR FM NORMAL   -70

[CDD (BASE 65) ]
TOTAL THIS MO.    51
DPTR FM NORMAL    51    [PRESSURE DATA]
TOTAL FM JAN 1  1537    HIGHEST SLP M ON M
DPTR FM NORMAL   766    LOWEST  SLP 29.64 ON 16

[REMARKS]
