000
CXUS53 KTOP 170800
CF6MHK
PRELIMINARY LOCAL CLIMATOLOGICAL DATA (WS FORM: F-6)

                                          STATION:   Manhattan KS
                                          MONTH:     JULY
                                          YEAR:      2018
                                          LATITUDE:   39  9 N
                                          LONGITUDE:  96 40 W

  TEMPERATURE IN F:       :PCPN:    SNOW:  WIND      :SUNSHINE: SKY     :PK WND
================================================================================
1   2   3   4   5  6A  6B    7    8   9   10  11  12  13   14  15   16   17  18
                                     12Z  AVG MX 2MIN
DY MAX MIN AVG DEP HDD CDD  WTR  SNW DPTH SPD SPD DIR MIN PSBL S-S WX    SPD DR
================================================================================

 1  88  66  77  -1   0  12    T    M    M  5.6 15 280   M    M   3        24 270
 2  97  61  79   1   0  14 0.00    M    M  5.9 18 170   M    M   0        25 140
 3 105  71  88  10   0  23 0.00    M    M  8.6 22 170   M    M   0        35 160
 4 100  72  86   8   0  21 0.00    M    M  7.7 17 150   M    M   0        29 180
 5  94  72  83   5   0  18    T    M    M  8.0 16  40   M    M   4 3      25  30
 6  96  74  85   7   0  20 0.00    M    M  8.2 15 100   M    M   2        26  70
 7  96  69  83   4   0  18 0.00    M    M  7.0 18  70   M    M   1        26  50
 8  98  59  79   0   0  14 0.00    M    M  4.7 14 150   M    M   0        19 150
 9 101  63  82   3   0  17 0.00    M    M  3.0 13  90   M    M   0        18  80
10 101  68  85   6   0  20    T    M    M  3.7 14  60   M    M   3        19  50
11 102  71  87   8   0  22 0.15    M    M  5.3 16 160   M    M   2 3      30 180
12 105  73  89  10   0  24 0.00    M    M  7.5 20 180   M    M   0        27 170
13 102  71  87   8   0  22 0.05    M    M  6.0 17 220   M    M   2 13     24 310
14  91  72  82   3   0  17 1.57    M    M  2.7  7  30   M    M   5 13      M  M
15  95  70  83   4   0  18 0.00    M    M  2.3 13 220   M    M   1 3      17 220
16  95  75  85   6   0  20 0.00    M    M  3.7 12  60   M    M   3        16  80
================================================================================
SM 1566 1107         0 300  1.77    M     89.9          M       26
================================================================================
AV 97.9 69.2                               5.6 FASTST   M    M   2    MAX(MPH)
                                 MISC ---->  # 22 170               # 35  160
================================================================================
NOTES:
# LAST OF SEVERAL OCCURRENCES

COLUMN 17 PEAK WIND IN M.P.H.

PRELIMINARY LOCAL CLIMATOLOGICAL DATA (WS FORM: F-6) , PAGE 2

                                          STATION:  Manhattan KS
                                          MONTH:    JULY
                                          YEAR:     2018
                                          LATITUDE:   39  9 N
                                          LONGITUDE:  96 40 W

[TEMPERATURE DATA]      [PRECIPITATION DATA]       SYMBOLS USED IN COLUMN 16

AVERAGE MONTHLY: 83.5   TOTAL FOR MONTH:   1.77    1 = FOG OR MIST
DPTR FM NORMAL:   4.9   DPTR FM NORMAL:   -0.51    2 = FOG REDUCING VISIBILITY
HIGHEST:   105 ON 12, 3 GRTST 24HR  1.57 ON 14-14      TO 1/4 MILE OR LESS
LOWEST:     59 ON  8                               3 = THUNDER
                        SNOW, ICE PELLETS, HAIL    4 = ICE PELLETS
                        TOTAL MONTH:    M          5 = HAIL
                        GRTST 24HR    M  ON   M    6 = FREEZING RAIN OR DRIZZLE
                        GRTST DEPTH:  M  ON   M    7 = DUSTSTORM OR SANDSTORM:
                                                       VSBY 1/2 MILE OR LESS
                                                   8 = SMOKE OR HAZE
[NO. OF DAYS WITH]      [WEATHER - DAYS WITH]      9 = BLOWING SNOW
                                                   X = TORNADO
MAX 32 OR BELOW:   0    0.01 INCH OR MORE:   3
MAX 90 OR ABOVE:  15    0.10 INCH OR MORE:   2
MIN 32 OR BELOW:   0    0.50 INCH OR MORE:   1
MIN  0 OR BELOW:   0    1.00 INCH OR MORE:   1

[HDD (BASE 65) ]
TOTAL THIS MO.     0    CLEAR  (SCALE 0-3)  14
DPTR FM NORMAL     0    PTCLDY (SCALE 4-7)   2
TOTAL FM JUL 1     0    CLOUDY (SCALE 8-10)  0
DPTR FM NORMAL     0

[CDD (BASE 65) ]
TOTAL THIS MO.   300
DPTR FM NORMAL    82    [PRESSURE DATA]
TOTAL FM JAN 1  1067    HIGHEST SLP M ON M
DPTR FM NORMAL   479    LOWEST  SLP 29.77 ON  1

[REMARKS]
