000
CXUS53 KTOP 220800
CF6MHK
PRELIMINARY LOCAL CLIMATOLOGICAL DATA (WS FORM: F-6)

                                          STATION:   Manhattan KS
                                          MONTH:     OCTOBER
                                          YEAR:      2018
                                          LATITUDE:   39  9 N
                                          LONGITUDE:  96 40 W

  TEMPERATURE IN F:       :PCPN:    SNOW:  WIND      :SUNSHINE: SKY     :PK WND
================================================================================
1   2   3   4   5  6A  6B    7    8   9   10  11  12  13   14  15   16   17  18
                                     12Z  AVG MX 2MIN
DY MAX MIN AVG DEP HDD CDD  WTR  SNW DPTH SPD SPD DIR MIN PSBL S-S WX    SPD DR
================================================================================

 1  76  58  67   6   0   2 0.00    M    M  5.7 20 210   M    M   8 1      26 200
 2  89  56  73  12   0   8 0.00    M    M 10.2 23 210   M    M   4 1      31 220
 3  92  62  77  17   0  12 0.53    M    M 15.9 30 220   M    M   1 13     43 210
 4  62  46  54  -6  11   0    T    M    M  9.9 23  50   M    M   6 1      33  10
 5  73  54  64   4   1   0 0.20    M    M  4.9 18  50   M    M   9 13     33 300
 6  58  47  53  -6  12   0 1.30    M    M  8.9 23  30   M    M   8 13     34  20
 7  59  49  54  -5  11   0 0.48    M    M  5.8 13  50   M    M  10 1      16  40
 8  74  59  67   9   0   2    M    M    M  4.2 21 280   M    M   9 13     29 270
 9  73  48  61   3   4   0    M    M    M  8.7 24 220   M    M   9 1      36 210
10  52  44  48  -9  17   0    T    M    M  7.2 16 270   M    M  10 1      26 270
11  55  33  44 -13  21   0    T    M    M  3.1 12 330   M    M   5        19 330
12  51  37  44 -13  21   0    M    M    M  2.3  9 150   M    M   9 12     13 320
13  61  34  48  -8  17   0    M    M    M  4.5 16 180   M    M   3 12     21 180
14  49  33  41 -15  24   0    M    M    M  8.8 22  20   M    M  10 1      37  10
15  48  29  39 -16  26   0 0.00    M    M  3.5 10 230   M    M   1        15 340
16  67  24  46  -9  19   0 0.00    M    M  4.2 13 220   M    M   0        17 220
17  70  33  52  -3  13   0 0.00    M    M  0.5 10  30   M    M   0 8      14  40
18  70  35  53  -1  12   0    T    M    M  5.3 17 170   M    M   0 18     24 180
19  73  47  60   6   5   0    T    M    M  8.3 17 240   M    M   5 8      26 260
20  67  34  51  -3  14   0 0.00    M    M  3.8 15 350   M    M   0        24 320
21  71  31  51  -2  14   0 0.00    M    M  8.5 23 210   M    M   0 18     30 210
================================================================================
SM 1390  893       242  24  2.51    M    134.2          M      107
================================================================================
AV 66.2 42.5                               6.4 FASTST   M    M   5    MAX(MPH)
                                 MISC ---->  # 30 220               # 43  210
================================================================================
NOTES:
# LAST OF SEVERAL OCCURRENCES

COLUMN 17 PEAK WIND IN M.P.H.

PRELIMINARY LOCAL CLIMATOLOGICAL DATA (WS FORM: F-6) , PAGE 2

                                          STATION:  Manhattan KS
                                          MONTH:    OCTOBER
                                          YEAR:     2018
                                          LATITUDE:   39  9 N
                                          LONGITUDE:  96 40 W

[TEMPERATURE DATA]      [PRECIPITATION DATA]       SYMBOLS USED IN COLUMN 16

AVERAGE MONTHLY: 54.4   TOTAL FOR MONTH:   2.51    1 = FOG OR MIST
DPTR FM NORMAL:  -2.7   DPTR FM NORMAL:    0.90    2 = FOG REDUCING VISIBILITY
HIGHEST:    92 ON  3    GRTST 24HR  1.30 ON  6- 6      TO 1/4 MILE OR LESS
LOWEST:     24 ON 16                               3 = THUNDER
                        SNOW, ICE PELLETS, HAIL    4 = ICE PELLETS
                        TOTAL MONTH:    M          5 = HAIL
                        GRTST 24HR    M  ON   M    6 = FREEZING RAIN OR DRIZZLE
                        GRTST DEPTH:  M  ON   M    7 = DUSTSTORM OR SANDSTORM:
                                                       VSBY 1/2 MILE OR LESS
                                                   8 = SMOKE OR HAZE
[NO. OF DAYS WITH]      [WEATHER - DAYS WITH]      9 = BLOWING SNOW
                                                   X = TORNADO
MAX 32 OR BELOW:   0    0.01 INCH OR MORE:   4
MAX 90 OR ABOVE:   1    0.10 INCH OR MORE:   4
MIN 32 OR BELOW:   3    0.50 INCH OR MORE:   2
MIN  0 OR BELOW:   0    1.00 INCH OR MORE:   1

[HDD (BASE 65) ]
TOTAL THIS MO.   242    CLEAR  (SCALE 0-3)   8
DPTR FM NORMAL    54    PTCLDY (SCALE 4-7)   6
TOTAL FM JUL 1   290    CLOUDY (SCALE 8-10)  7
DPTR FM NORMAL    32

[CDD (BASE 65) ]
TOTAL THIS MO.    24
DPTR FM NORMAL     3    [PRESSURE DATA]
TOTAL FM JAN 1  1891    HIGHEST SLP M ON M
DPTR FM NORMAL   533    LOWEST  SLP 29.58 ON  9

[REMARKS]
