000
CXUS53 KTOP 210800
CF6MHK
PRELIMINARY LOCAL CLIMATOLOGICAL DATA (WS FORM: F-6)

                                          STATION:   Manhattan KS
                                          MONTH:     OCTOBER
                                          YEAR:      2019
                                          LATITUDE:   39  9 N
                                          LONGITUDE:  96 40 W

  TEMPERATURE IN F:       :PCPN:    SNOW:  WIND      :SUNSHINE: SKY     :PK WND
================================================================================
1   2   3   4   5  6A  6B    7    8   9   10  11  12  13   14  15   16   17  18
                                     12Z  AVG MX 2MIN
DY MAX MIN AVG DEP HDD CDD  WTR  SNW DPTH SPD SPD DIR MIN PSBL S-S WX    SPD DR
================================================================================

 1  91  65  78  17   0  13 0.61    M    M 11.2 28 240   M    M   4 13     44 230
 2  65  55  60  -1   5   0 0.29    M    M  6.0 12 340   M    M  10 1      21  30
 3  63  50  57  -3   8   0 0.00    M    M  5.6 14  10   M    M   4        21 350
 4  62  53  58  -2   7   0 0.53    M    M  7.1 15  90   M    M   9 1      20  90
 5  75  46  61   1   4   0 0.50    M    M  6.8 20 170   M    M   3 13     32 170
 6  70  44  57  -2   8   0 0.00    M    M  2.4 14 350   M    M   2 12     23  10
 7  73  39  56  -3   9   0 0.00    M    M  2.0 12 230   M    M   0 1      17 210
 8  75  42  59   1   6   0 0.00    M    M  7.5 21 180   M    M   0        28 160
 9  70  55  63   5   2   0 0.64    M    M 10.2 25 160   M    M   6 138    34 150
10  73  39  56  -1   9   0 0.03    M    M  8.8 20 210   M    M   7 13     32 280
11  49  30  40 -17  25   0 0.00    M    M  7.3 20 260   M    M   4        30 270
12  73  26  50  -7  15   0 0.00    M    M  4.0 25 220   M    M   0        37 220
13  66  32  49  -7  16   0 0.00    M    M  1.8 10  80   M    M   0        12  70
14  78  35  57   1   8   0 0.00    M    M  5.8 21 180   M    M   0        29 170
15  66  39  53  -2  12   0 0.00    M    M  6.7 17 360   M    M   1 12     31  20
16  60  37  49  -6  16   0 0.00    M    M  2.8 10 270   M    M   2        15 310
17  78  36  57   2   8   0 0.00    M    M  6.2 18 210   M    M   0        25 220
18  78  55  67  13   0   2 0.02    M    M 12.8 28 190   M    M   0 3      40 180
19  71  41  56   2   9   0 0.01    M    M  3.1 12  20   M    M   2        20 350
20  68  38  53  -1  12   0 0.21    M    M  6.9 21 140   M    M   3 13     31 150
================================================================================
SM 1404  857       179  15  2.84    M    125.0          M       57
================================================================================
AV 70.2 42.9                               6.3 FASTST   M    M   3    MAX(MPH)
                                 MISC ---->  # 28 240               # 44  230
================================================================================
NOTES:
# LAST OF SEVERAL OCCURRENCES

COLUMN 17 PEAK WIND IN M.P.H.

PRELIMINARY LOCAL CLIMATOLOGICAL DATA (WS FORM: F-6) , PAGE 2

                                          STATION:  Manhattan KS
                                          MONTH:    OCTOBER
                                          YEAR:     2019
                                          LATITUDE:   39  9 N
                                          LONGITUDE:  96 40 W

[TEMPERATURE DATA]      [PRECIPITATION DATA]       SYMBOLS USED IN COLUMN 16

AVERAGE MONTHLY: 56.5   TOTAL FOR MONTH:   2.84    1 = FOG OR MIST
DPTR FM NORMAL:  -0.8   DPTR FM NORMAL:    1.30    2 = FOG REDUCING VISIBILITY
HIGHEST:    91 ON  1    GRTST 24HR  0.64 ON  9- 9      TO 1/4 MILE OR LESS
LOWEST:     26 ON 12                               3 = THUNDER
                        SNOW, ICE PELLETS, HAIL    4 = ICE PELLETS
                        TOTAL MONTH:    M          5 = HAIL
                        GRTST 24HR    M  ON   M    6 = FREEZING RAIN OR DRIZZLE
                        GRTST DEPTH:  M  ON   M    7 = DUSTSTORM OR SANDSTORM:
                                                       VSBY 1/2 MILE OR LESS
                                                   8 = SMOKE OR HAZE
[NO. OF DAYS WITH]      [WEATHER - DAYS WITH]      9 = BLOWING SNOW
                                                   X = TORNADO
MAX 32 OR BELOW:   0    0.01 INCH OR MORE:   9
MAX 90 OR ABOVE:   1    0.10 INCH OR MORE:   6
MIN 32 OR BELOW:   3    0.50 INCH OR MORE:   4
MIN  0 OR BELOW:   0    1.00 INCH OR MORE:   0

[HDD (BASE 65) ]
TOTAL THIS MO.   179    CLEAR  (SCALE 0-3)  12
DPTR FM NORMAL     3    PTCLDY (SCALE 4-7)   6
TOTAL FM JUL 1   180    CLOUDY (SCALE 8-10)  2
DPTR FM NORMAL   -66

[CDD (BASE 65) ]
TOTAL THIS MO.    15
DPTR FM NORMAL    -6    [PRESSURE DATA]
TOTAL FM JAN 1  1610    HIGHEST SLP M ON M
DPTR FM NORMAL   252    LOWEST  SLP 29.53 ON 20

[REMARKS]
