000
CXUS56 KMFR 211000
CF6MHS
PRELIMINARY LOCAL CLIMATOLOGICAL DATA (WS FORM: F-6)

                                          STATION:   MT SHASTA CITY CA
                                          MONTH:     OCTOBER
                                          YEAR:      2019
                                          LATITUDE:   41 19 N
                                          LONGITUDE: 122 19 W

  TEMPERATURE IN F:       :PCPN:    SNOW:  WIND      :SUNSHINE: SKY     :PK WND
================================================================================
1   2   3   4   5  6A  6B    7    8   9   10  11  12  13   14  15   16   17  18
                                     12Z  AVG MX 2MIN
DY MAX MIN AVG DEP HDD CDD  WTR  SNW DPTH SPD SPD DIR MIN PSBL S-S WX    SPD DR
================================================================================

 1  59  29  44 -13  21   0 0.00    M    M  1.3  8 280   M    M   1 1      13 300
 2  65  29  47  -9  18   0 0.00    M    M  0.1  5  60   M    M   0         9  80
 3  61  39  50  -6  15   0    T    M    M  3.0  9 330   M    M   5        18 360
 4  59  34  47  -9  18   0 0.00    M    M  1.9  9 280   M    M   1 18     16 310
 5  65  32  49  -6  16   0 0.00    M    M  2.1  9 350   M    M   0        18 310
 6  73  30  52  -3  13   0 0.00    M    M  0.6  5 320   M    M   0         9 300
 7  78  35  57   2   8   0 0.00    M    M  0.3  7 300   M    M   0        12 310
 8  73  39  56   2   9   0 0.00    M    M  4.2 14 320   M    M   0        27 340
 9  55  27  41 -13  24   0 0.00    M    M  4.0 13 290   M    M   2        22 300
10  63  26  45  -9  20   0 0.00    M    M  2.0  7  70   M    M   0 8      11 360
11  69  26  48  -5  17   0 0.00    M    M  0.4  6 300   M    M   0 8      10 300
12  71  30  51  -2  14   0 0.00    M    M  0.8  6 310   M    M   0 8      10 280
13  68  33  51  -1  14   0 0.00    M    M  0.3  6 140   M    M   0        11 150
14  71  32  52   0  13   0 0.00    M    M  0.1  5 120   M    M   0         8 140
15  69  34  52   0  13   0 0.00    M    M  0.3  6 140   M    M   0 8      11 140
16  65  34  50  -1  15   0 0.02    M    M  1.2  8 130   M    M   2 8      15 130
17  58  34  46  -5  19   0 0.04    M    M  2.0  9 300   M    M   3 1      14 310
18  60  32  46  -5  19   0    T    M    M  0.0  7  70   M    M   5         9  70
19  57  34  46  -4  19   0 0.15    M    M  2.6 13 350   M    M   6 1      22 330
20  59  33  46  -4  19   0 0.00    M    M  1.3 10 300   M    M   7        17 310
================================================================================
SM 1298  642       324   0  0.21    M     28.5          M       32
================================================================================
AV 64.9 32.1                               1.4 FASTST   M    M   2    MAX(MPH)
                                 MISC ---->  # 14 320               # 27  340
================================================================================
NOTES:
# LAST OF SEVERAL OCCURRENCES

COLUMN 17 PEAK WIND IN M.P.H.

PRELIMINARY LOCAL CLIMATOLOGICAL DATA (WS FORM: F-6) , PAGE 2

                                          STATION:  MT SHASTA CITY CA
                                          MONTH:    OCTOBER
                                          YEAR:     2019
                                          LATITUDE:   41 19 N
                                          LONGITUDE: 122 19 W

[TEMPERATURE DATA]      [PRECIPITATION DATA]       SYMBOLS USED IN COLUMN 16

AVERAGE MONTHLY: 48.5   TOTAL FOR MONTH:   0.21    1 = FOG OR MIST
DPTR FM NORMAL:  -4.8   DPTR FM NORMAL:   -0.88    2 = FOG REDUCING VISIBILITY
HIGHEST:    78 ON  7    GRTST 24HR  0.15 ON 19-19      TO 1/4 MILE OR LESS
LOWEST:     26 ON 11,10                            3 = THUNDER
                        SNOW, ICE PELLETS, HAIL    4 = ICE PELLETS
                        TOTAL MONTH:    M          5 = HAIL
                        GRTST 24HR    M  ON   M    6 = FREEZING RAIN OR DRIZZLE
                        GRTST DEPTH:  M  ON   M    7 = DUSTSTORM OR SANDSTORM:
                                                       VSBY 1/2 MILE OR LESS
                                                   8 = SMOKE OR HAZE
[NO. OF DAYS WITH]      [WEATHER - DAYS WITH]      9 = BLOWING SNOW
                                                   X = TORNADO
MAX 32 OR BELOW:   0    0.01 INCH OR MORE:   3
MAX 90 OR ABOVE:   0    0.10 INCH OR MORE:   1
MIN 32 OR BELOW:  10    0.50 INCH OR MORE:   0
MIN  0 OR BELOW:   0    1.00 INCH OR MORE:   0

[HDD (BASE 65) ]
TOTAL THIS MO.   324    CLEAR  (SCALE 0-3)  15
DPTR FM NORMAL    89    PTCLDY (SCALE 4-7)   5
TOTAL FM JUL 1   528    CLOUDY (SCALE 8-10)  0
DPTR FM NORMAL    56

[CDD (BASE 65) ]
TOTAL THIS MO.     0
DPTR FM NORMAL     0    [PRESSURE DATA]
TOTAL FM JAN 1   359    HIGHEST SLP  0.00 ON 14
DPTR FM NORMAL    72    LOWEST  SLP 29.81 ON 16

[REMARKS]
