227
CXUS51 KGYX 190900
CF6MHT
PRELIMINARY LOCAL CLIMATOLOGICAL DATA (WS FORM: F-6)

                                          STATION:   MANCHESTER
                                          MONTH:     SEPTEMBER
                                          YEAR:      2018
                                          LATITUDE:   42 55 N
                                          LONGITUDE:  71 26 W

  TEMPERATURE IN F:       :PCPN:    SNOW:  WIND      :SUNSHINE: SKY     :PK WND
================================================================================
1   2   3   4   5  6A  6B    7    8   9   10  11  12  13   14  15   16   17  18
                                     12Z  AVG MX 2MIN
DY MAX MIN AVG DEP HDD CDD  WTR  SNW DPTH SPD SPD DIR MIN PSBL S-S WX    SPD DR
================================================================================

 1  76  59  68   0   0   3 0.00  0.0    0  3.2 10 190   M    M   7        20 180
 2  84  60  72   4   0   7 0.00  0.0    0  5.0 13 190   M    M   6        17 170
 3  94  72  83  16   0  18 0.00  0.0    0  5.6 15 300   M    M   5        20 290
 4  90  70  80  13   0  15 0.00  0.0    0  4.8 15 330   M    M   5        18 340
 5  91  67  79  12   0  14 0.00  0.0    0  5.1 12 190   M    M   3 1      16 200
 6  93  71  82  16   0  17 0.14  0.0    0  6.9 29 340   M    M   4 13     36 350
 7  73  62  68   2   0   3 0.00  0.0    0  4.4 10 200   M    M   8        14  40
 8  69  54  62  -4   3   0 0.00  0.0    0  7.1 15 340   M    M   9        19 350
 9  63  51  57  -8   8   0 0.00  0.0    0  6.2 12 110   M    M   9        14  50
10  65  51  58  -7   7   0 0.67  0.0    0  6.5 16 120   M    M  10 1      23 110
11  76  59  68   3   0   3 0.56  0.0    0  3.9 12  80   M    M   9 1      17  70
12  69  66  68   4   0   3 0.31  0.0    0  3.5 12  70   M    M  10 1      15  60
13  76  64  70   6   0   5 0.01  0.0    0  3.5  9 180   M    M   7 12     13 190
14  79  61  70   7   0   5 0.00  0.0    0  3.1 12 120   M    M   8 12     13 130
15  77  63  70   7   0   5 0.00  0.0    0  1.8  9 140   M    M   6 12     10 150
16  87  62  75  13   0  10 0.00  0.0    0  1.9  8 120   M    M   4 12     11 130
17  85  65  75  13   0  10 0.01  0.0    0  5.8 14 210   M    M   7 12     18 240
18  79  67  73  11   0   8 3.86  0.0    0  5.2 13 190   M    M   7 1      19 190
================================================================================
SM 1426 1124        18 126  5.56     0.0  83.5          M      124
================================================================================
AV 79.2 62.4                               4.6 FASTST   M    M   7    MAX(MPH)
                                 MISC ---->  # 29 340               # 36  350
================================================================================
NOTES:
# LAST OF SEVERAL OCCURRENCES

COLUMN 17 PEAK WIND IN M.P.H.

PRELIMINARY LOCAL CLIMATOLOGICAL DATA (WS FORM: F-6) , PAGE 2

                                          STATION:  MANCHESTER
                                          MONTH:    SEPTEMBER
                                          YEAR:     2018
                                          LATITUDE:   42 55 N
                                          LONGITUDE:  71 26 W

[TEMPERATURE DATA]      [PRECIPITATION DATA]       SYMBOLS USED IN COLUMN 16

AVERAGE MONTHLY: 70.8   TOTAL FOR MONTH:   5.56    1 = FOG OR MIST
DPTR FM NORMAL:   5.8   DPTR FM NORMAL:    3.37    2 = FOG REDUCING VISIBILITY
HIGHEST:    94 ON  3    GRTST 24HR  3.86 ON 18-18      TO 1/4 MILE OR LESS
LOWEST:     51 ON 10, 9                            3 = THUNDER
                        SNOW, ICE PELLETS, HAIL    4 = ICE PELLETS
                        TOTAL MONTH:   0.0 INCH    5 = HAIL
                        GRTST 24HR     0.0         6 = FREEZING RAIN OR DRIZZLE
                        GRTST DEPTH:   0           7 = DUSTSTORM OR SANDSTORM:
                                                       VSBY 1/2 MILE OR LESS
                                                   8 = SMOKE OR HAZE
[NO. OF DAYS WITH]      [WEATHER - DAYS WITH]      9 = BLOWING SNOW
                                                   X = TORNADO
MAX 32 OR BELOW:   0    0.01 INCH OR MORE:   7
MAX 90 OR ABOVE:   4    0.10 INCH OR MORE:   5
MIN 32 OR BELOW:   0    0.50 INCH OR MORE:   3
MIN  0 OR BELOW:   0    1.00 INCH OR MORE:   1

[HDD (BASE 65) ]
TOTAL THIS MO.    18    CLEAR  (SCALE 0-3)   1
DPTR FM NORMAL   -25    PTCLDY (SCALE 4-7)  11
TOTAL FM JUL 1    18    CLOUDY (SCALE 8-10)  6
DPTR FM NORMAL   -43

[CDD (BASE 65) ]
TOTAL THIS MO.   126
DPTR FM NORMAL    82    [PRESSURE DATA]
TOTAL FM JAN 1  1043    HIGHEST SLP M ON M
DPTR FM NORMAL   413    LOWEST  SLP 29.69 ON 18

[REMARKS]
