000
CXUS52 KMFL 241000
CF6MIA
PRELIMINARY LOCAL CLIMATOLOGICAL DATA (WS FORM: F-6)

                                          STATION:   MIAMI
                                          MONTH:     MAY
                                          YEAR:      2020
                                          LATITUDE:   25 49 N
                                          LONGITUDE:  80 17 W

  TEMPERATURE IN F:       :PCPN:    SNOW:  WIND      :SUNSHINE: SKY     :PK WND
================================================================================
1   2   3   4   5  6A  6B    7    8   9   10  11  12  13   14  15   16   17  18
                                     12Z  AVG MX 2MIN
DY MAX MIN AVG DEP HDD CDD  WTR  SNW DPTH SPD SPD DIR MIN PSBL S-S WX    SPD DR
================================================================================

 1  85  64  75  -3   0  10 0.00  0.0    0  5.9 15 330   M    M   2        23 330
 2  84  69  77  -1   0  12 0.00  0.0    0  6.9 18  90   M    M   6        22  90
 3  84  69  77  -1   0  12 0.00  0.0    0  6.9 14  90   M    M   5        20  90
 4  87  70  79   1   0  14 0.00  0.0    0  4.7 16 110   M    M   2        21 110
 5  88  73  81   3   0  16 0.00  0.0    0  5.4 16 140   M    M   2        23 140
 6  92  74  83   4   0  18 0.00  0.0    0  7.2 17 250   M    M   4        26 270
 7  87  71  79   0   0  14 0.00  0.0    0  8.5 16 350   M    M   7        21 330
 8  83  66  75  -4   0  10 0.00  0.0    0  7.1 16 130   M    M   5        30 110
 9  88  70  79   0   0  14 0.00  0.0    0  7.0 17  90   M    M   5        24  90
10  80  71  76  -3   0  11 0.26  0.0    0  6.8 15  90   M    M  10 18     18  90
11  85  72  79   0   0  14    T  0.0    0  8.9 20  70   M    M   6        27  50
12  85  73  79  -1   0  14 0.00  0.0    0 12.4 20  70   M    M   5        31  80
13  84  75  80   0   0  15    T  0.0    0 16.6 24  80   M    M   7        32  70
14  80  74  77  -3   0  12 0.07  0.0    0 16.3 28  90   M    M  10 1      35  90
15  81  72  77  -3   0  12 1.70  0.0    0  8.6 22  80   M    M   9 13     28  60
16  89  71  80   0   0  15    T  0.0    0  8.6 17 230   M    M   6 12     23 220
17  89  73  81   1   0  16 0.21  0.0    0  6.3 25 110   M    M   6 13     30 110
18  86  70  78  -2   0  13 1.48  0.0    0  4.1 18 140   M    M   9 13     27 160
19  88  73  81   1   0  16 0.20  0.0    0  7.5 17 220   M    M   8 13     24 220
20  94  75  85   4   0  20    T  0.0    0  6.9 21  90   M    M   5 13     25  90
21  91  77  84   3   0  19    T  0.0    0  7.2 17 110   M    M   5 3      20 100
22  88  73  81   0   0  16 0.13  0.0    0 11.2 21 100   M    M   7 13     25 110
23  87  75  81   0   0  16 0.16  0.0    0 13.0 21 130   M    M   9        27  80
================================================================================
SM 1985 1650         0 329  4.21     0.0 194.0          M      140
================================================================================
AV 86.3 71.7                               8.4 FASTST   M    M   6    MAX(MPH)
                                 MISC ---->  # 28  90               # 35   90
================================================================================
NOTES:
# LAST OF SEVERAL OCCURRENCES

COLUMN 17 PEAK WIND IN M.P.H.

PRELIMINARY LOCAL CLIMATOLOGICAL DATA (WS FORM: F-6) , PAGE 2

                                          STATION:  MIAMI
                                          MONTH:    MAY
                                          YEAR:     2020
                                          LATITUDE:   25 49 N
                                          LONGITUDE:  80 17 W

[TEMPERATURE DATA]      [PRECIPITATION DATA]       SYMBOLS USED IN COLUMN 16

AVERAGE MONTHLY: 79.0   TOTAL FOR MONTH:   4.21    1 = FOG OR MIST
DPTR FM NORMAL:  -0.5   DPTR FM NORMAL:    0.81    2 = FOG REDUCING VISIBILITY
HIGHEST:    94 ON 20    GRTST 24HR  1.70 ON 15-15      TO 1/4 MILE OR LESS
LOWEST:     64 ON  1                               3 = THUNDER
                        SNOW, ICE PELLETS, HAIL    4 = ICE PELLETS
                        TOTAL MONTH:   0.0 INCH    5 = HAIL
                        GRTST 24HR     0.0         6 = FREEZING RAIN OR DRIZZLE
                        GRTST DEPTH:   0           7 = DUSTSTORM OR SANDSTORM:
                                                       VSBY 1/2 MILE OR LESS
                                                   8 = SMOKE OR HAZE
[NO. OF DAYS WITH]      [WEATHER - DAYS WITH]      9 = BLOWING SNOW
                                                   X = TORNADO
MAX 32 OR BELOW:   0    0.01 INCH OR MORE:   8
MAX 90 OR ABOVE:   3    0.10 INCH OR MORE:   7
MIN 32 OR BELOW:   0    0.50 INCH OR MORE:   2
MIN  0 OR BELOW:   0    1.00 INCH OR MORE:   2

[HDD (BASE 65) ]
TOTAL THIS MO.     0    CLEAR  (SCALE 0-3)   3
DPTR FM NORMAL     0    PTCLDY (SCALE 4-7)  14
TOTAL FM JUL 1    42    CLOUDY (SCALE 8-10)  6
DPTR FM NORMAL   -86

[CDD (BASE 65) ]
TOTAL THIS MO.   329
DPTR FM NORMAL    -3    [PRESSURE DATA]
TOTAL FM JAN 1  1711    HIGHEST SLP M ON M
DPTR FM NORMAL   486    LOWEST  SLP 29.81 ON 16

[REMARKS]
