000
CXUS53 KIND 170730
CF6MIE
PRELIMINARY LOCAL CLIMATOLOGICAL DATA (WS FORM: F-6)

                                          STATION:   MUNCIE IN
                                          MONTH:     JULY
                                          YEAR:      2018
                                          LATITUDE:   40 13 N
                                          LONGITUDE:  85 23 W

  TEMPERATURE IN F:       :PCPN:    SNOW:  WIND      :SUNSHINE: SKY     :PK WND
================================================================================
1   2   3   4   5  6A  6B    7    8   9   10  11  12  13   14  15   16   17  18
                                     12Z  AVG MX 2MIN
DY MAX MIN AVG DEP HDD CDD  WTR  SNW DPTH SPD SPD DIR MIN PSBL S-S WX    SPD DR
================================================================================

 1  93  77  85  10   0  20 0.00    M    M  9.2 18 190   M    M   1        25 220
 2  89  75  82   7   0  17    T    M    M  4.5 14 180   M    M   3 1      17 180
 3  93  73  83   8   0  18 0.00    M    M  4.7 22 170   M    M   1 13     29 190
 4  92  73  83   8   0  18    T    M    M  3.5 12 210   M    M   2 138    12 150
 5  92  74  83   8   0  18 0.14    M    M  5.5 24 310   M    M   2 138    34 320
 6  83  60  72  -3   0   7 0.00    M    M  9.2 18  40   M    M   2 1      24  20
 7  82  53  68  -7   0   3 0.00    M    M  7.6 16  70   M    M   0        26  80
 8  87  55  71  -4   0   6 0.00    M    M  3.4  9  10   M    M   0        17  60
 9  90  64  77   2   0  12 0.00    M    M  5.1 14 310   M    M   1        20 270
10  92  72  82   7   0  17 0.01    M    M  6.6 21 330   M    M   1        26 340
11  87  66  77   2   0  12 0.00    M    M  7.9 15  50   M    M   1        21  80
12  86  58  72  -3   0   7 0.00    M    M  4.1 14  90   M    M   0        18 130
13  92  61  77   2   0  12 0.00    M    M  2.7 46 190   M    M   0        46 190
14  92  67  80   5   0  15 0.00    M    M  3.6 14 320   M    M   0        17 320
15  92  72  82   7   0  17    T    M    M  4.4 15 210   M    M   3 138    21 210
16  91  75  83   8   0  18    T    M    M  6.3 17 310   M    M   5 3      24 290
================================================================================
SM 1433 1075         0 217  0.15    M     88.3          M       22
================================================================================
AV 89.6 67.2                               5.5 FASTST   M    M   1    MAX(MPH)
                                 MISC ---->  # 46 190               # 46  190
================================================================================
NOTES:
# LAST OF SEVERAL OCCURRENCES

COLUMN 17 PEAK WIND IN M.P.H.

PRELIMINARY LOCAL CLIMATOLOGICAL DATA (WS FORM: F-6) , PAGE 2

                                          STATION:  MUNCIE IN
                                          MONTH:    JULY
                                          YEAR:     2018
                                          LATITUDE:   40 13 N
                                          LONGITUDE:  85 23 W

[TEMPERATURE DATA]      [PRECIPITATION DATA]       SYMBOLS USED IN COLUMN 16

AVERAGE MONTHLY: 78.4   TOTAL FOR MONTH:   0.15    1 = FOG OR MIST
DPTR FM NORMAL:   3.4   DPTR FM NORMAL:   -2.18    2 = FOG REDUCING VISIBILITY
HIGHEST:    93 ON  3, 1 GRTST 24HR  0.14 ON  5- 5      TO 1/4 MILE OR LESS
LOWEST:     53 ON  7                               3 = THUNDER
                        SNOW, ICE PELLETS, HAIL    4 = ICE PELLETS
                        TOTAL MONTH:    M          5 = HAIL
                        GRTST 24HR    M  ON   M    6 = FREEZING RAIN OR DRIZZLE
                        GRTST DEPTH:  M  ON   M    7 = DUSTSTORM OR SANDSTORM:
                                                       VSBY 1/2 MILE OR LESS
                                                   8 = SMOKE OR HAZE
[NO. OF DAYS WITH]      [WEATHER - DAYS WITH]      9 = BLOWING SNOW
                                                   X = TORNADO
MAX 32 OR BELOW:   0    0.01 INCH OR MORE:   2
MAX 90 OR ABOVE:  10    0.10 INCH OR MORE:   1
MIN 32 OR BELOW:   0    0.50 INCH OR MORE:   0
MIN  0 OR BELOW:   0    1.00 INCH OR MORE:   0

[HDD (BASE 65) ]
TOTAL THIS MO.     0    CLEAR  (SCALE 0-3)  15
DPTR FM NORMAL     0    PTCLDY (SCALE 4-7)   1
TOTAL FM JUL 1     0    CLOUDY (SCALE 8-10)  0
DPTR FM NORMAL     0

[CDD (BASE 65) ]
TOTAL THIS MO.   217
DPTR FM NORMAL    57    [PRESSURE DATA]
TOTAL FM JAN 1   800    HIGHEST SLP M ON M
DPTR FM NORMAL   341    LOWEST  SLP 29.86 ON 16

[REMARKS]
