000
CXUS53 KIND 280700
CF6MIE
PRELIMINARY LOCAL CLIMATOLOGICAL DATA (WS FORM: F-6)

                                          STATION:   MUNCIE IN
                                          MONTH:     FEBRUARY
                                          YEAR:      2020
                                          LATITUDE:   40 13 N
                                          LONGITUDE:  85 23 W

  TEMPERATURE IN F:       :PCPN:    SNOW:  WIND      :SUNSHINE: SKY     :PK WND
================================================================================
1   2   3   4   5  6A  6B    7    8   9   10  11  12  13   14  15   16   17  18
                                     12Z  AVG MX 2MIN
DY MAX MIN AVG DEP HDD CDD  WTR  SNW DPTH SPD SPD DIR MIN PSBL S-S WX    SPD DR
================================================================================

 1  41  33  37  10  28   0    T    M    M  8.9 25 270   M    M  10 18     36 280
 2  63  36  50  23  15   0 0.00    M    M 15.0 29 270   M    M   3        46 270
 3  64  33  49  22  16   0 0.00    M    M  7.4 18 210   M    M   2        30 230
 4  61  34  48  21  17   0 0.26    M    M 12.0 23  40   M    M   9 18     31  40
 5  35  30  33   6  32   0 0.19    M    M 14.1 22  60   M    M  10 168    30  60
 6  30  27  29   1  36   0    T    M    M 10.5 18  60   M    M  10 168    24  60
 7  34  26  30   2  35   0    T    M    M  9.8 17 320   M    M   6 8      24 310
 8  34  29  32   4  33   0 0.01    M    M  6.6 12 280   M    M  10 18     17 280
 9  43  27  35   7  30   0 0.54    M    M 11.4 24 180   M    M   7 1268   36 180
10  45  35  40  12  25   0 0.14    M    M  6.9 14 210   M    M  10 128    22 200
11  40  32  36   8  29   0 0.00    M    M  6.6 17 270   M    M   7 8      25 290
12  38  28  33   4  32   0 0.16    M    M  5.8 14  10   M    M   5 1268   18 360
13  35  13  24  -5  41   0 0.01    M    M 12.5 24 270   M    M  10 18     32 260
14  15   3   9 -20  56   0 0.00    M    M  6.8 17 290   M    M   4        23 290
15  42   8  25  -5  40   0    T    M    M 11.6 22 190   M    M   6        32 190
16  42  28  35   5  30   0 0.00    M    M  3.7 14 240   M    M   3 8      21 240
17  45  27  36   6  29   0 0.20    M    M  8.2 18 130   M    M   6 18     26 130
18  50  31  41  11  24   0    T    M    M 11.1 20 290   M    M   8 18     27 270
19  39  26  33   2  32   0 0.00    M    M  7.4 14 360   M    M   1 8      18 350
20  30  20  25  -6  40   0 0.00    M    M  9.9 17  30   M    M   5        26  20
21  36  16  26  -5  39   0 0.00    M    M  7.4 15 270   M    M   0        21 230
22  49  26  38   6  27   0 0.00    M    M  9.5 17 240   M    M   0        24 250
23  54  35  45  13  20   0 0.00    M    M 10.1 17 210   M    M   3        25 220
24  46  39  43  11  22   0 0.08    M    M  8.3 21 140   M    M   7 1      21 140
25  42  36  39   7  26   0 0.19    M    M 12.9 21  60   M    M  10 18     27  80
26  36  27  32  -1  33   0 0.01    M    M 14.2 25 320   M    M  10 128    36 310
27  32  25  29  -4  36   0    T    M    M 13.3 26 280   M    M   9        34 290
================================================================================
SM 1121  730       823   0  1.79    M    261.9          M      171
================================================================================
AV 41.5 27.0                               9.7 FASTST   M    M   6    MAX(MPH)
                                 MISC ---->    29 270                 46 270
================================================================================
NOTES:
# LAST OF SEVERAL OCCURRENCES

COLUMN 17 PEAK WIND IN M.P.H.

PRELIMINARY LOCAL CLIMATOLOGICAL DATA (WS FORM: F-6) , PAGE 2

                                          STATION:   MUNCIE IN
                                          MONTH:     FEBRUARY
                                          YEAR:      2020
                                          LATITUDE:   40 13 N
                                          LONGITUDE:  85 23 W

[TEMPERATURE DATA]      [PRECIPITATION DATA]       SYMBOLS USED IN COLUMN 16

AVERAGE MONTHLY: 34.3   TOTAL FOR MONTH:   1.79    1 = FOG OR MIST
DPTR FM NORMAL:   4.8   DPTR FM NORMAL:   -0.43    2 = FOG REDUCING VISIBILITY
HIGHEST:    64 ON  3    GRTST 24HR  0.68 ON  9-10      TO 1/4 MILE OR LESS
LOWEST:      3 ON 14                               3 = THUNDER
                        SNOW, ICE PELLETS, HAIL    4 = ICE PELLETS
                        TOTAL MONTH:  M            5 = HAIL
                        GRTST 24HR    M  ON   M    6 = FREEZING RAIN OR DRIZZLE
                        GRTST DEPTH:  M  ON   M    7 = DUSTSTORM OR SANDSTORM:
                                                       VSBY 1/2 MILE OR LESS
                                                   8 = SMOKE OR HAZE
[NO. OF DAYS WITH]      [WEATHER - DAYS WITH]      9 = BLOWING SNOW
                                                   X = TORNADO
MAX 32 OR BELOW:   4    0.01 INCH OR MORE:  11
MAX 90 OR ABOVE:   0    0.10 INCH OR MORE:   7
MIN 32 OR BELOW:  19    0.50 INCH OR MORE:   1
MIN  0 OR BELOW:   0    1.00 INCH OR MORE:   0

[HDD (BASE 65) ]
TOTAL THIS MO.   823    CLEAR  (SCALE 0-3)   6
DPTR FM NORMAL  -134    PTCLDY (SCALE 4-7)  11
TOTAL FM JUL 1  3582    CLOUDY (SCALE 8-10) 10
DPTR FM NORMAL  -768

[CDD (BASE 65) ]
TOTAL THIS MO.     0
DPTR FM NORMAL     0    [PRESSURE DATA]
TOTAL FM JAN 1     0    HIGHEST SLP M ON M
DPTR FM NORMAL     0    LOWEST  SLP 29.46 ON  7

[REMARKS]
