000
CXUS53 KIND 230730
CF6MIE
PRELIMINARY LOCAL CLIMATOLOGICAL DATA (WS FORM: F-6)

                                          STATION:   MUNCIE IN
                                          MONTH:     JANUARY
                                          YEAR:      2019
                                          LATITUDE:   40 13 N
                                          LONGITUDE:  85 23 W

  TEMPERATURE IN F:       :PCPN:    SNOW:  WIND      :SUNSHINE: SKY     :PK WND
================================================================================
1   2   3   4   5  6A  6B    7    8   9   10  11  12  13   14  15   16   17  18
                                     12Z  AVG MX 2MIN
DY MAX MIN AVG DEP HDD CDD  WTR  SNW DPTH SPD SPD DIR MIN PSBL S-S WX    SPD DR
================================================================================

 1  44  37  41  14  24   0 0.00    M    M  9.0 29 270   M    M  10 1      42 270
 2  40  33  37  10  28   0    T    M    M  9.2 18 290   M    M  10 18     28 290
 3  41  29  35   8  30   0 0.00    M    M  9.0 17 280   M    M   5        25 290
 4  53  29  41  14  24   0 0.00    M    M  4.7 10 310   M    M   0 18     16 230
 5  55  32  44  17  21   0 0.00    M    M  8.8 16 250   M    M   0 18     22 240
 6  47  29  38  11  27   0 0.00    M    M  8.0 17 100   M    M   1 12     22 100
 7  56  41  49  22  16   0    T    M    M 14.3 23 210   M    M   4        38 220
 8  59  39  49  22  16   0 0.00    M    M 16.1 32 280   M    M   6        48 260
 9  39  21  30   4  35   0    T    M    M 16.9 31 290   M    M  10        44 270
10  28  21  25  -1  40   0    T    M    M  9.1 16 330   M    M  10        22 330
11  31  27  29   3  36   0 0.00    M    M  4.4 10 120   M    M   6        14 130
12  31  29  30   4  35   0 0.25    M    M 10.6 17  80   M    M  10 128    22  90
13  30  14  22  -4  43   0    T    M    M 12.4 20  60   M    M   8 18     26  60
14  29  10  20  -6  45   0 0.00    M    M  3.2  9 270   M    M   3 128    12 260
15  32  17  25  -1  40   0    T    M    M  9.3 18 240   M    M  10 18     27 260
16  36  31  34   8  31   0    T    M    M  6.9 17 280   M    M  10 168    27 280
17  38  33  36  10  29   0 0.06    M    M  7.1 12 310   M    M  10 18     16 300
18  36  33  35   9  30   0 0.00    M    M  6.5 14 110   M    M  10 18     17 110
19  34  18  26   0  39   0 0.34    M    M 20.3 33  20   M    M  10 168    42  10
20  18   6  12 -14  53   0    T    M    M 12.4 28 360   M    M   5 9      35 360
21  12  -4   4 -22  61   0 0.00    M    M  7.3 15 130   M    M   1        19 140
22  44  12  28   2  37   0    T    M    M 14.7 24 190   M    M   5        41 200
================================================================================
SM  833  537       740   0  0.65    M    220.2          M      144
================================================================================
AV 37.9 24.4                              10.0 FASTST   M    M   7    MAX(MPH)
                                 MISC ---->  # 33  20               # 48  260
================================================================================
NOTES:
# LAST OF SEVERAL OCCURRENCES

COLUMN 17 PEAK WIND IN M.P.H.

PRELIMINARY LOCAL CLIMATOLOGICAL DATA (WS FORM: F-6) , PAGE 2

                                          STATION:  MUNCIE IN
                                          MONTH:    JANUARY
                                          YEAR:     2019
                                          LATITUDE:   40 13 N
                                          LONGITUDE:  85 23 W

[TEMPERATURE DATA]      [PRECIPITATION DATA]       SYMBOLS USED IN COLUMN 16

AVERAGE MONTHLY: 31.1   TOTAL FOR MONTH:   0.65    1 = FOG OR MIST
DPTR FM NORMAL:   4.8   DPTR FM NORMAL:   -0.91    2 = FOG REDUCING VISIBILITY
HIGHEST:    59 ON  8    GRTST 24HR  1.39 ON 31- 1      TO 1/4 MILE OR LESS
LOWEST:     -4 ON 21                               3 = THUNDER
                        SNOW, ICE PELLETS, HAIL    4 = ICE PELLETS
                        TOTAL MONTH:    M          5 = HAIL
                        GRTST 24HR    M  ON   M    6 = FREEZING RAIN OR DRIZZLE
                        GRTST DEPTH:  M  ON   M    7 = DUSTSTORM OR SANDSTORM:
                                                       VSBY 1/2 MILE OR LESS
                                                   8 = SMOKE OR HAZE
[NO. OF DAYS WITH]      [WEATHER - DAYS WITH]      9 = BLOWING SNOW
                                                   X = TORNADO
MAX 32 OR BELOW:   8    0.01 INCH OR MORE:   3
MAX 90 OR ABOVE:   0    0.10 INCH OR MORE:   2
MIN 32 OR BELOW:  16    0.50 INCH OR MORE:   0
MIN  0 OR BELOW:   1    1.00 INCH OR MORE:   0

[HDD (BASE 65) ]
TOTAL THIS MO.   740    CLEAR  (SCALE 0-3)   5
DPTR FM NORMAL  -109    PTCLDY (SCALE 4-7)   7
TOTAL FM JUL 1  2802    CLOUDY (SCALE 8-10) 10
DPTR FM NORMAL  -245

[CDD (BASE 65) ]
TOTAL THIS MO.     0
DPTR FM NORMAL     0    [PRESSURE DATA]
TOTAL FM JAN 1     0    HIGHEST SLP  0.00 ON 22
DPTR FM NORMAL     0    LOWEST  SLP 29.65 ON  4

[REMARKS]
