000
CXUS53 KDMX 190920
CF6MIW
PRELIMINARY LOCAL CLIMATOLOGICAL DATA (WS FORM: F-6)

                                          STATION:   MARSHALLTOWN IA
                                          MONTH:     OCTOBER
                                          YEAR:      2019
                                          LATITUDE:   42  6 N
                                          LONGITUDE:  92 55 W

  TEMPERATURE IN F:       :PCPN:    SNOW:  WIND      :SUNSHINE: SKY     :PK WND
================================================================================
1   2   3   4   5  6A  6B    7    8   9   10  11  12  13   14  15   16   17  18
                                     12Z  AVG MX 2MIN
DY MAX MIN AVG DEP HDD CDD  WTR  SNW DPTH SPD SPD DIR MIN PSBL S-S WX    SPD DR
================================================================================

 1  76  62  69  13   0   4 0.86  0.0    0  6.7 21 340   M    M   8 13     28 330
 2  62  55  59   3   6   0 0.35  0.0    0  9.2 20 350   M    M  10 1      26 330
 3  55  42  49  -6  16   0 0.00  0.0    0 12.4 25 290   M    M   7        35 290
 4  58  42  50  -5  15   0 0.00  0.0    0  8.1 17 110   M    M   6        22 120
 5  64  45  55   1  10   0 1.31  0.0    0 12.5 24 150   M    M   7 13     35 160
 6  65  41  53  -1  12   0 0.00  0.0    0  8.1 18 280   M    M   0        26 260
 7  69  38  54   0  11   0 0.00  0.0    0  5.7 16 280   M    M   0        22 260
 8  69  46  58   5   7   0 0.00  0.0    0 11.1 24 190   M    M   0        32 190
 9  66  45  56   3   9   0 0.35  0.0    0 10.4 21 170   M    M   1 13     30 170
10  63  41  52   0  13   0 0.31  0.0    0 13.0 23 290   M    M   9 13     31 290
11  41  31  36 -16  29   0    T  0.0    0 17.1 26 260   M    M   8        37 250
12  53  28  41 -11  24   0 0.00  0.0    0 16.1 37 230   M    M   2        49 240
13  47  31  39 -12  26   0 0.00  0.0    0 11.4 23 270   M    M   9        31 250
14  58  27  43  -8  22   0 0.00  0.0    0  5.8 14 170   M    M   0        19 200
15  57  41  49  -1  16   0 0.00  0.0    0 15.8 30 300   M    M   4        39 310
16  49  34  42  -8  23   0 0.00  0.0    0  9.7 21 310   M    M   6        27 330
17  60  29  45  -5  20   0 0.00  0.0    0  7.4 15 130   M    M   0        19 130
18  69  42  56   7   9   0 0.00  0.0    0 17.3 31 150   M    M   0        44 160
================================================================================
SM 1081  720       268   4  3.18     0.0 197.8          M       77
================================================================================
AV 60.1 40.0                              11.0 FASTST   M    M   4    MAX(MPH)
                                 MISC ---->  # 37 230               # 49  240
================================================================================
NOTES:
# LAST OF SEVERAL OCCURRENCES

COLUMN 17 PEAK WIND IN M.P.H.

PRELIMINARY LOCAL CLIMATOLOGICAL DATA (WS FORM: F-6) , PAGE 2

                                          STATION:  MARSHALLTOWN IA
                                          MONTH:    OCTOBER
                                          YEAR:     2019
                                          LATITUDE:   42  6 N
                                          LONGITUDE:  92 55 W

[TEMPERATURE DATA]      [PRECIPITATION DATA]       SYMBOLS USED IN COLUMN 16

AVERAGE MONTHLY: 50.0   TOTAL FOR MONTH:   3.18    1 = FOG OR MIST
DPTR FM NORMAL:  -2.6   DPTR FM NORMAL:    1.89    2 = FOG REDUCING VISIBILITY
HIGHEST:    76 ON  1    GRTST 24HR  1.31 ON  5- 5      TO 1/4 MILE OR LESS
LOWEST:     27 ON 14                               3 = THUNDER
                        SNOW, ICE PELLETS, HAIL    4 = ICE PELLETS
                        TOTAL MONTH:   0.0 INCH    5 = HAIL
                        GRTST 24HR     0.0         6 = FREEZING RAIN OR DRIZZLE
                        GRTST DEPTH:   0           7 = DUSTSTORM OR SANDSTORM:
                                                       VSBY 1/2 MILE OR LESS
                                                   8 = SMOKE OR HAZE
[NO. OF DAYS WITH]      [WEATHER - DAYS WITH]      9 = BLOWING SNOW
                                                   X = TORNADO
MAX 32 OR BELOW:   0    0.01 INCH OR MORE:   5
MAX 90 OR ABOVE:   0    0.10 INCH OR MORE:   5
MIN 32 OR BELOW:   5    0.50 INCH OR MORE:   2
MIN  0 OR BELOW:   0    1.00 INCH OR MORE:   1

[HDD (BASE 65) ]
TOTAL THIS MO.   268    CLEAR  (SCALE 0-3)   8
DPTR FM NORMAL    37    PTCLDY (SCALE 4-7)   6
TOTAL FM JUL 1   319    CLOUDY (SCALE 8-10)  4
DPTR FM NORMAL   -72

[CDD (BASE 65) ]
TOTAL THIS MO.     4
DPTR FM NORMAL    -6    [PRESSURE DATA]
TOTAL FM JAN 1   734    HIGHEST SLP M ON M
DPTR FM NORMAL     6    LOWEST  SLP 29.61 ON 18

[REMARKS]
