000
CXUS53 KDMX 240920
CF6MIW
PRELIMINARY LOCAL CLIMATOLOGICAL DATA (WS FORM: F-6)

                                          STATION:   MARSHALLTOWN IA
                                          MONTH:     JUNE
                                          YEAR:      2018
                                          LATITUDE:   42  6 N
                                          LONGITUDE:  92 55 W

  TEMPERATURE IN F:       :PCPN:    SNOW:  WIND      :SUNSHINE: SKY     :PK WND
================================================================================
1   2   3   4   5  6A  6B    7    8   9   10  11  12  13   14  15   16   17  18
                                     12Z  AVG MX 2MIN
DY MAX MIN AVG DEP HDD CDD  WTR  SNW DPTH SPD SPD DIR MIN PSBL S-S WX    SPD DR
================================================================================

 1  92  64  78  12   0  13 0.00  0.0    0  7.1 21 120   M    M   0        31 120
 2  80  59  70   4   0   5 0.15  0.0    0 14.1 30 290   M    M   4 1      42 290
 3  78  54  66   0   0   1 0.00  0.0    0 16.0 31 310   M    M   0        46 280
 4  83  50  67   0   0   2 0.00  0.0    0  9.9 20 230   M    M   0        27 230
 5  89  57  73   6   0   8 0.00  0.0    0  8.6 16 270   M    M   0        22 260
 6  89  62  76   9   0  11 0.77  0.0    0 11.3 33 280   M    M   0 13     53 280
 7  84  61  73   5   0   8 0.01  0.0    0  4.8 13  50   M    M   2 3      18  30
 8  86  66  76   8   0  11 0.00  0.0    0 11.3 23  90   M    M   2        29  90
 9  88  67  78  10   0  13 0.03  0.0    0 11.0 24 110   M    M   2 13     29 230
10  78  64  71   3   0   6    T  0.0    0 11.1 24  80   M    M   8        34  70
11  79  63  71   2   0   6    T  0.0    0 14.2 24 110   M    M   8 1      32 100
12  86  66  76   7   0  11    T  0.0    0  6.7 21 110   M    M   4 1      29 120
13  82  57  70   1   0   5 0.06  0.0    0  6.4 20 340   M    M   1 1      26 350
14  73  59  66  -3   0   1 0.85  0.0    0 13.0 26 100   M    M   3 1      35 130
15  91  65  78   8   0  13 0.00  0.0    0 12.6 22 180   M    M   0        30 190
16  91  72  82  12   0  17 0.00  0.0    0 13.4 23 190   M    M   0        30 180
17  92  74  83  13   0  18 0.00  0.0    0 13.1 22 210   M    M   1        30 230
18  92  70  81  11   0  16 0.18  0.0    0 10.8 22 350   M    M   3 13     28 290
19  80  70  75   5   0  10 0.60  0.0    0  5.0 14 270   M    M   5 13     18 270
20  80  68  74   3   0   9 0.81  0.0    0  9.2 22 130   M    M   8 13     29 130
21  75  59  67  -4   0   2 0.39  0.0    0 10.1 22  60   M    M   8 13     31  70
22  72  59  66  -5   0   1 0.01  0.0    0  9.0 17  40   M    M   9 1      23  40
23  80  57  69  -2   0   4 0.00  0.0    0  4.0  9 200   M    M   5 1      13 200
================================================================================
SM 1920 1443         0 191  3.86     0.0 232.7          M       73
================================================================================
AV 83.5 62.7                              10.1 FASTST   M    M   3    MAX(MPH)
                                 MISC ---->  # 33 280               # 53  280
================================================================================
NOTES:
# LAST OF SEVERAL OCCURRENCES

COLUMN 17 PEAK WIND IN M.P.H.

PRELIMINARY LOCAL CLIMATOLOGICAL DATA (WS FORM: F-6) , PAGE 2

                                          STATION:  MARSHALLTOWN IA
                                          MONTH:    JUNE
                                          YEAR:     2018
                                          LATITUDE:   42  6 N
                                          LONGITUDE:  92 55 W

[TEMPERATURE DATA]      [PRECIPITATION DATA]       SYMBOLS USED IN COLUMN 16

AVERAGE MONTHLY: 73.1   TOTAL FOR MONTH:   3.86    1 = FOG OR MIST
DPTR FM NORMAL:   4.4   DPTR FM NORMAL:   -0.13    2 = FOG REDUCING VISIBILITY
HIGHEST:    92 ON 18,17 GRTST 24HR  0.85 ON 14-14      TO 1/4 MILE OR LESS
LOWEST:     50 ON  4                               3 = THUNDER
                        SNOW, ICE PELLETS, HAIL    4 = ICE PELLETS
                        TOTAL MONTH:   0.0 INCH    5 = HAIL
                        GRTST 24HR     0.0         6 = FREEZING RAIN OR DRIZZLE
                        GRTST DEPTH:   0           7 = DUSTSTORM OR SANDSTORM:
                                                       VSBY 1/2 MILE OR LESS
                                                   8 = SMOKE OR HAZE
[NO. OF DAYS WITH]      [WEATHER - DAYS WITH]      9 = BLOWING SNOW
                                                   X = TORNADO
MAX 32 OR BELOW:   0    0.01 INCH OR MORE:  11
MAX 90 OR ABOVE:   5    0.10 INCH OR MORE:   7
MIN 32 OR BELOW:   0    0.50 INCH OR MORE:   4
MIN  0 OR BELOW:   0    1.00 INCH OR MORE:   0

[HDD (BASE 65) ]
TOTAL THIS MO.     0    CLEAR  (SCALE 0-3)  14
DPTR FM NORMAL   -28    PTCLDY (SCALE 4-7)   7
TOTAL FM JUL 1  6971    CLOUDY (SCALE 8-10)  2
DPTR FM NORMAL   -41

[CDD (BASE 65) ]
TOTAL THIS MO.   191
DPTR FM NORMAL    78    [PRESSURE DATA]
TOTAL FM JAN 1   346    HIGHEST SLP M ON M
DPTR FM NORMAL   183    LOWEST  SLP 29.62 ON 12

[REMARKS]
