000
CXUS53 KMKX 220900
CF6MKE
PRELIMINARY LOCAL CLIMATOLOGICAL DATA (WS FORM: F-6)

                                          STATION:   MILWAUKEE  WI
                                          MONTH:     FEBRUARY
                                          YEAR:      2019
                                          LATITUDE:   42 57 N
                                          LONGITUDE:  87 54 W

  TEMPERATURE IN F:       :PCPN:    SNOW:  WIND      :SUNSHINE: SKY     :PK WND
================================================================================
1   2   3   4   5  6A  6B    7    8   9   10  11  12  13   14  15   16   17  18
                                     12Z  AVG MX 2MIN
DY MAX MIN AVG DEP HDD CDD  WTR  SNW DPTH SPD SPD DIR MIN PSBL S-S WX    SPD DR
================================================================================

 1  18  -2   8 -15  57   0    T  0.2   12  4.8 14 210   M    M   8        19 280
 2  41  14  28   5  37   0    T  0.0   12  8.8 23 250   M    M   8 18     34 260
 3  43  38  41  18  24   0 0.01  0.0   11 11.1 18 220   M    M  10 12     25 210
 4  48  30  39  16  26   0 0.07  0.0    6 11.2 20 220   M    M   9 128    28 220
 5  33  25  29   5  36   0 0.47  0.5    1 11.5 24  70   M    M  10 13468  34  60
 6  34  31  33   9  32   0 0.04  0.0    1  9.8 20  20   M    M  10 16     28  20
 7  37  11  24   0  41   0 0.48    T    T 13.3 32 260   M    M  10 168    47 260
 8  14   5  10 -14  55   0    T    T    T 15.9 28 250   M    M   5 8      40 260
 9  21   3  12 -12  53   0 0.00  0.0    0  5.1 15 300   M    M   5        21 300
10  30  21  26   2  39   0 0.07  0.1    0 10.1 20 110   M    M  10 18     23 110
11  31  28  30   5  35   0 0.07  0.8    0 15.8 28 100   M    M  10 18     38 100
12  34  24  29   4  36   0 0.84  8.3    6 13.2 26  80   M    M  10 146    37  80
13  28  19  24  -1  41   0    T    T    8 13.8 24 280   M    M   5 8      37 270
14  43  21  32   6  33   0    T    T    7  7.5 24 290   M    M   9 8      37 290
15  28   8  18  -8  47   0    T    T    5 13.6 26 300   M    M   2        39 310
16  29  12  21  -5  44   0 0.00  0.0    5  9.1 18 110   M    M   7        24 110
17  28  26  27   1  38   0 0.25  4.8    5 14.3 21  50   M    M  10 129    27  40
18  30  16  23  -4  42   0 0.09  1.7   10  8.0 15  10   M    M   6        21  20
19  30   3  17 -10  48   0 0.00  0.0    9  4.1 14 140   M    M   7        16 160
20  36  18  27   0  38   0 0.14  0.4    8 17.6 28 250   M    M  10 168    45 240
21  34  22  28   0  37   0 0.00  0.0    7  9.6 24 250   M    M   4 8      38 240
================================================================================
SM  670  373       839   0  2.53    16.8 228.2          M      165
================================================================================
AV 31.9 17.8                              10.9 FASTST   M    M   8    MAX(MPH)
                                 MISC ---->  # 32 260               # 47  260
================================================================================
NOTES:
# LAST OF SEVERAL OCCURRENCES

COLUMN 17 PEAK WIND IN M.P.H.

PRELIMINARY LOCAL CLIMATOLOGICAL DATA (WS FORM: F-6) , PAGE 2

                                          STATION:  MILWAUKEE  WI
                                          MONTH:    FEBRUARY
                                          YEAR:     2019
                                          LATITUDE:   42 57 N
                                          LONGITUDE:  87 54 W

[TEMPERATURE DATA]      [PRECIPITATION DATA]       SYMBOLS USED IN COLUMN 16

AVERAGE MONTHLY: 24.8   TOTAL FOR MONTH:   2.53    1 = FOG OR MIST
DPTR FM NORMAL:  -0.1   DPTR FM NORMAL:    1.34    2 = FOG REDUCING VISIBILITY
HIGHEST:    48 ON  4    GRTST 24HR  0.84 ON 12-12      TO 1/4 MILE OR LESS
LOWEST:     -2 ON  1                               3 = THUNDER
                        SNOW, ICE PELLETS, HAIL    4 = ICE PELLETS
                        TOTAL MONTH:  16.8 INCHES  5 = HAIL
                        GRTST 24HR   8.3 ON 12-12  6 = FREEZING RAIN OR DRIZZLE
                        GRTST DEPTH:  12 ON  2, 1  7 = DUSTSTORM OR SANDSTORM:
                                                       VSBY 1/2 MILE OR LESS
                                                   8 = SMOKE OR HAZE
[NO. OF DAYS WITH]      [WEATHER - DAYS WITH]      9 = BLOWING SNOW
                                                   X = TORNADO
MAX 32 OR BELOW:  11    0.01 INCH OR MORE:  11
MAX 90 OR ABOVE:   0    0.10 INCH OR MORE:   5
MIN 32 OR BELOW:  20    0.50 INCH OR MORE:   1
MIN  0 OR BELOW:   1    1.00 INCH OR MORE:   0

[HDD (BASE 65) ]
TOTAL THIS MO.   839    CLEAR  (SCALE 0-3)   1
DPTR FM NORMAL    -1    PTCLDY (SCALE 4-7)   8
TOTAL FM JUL 1  4629    CLOUDY (SCALE 8-10) 12
DPTR FM NORMAL   -96

[CDD (BASE 65) ]
TOTAL THIS MO.     0
DPTR FM NORMAL     0    [PRESSURE DATA]
TOTAL FM JAN 1     0    HIGHEST SLP M ON M
DPTR FM NORMAL     0    LOWEST  SLP 29.47 ON M

[REMARKS]
