000
CXUS53 KMKX 200900
CF6MKE
PRELIMINARY LOCAL CLIMATOLOGICAL DATA (WS FORM: F-6)

                                          STATION:   MILWAUKEE  WI
                                          MONTH:     OCTOBER
                                          YEAR:      2019
                                          LATITUDE:   42 57 N
                                          LONGITUDE:  87 54 W

  TEMPERATURE IN F:       :PCPN:    SNOW:  WIND      :SUNSHINE: SKY     :PK WND
================================================================================
1   2   3   4   5  6A  6B    7    8   9   10  11  12  13   14  15   16   17  18
                                     12Z  AVG MX 2MIN
DY MAX MIN AVG DEP HDD CDD  WTR  SNW DPTH SPD SPD DIR MIN PSBL S-S WX    SPD DR
================================================================================

 1  77  57  67  10   0   2 1.72  0.0    0  9.2 30  20   M    M   9 138    37  20
 2  59  55  57   1   8   0 0.99  0.0    0 15.1 23  10   M    M  10 18     34  20
 3  63  49  56   0   9   0 0.01  0.0    0 10.8 23 290   M    M   8 1      31 310
 4  57  48  53  -3  12   0 0.00  0.0    0 10.3 18  20   M    M   6        26  10
 5  60  54  57   2   8   0 0.19  0.0    0 14.0 23 140   M    M   9 1      31 140
 6  67  50  59   4   6   0 0.00  0.0    0 11.2 21 270   M    M   5        30 260
 7  68  48  58   4   7   0 0.00  0.0    0  6.2 16 270   M    M   1        25 260
 8  66  45  56   2   9   0 0.00  0.0    0  6.3 18 130   M    M   0 1      22 140
 9  67  48  58   4   7   0 0.00  0.0    0  7.8 16 130   M    M   4        24 130
10  65  52  59   6   6   0 0.15  0.0    0 10.8 20 130   M    M   9 18     26 130
11  66  40  53   0  12   0 0.79  0.0    0 12.9 23 260   M    M   9 13     36 260
12  55  36  46  -6  19   0 0.00  0.0    0 16.2 29 210   M    M   7        41 210
13  46  41  44  -8  21   0    T  0.0    0 10.8 21 250   M    M   9        32 230
14  53  36  45  -7  20   0 0.00  0.0    0  7.6 15 270   M    M   3 8      21 240
15  63  40  52   0  13   0 0.01  0.0    0 12.8 25 290   M    M   8 3      42 290
16  54  43  49  -2  16   0 0.00  0.0    0 14.1 26 320   M    M   7        40 290
17  52  40  46  -5  19   0 0.00  0.0    0  4.6 12 300   M    M   8        17 300
18  55  35  45  -5  20   0 0.00  0.0    0  7.6 20 130   M    M   4 1      24 130
19  64  44  54   4  11   0 0.00  0.0    0  8.2 18 140   M    M   7        25 170
================================================================================
SM 1157  861       223   2  3.86     0.0 196.5          M      123
================================================================================
AV 60.9 45.3                              10.3 FASTST   M    M   6    MAX(MPH)
                                 MISC ---->  # 30  20               # 42  290
================================================================================
NOTES:
# LAST OF SEVERAL OCCURRENCES

COLUMN 17 PEAK WIND IN M.P.H.

PRELIMINARY LOCAL CLIMATOLOGICAL DATA (WS FORM: F-6) , PAGE 2

                                          STATION:  MILWAUKEE  WI
                                          MONTH:    OCTOBER
                                          YEAR:     2019
                                          LATITUDE:   42 57 N
                                          LONGITUDE:  87 54 W

[TEMPERATURE DATA]      [PRECIPITATION DATA]       SYMBOLS USED IN COLUMN 16

AVERAGE MONTHLY: 53.1   TOTAL FOR MONTH:   3.86    1 = FOG OR MIST
DPTR FM NORMAL:  -0.2   DPTR FM NORMAL:    2.23    2 = FOG REDUCING VISIBILITY
HIGHEST:    77 ON  1    GRTST 24HR  1.72 ON  1- 1      TO 1/4 MILE OR LESS
LOWEST:     35 ON 18                               3 = THUNDER
                        SNOW, ICE PELLETS, HAIL    4 = ICE PELLETS
                        TOTAL MONTH:   0.0 INCH    5 = HAIL
                        GRTST 24HR     0.0         6 = FREEZING RAIN OR DRIZZLE
                        GRTST DEPTH:   0           7 = DUSTSTORM OR SANDSTORM:
                                                       VSBY 1/2 MILE OR LESS
                                                   8 = SMOKE OR HAZE
[NO. OF DAYS WITH]      [WEATHER - DAYS WITH]      9 = BLOWING SNOW
                                                   X = TORNADO
MAX 32 OR BELOW:   0    0.01 INCH OR MORE:   7
MAX 90 OR ABOVE:   0    0.10 INCH OR MORE:   5
MIN 32 OR BELOW:   0    0.50 INCH OR MORE:   3
MIN  0 OR BELOW:   0    1.00 INCH OR MORE:   1

[HDD (BASE 65) ]
TOTAL THIS MO.   223    CLEAR  (SCALE 0-3)   2
DPTR FM NORMAL    -5    PTCLDY (SCALE 4-7)  10
TOTAL FM JUL 1   247    CLOUDY (SCALE 8-10)  7
DPTR FM NORMAL  -133

[CDD (BASE 65) ]
TOTAL THIS MO.     2
DPTR FM NORMAL    -1    [PRESSURE DATA]
TOTAL FM JAN 1   727    HIGHEST SLP M ON M
DPTR FM NORMAL    90    LOWEST  SLP 29.66 ON 15

[REMARKS]
