000
CXUS53 KGRR 231017
CF6MKG
PRELIMINARY LOCAL CLIMATOLOGICAL DATA (WS FORM: F-6)

                                          STATION:   MUSKEGON
                                          MONTH:     OCTOBER
                                          YEAR:      2019
                                          LATITUDE:   43 10 N
                                          LONGITUDE:  86 14 W

  TEMPERATURE IN F:       :PCPN:    SNOW:  WIND      :SUNSHINE: SKY     :PK WND
================================================================================
1   2   3   4   5  6A  6B    7    8   9   10  11  12  13   14  15   16   17  18
                                     12Z  AVG MX 2MIN
DY MAX MIN AVG DEP HDD CDD  WTR  SNW DPTH SPD SPD DIR MIN PSBL S-S WX    SPD DR
================================================================================

 1  77  68  73  17   0   8 2.36  0.0    0  9.2 21 140   M    M   8 13     29 310
 2  69  52  61   5   4   0 0.82  0.0    0 11.4 18  80   M    M   9 13     26  90
 3  64  51  58   3   7   0 0.33  0.0    0 12.5 22 330   M    M  10 1      34 290
 4  56  48  52  -3  13   0 0.00  0.0    0  7.2 17 350   M    M   8        22 340
 5  63  42  53  -1  12   0 0.11  0.0    0 11.0 21 210   M    M   6 1      31 220
 6  65  55  60   6   5   0 0.02  0.0    0 15.0 24 230   M    M   6 1      33 220
 7  64  45  55   1  10   0 0.00  0.0    0  6.9 16 270   M    M   1        27 240
 8  68  40  54   1  11   0 0.00  0.0    0  5.0 15 120   M    M   0        20 160
 9  71  43  57   4   8   0 0.00  0.0    0  7.2 15 130   M    M   2 1      21 110
10  75  51  63  10   2   0 0.01  0.0    0 10.4 22 120   M    M   6        28 120
11  66  43  55   3  10   0 0.95  0.0    0 13.1 26 190   M    M  10 138    38 210
12  55  43  49  -3  16   0 0.02  0.0    0 18.3 37 200   M    M   9        49 210
13  48  44  46  -6  19   0 0.02  0.0    0 13.8 26 230   M    M   9        36 220
14  51  37  44  -7  21   0 0.00  0.0    0  8.6 18 290   M    M   7        26 300
15  57  35  46  -5  19   0 0.17  0.0    0 11.1 22 280   M    M   7 1      34 280
16  50  45  48  -2  17   0 0.21  0.0    0 16.3 21 330   M    M  10 1      40 320
17  51  38  45  -5  20   0 0.00  0.0    0  8.1 15 320   M    M   9        23 320
18  56  31  44  -6  21   0 0.00  0.0    0  5.1 12 230   M    M   5 1      15 240
19  65  40  53   3  12   0    T  0.0    0 10.0 17 140   M    M   5        24 120
20  60  44  52   3  13   0 0.01  0.0    0  4.3 12 330   M    M   8 128    14 330
21  63  45  54   5  11   0 0.28  0.0    0 15.0 31 120   M    M   8 1      44 120
22  54  47  51   2  14   0 0.03  0.0    0 24.2 38 210   M    M   8        55 210
================================================================================
SM 1348  987       265   8  5.34     0.0 243.7          M      151
================================================================================
AV 61.3 44.9                              11.1 FASTST   M    M   7    MAX(MPH)
                                 MISC ---->  # 38 210               # 55  210
================================================================================
NOTES:
# LAST OF SEVERAL OCCURRENCES

COLUMN 17 PEAK WIND IN M.P.H.

PRELIMINARY LOCAL CLIMATOLOGICAL DATA (WS FORM: F-6) , PAGE 2

                                          STATION:  MUSKEGON
                                          MONTH:    OCTOBER
                                          YEAR:     2019
                                          LATITUDE:   43 10 N
                                          LONGITUDE:  86 14 W

[TEMPERATURE DATA]      [PRECIPITATION DATA]       SYMBOLS USED IN COLUMN 16

AVERAGE MONTHLY: 53.1   TOTAL FOR MONTH:   5.34    1 = FOG OR MIST
DPTR FM NORMAL:   0.9   DPTR FM NORMAL:    3.15    2 = FOG REDUCING VISIBILITY
HIGHEST:    77 ON  1    GRTST 24HR  2.36 ON  1- 1      TO 1/4 MILE OR LESS
LOWEST:     31 ON 18                               3 = THUNDER
                        SNOW, ICE PELLETS, HAIL    4 = ICE PELLETS
                        TOTAL MONTH:   0.0 INCH    5 = HAIL
                        GRTST 24HR     0.0         6 = FREEZING RAIN OR DRIZZLE
                        GRTST DEPTH:   0           7 = DUSTSTORM OR SANDSTORM:
                                                       VSBY 1/2 MILE OR LESS
                                                   8 = SMOKE OR HAZE
[NO. OF DAYS WITH]      [WEATHER - DAYS WITH]      9 = BLOWING SNOW
                                                   X = TORNADO
MAX 32 OR BELOW:   0    0.01 INCH OR MORE:  14
MAX 90 OR ABOVE:   0    0.10 INCH OR MORE:   8
MIN 32 OR BELOW:   1    0.50 INCH OR MORE:   3
MIN  0 OR BELOW:   0    1.00 INCH OR MORE:   1

[HDD (BASE 65) ]
TOTAL THIS MO.   265    CLEAR  (SCALE 0-3)   3
DPTR FM NORMAL   -23    PTCLDY (SCALE 4-7)  10
TOTAL FM JUL 1   307    CLOUDY (SCALE 8-10)  9
DPTR FM NORMAL  -154

[CDD (BASE 65) ]
TOTAL THIS MO.     8
DPTR FM NORMAL     6    [PRESSURE DATA]
TOTAL FM JAN 1   640    HIGHEST SLP M ON M
DPTR FM NORMAL    77    LOWEST  SLP 29.51 ON M

[REMARKS]
