000
CXUS53 KGRR 241017
CF6MKG
PRELIMINARY LOCAL CLIMATOLOGICAL DATA (WS FORM: F-6)

                                          STATION:   MUSKEGON
                                          MONTH:     MAY
                                          YEAR:      2020
                                          LATITUDE:   43 10 N
                                          LONGITUDE:  86 14 W

  TEMPERATURE IN F:       :PCPN:    SNOW:  WIND      :SUNSHINE: SKY     :PK WND
================================================================================
1   2   3   4   5  6A  6B    7    8   9   10  11  12  13   14  15   16   17  18
                                     12Z  AVG MX 2MIN
DY MAX MIN AVG DEP HDD CDD  WTR  SNW DPTH SPD SPD DIR MIN PSBL S-S WX    SPD DR
================================================================================

 1  60  30  45  -7  20   0 0.00  0.0    0  5.1 15 250   M    M   5        19 250
 2  66  51  59   6   6   0 0.00  0.0    0 11.4 23 200   M    M   7        33 190
 3  66  45  56   3   9   0 0.00  0.0    0  9.2 21 350   M    M   1        31 350
 4  57  38  48  -5  17   0 0.00  0.0    0  9.0 17 290   M    M   5        25 290
 5  58  44  51  -3  14   0 0.00  0.0    0  9.1 18  90   M    M   7        26  70
 6  58  33  46  -8  19   0 0.00  0.0    0  7.0 20 280   M    M   3        29 310
 7  58  40  49  -5  16   0 0.00  0.0    0  9.3 23 320   M    M   3        36 300
 8  45  30  38 -16  27   0    T    T    0 14.6 28 350   M    M   5        37 340
 9  52  23  38 -17  27   0 0.00  0.0    0 12.7 23 260   M    M   4        35 290
10  53  38  46  -9  19   0 0.04  0.0    0 13.2 22 340   M    M  10        31 200
11  50  35  43 -12  22   0    T    T    0 11.5 23 290   M    M   7        33 290
12  55  29  42 -14  23   0 0.00  0.0    0  6.5 16 350   M    M   1        23 310
13  67  31  49  -7  16   0 0.00  0.0    0  9.9 18 110   M    M   4        27 130
14  60  46  53  -3  12   0 0.45  0.0    0  8.4 20 130   M    M  10 123    26 120
15  69  54  62   5   3   0 1.27  0.0    0  6.2 14 290   M    M   7 1238   18 300
16  73  49  61   4   4   0 0.00  0.0    0  8.7 17  80   M    M   4        25  80
17  57  54  56  -1   9   0 3.35  0.0    0 16.4 26  80   M    M   8 1      35 100
18  59  53  56  -2   9   0 0.45  0.0    0 15.5 24  80   M    M  10 1      36  70
19  65  55  60   2   5   0    T  0.0    0 16.1 26  80   M    M   9 18     36  70
20  76  53  65   7   0   0 0.00  0.0    0 10.6 21  90   M    M   2        29 100
21  79  54  67   9   0   2 0.00  0.0    0  7.5 23 120   M    M   5        35 120
22  71  56  64   5   1   0 0.00  0.0    0  3.6 12 130   M    M   8        18 140
23  82  58  70  11   0   5    T  0.0    0  8.7 20 130   M    M   6 1      24 130
================================================================================
SM 1436  999       278   7  5.56    T    230.2          M      131
================================================================================
AV 62.4 43.4                              10.0 FASTST   M    M   6    MAX(MPH)
                                 MISC ---->  # 28 350               # 37  340
================================================================================
NOTES:
# LAST OF SEVERAL OCCURRENCES

COLUMN 17 PEAK WIND IN M.P.H.

PRELIMINARY LOCAL CLIMATOLOGICAL DATA (WS FORM: F-6) , PAGE 2

                                          STATION:  MUSKEGON
                                          MONTH:    MAY
                                          YEAR:     2020
                                          LATITUDE:   43 10 N
                                          LONGITUDE:  86 14 W

[TEMPERATURE DATA]      [PRECIPITATION DATA]       SYMBOLS USED IN COLUMN 16

AVERAGE MONTHLY: 52.9   TOTAL FOR MONTH:   5.56    1 = FOG OR MIST
DPTR FM NORMAL:  -2.8   DPTR FM NORMAL:    3.13    2 = FOG REDUCING VISIBILITY
HIGHEST:    82 ON 23    GRTST 24HR  3.35 ON 17-17      TO 1/4 MILE OR LESS
LOWEST:     23 ON  9                               3 = THUNDER
                        SNOW, ICE PELLETS, HAIL    4 = ICE PELLETS
                        TOTAL MONTH:    T          5 = HAIL
                        GRTST 24HR    T  ON 11-11  6 = FREEZING RAIN OR DRIZZLE
                        GRTST DEPTH:   0           7 = DUSTSTORM OR SANDSTORM:
                                                       VSBY 1/2 MILE OR LESS
                                                   8 = SMOKE OR HAZE
[NO. OF DAYS WITH]      [WEATHER - DAYS WITH]      9 = BLOWING SNOW
                                                   X = TORNADO
MAX 32 OR BELOW:   0    0.01 INCH OR MORE:   5
MAX 90 OR ABOVE:   0    0.10 INCH OR MORE:   4
MIN 32 OR BELOW:   5    0.50 INCH OR MORE:   2
MIN  0 OR BELOW:   0    1.00 INCH OR MORE:   2

[HDD (BASE 65) ]
TOTAL THIS MO.   278    CLEAR  (SCALE 0-3)   4
DPTR FM NORMAL    49    PTCLDY (SCALE 4-7)  14
TOTAL FM JUL 1  6129    CLOUDY (SCALE 8-10)  5
DPTR FM NORMAL  -318

[CDD (BASE 65) ]
TOTAL THIS MO.     7
DPTR FM NORMAL    -8    [PRESSURE DATA]
TOTAL FM JAN 1     7    HIGHEST SLP M ON M
DPTR FM NORMAL   -12    LOWEST  SLP 29.73 ON 15

[REMARKS]
