000
CXHW52 PHFO 241250
CF6MKK
PRELIMINARY LOCAL CLIMATOLOGICAL DATA (WS FORM: F-6)

                                          STATION:   MOLOKAI HI
                                          MONTH:     MAY
                                          YEAR:      2018
                                          LATITUDE:   21  8 N
                                          LONGITUDE: 157  6 W

  TEMPERATURE IN F:       :PCPN:    SNOW:  WIND      :SUNSHINE: SKY     :PK WND
================================================================================
1   2   3   4   5  6A  6B    7    8   9   10  11  12  13   14  15   16   17  18
                                     12Z  AVG MX 2MIN
DY MAX MIN AVG DEP HDD CDD  WTR  SNW DPTH SPD SPD DIR MIN PSBL S-S WX    SPD DR
================================================================================

 1  80  63  72  -1   0   7 0.00  0.0    M  7.5 16  40   M    M   M        21  30
 2  77  69  73   0   0   8 0.05  0.0    M  3.6 12 310   M    M   M        14 290
 3  81  72  77   4   0  12 0.21  0.0    M  9.2 21 310   M    M   M 1      27 310
 4  78  73  76   3   0  11 0.07  0.0    M  8.9 16 340   M    M   M 18     21 340
 5  79  73  76   3   0  11 0.01  0.0    M  8.3 15 360   M    M   M 1      20 350
 6  80  72  76   3   0  11 0.00  0.0    M 11.7 21  30   M    M   M        27  40
 7  76  69  73   0   0   8    T  0.0    M 14.1 23  30   M    M   M 8      35  40
 8  75  69  72  -2   0   7 0.03  0.0    M 14.9 21  30   M    M   M 1      31  30
 9  81  69  75   1   0  10 0.00  0.0    M 12.6 21  60   M    M   M        31  30
10  84  64  74   0   0   9 0.00  0.0    M  5.0 12 190   M    M   M        15  40
11  85  71  78   4   0  13 0.00  0.0    M  5.7 14  40   M    M   M        21  30
12  84  72  78   4   0  13    T  0.0    M 11.8 22  50   M    M   M        30  50
13  82  73  78   4   0  13    T  0.0    M 14.9 25  30   M    M   M        36  40
14  79  71  75   1   0  10 0.09  0.0    M 11.2 20  40   M    M   M 1      27  40
15  81  68  75   1   0  10 0.23  0.0    M  9.5 17  50   M    M   M 1      24  50
16  85  65  75   1   0  10 0.00  0.0    M  6.4 14  50   M    M   M        20  50
17  87  73  80   6   0  15 0.00  0.0    M  7.8 16  30   M    M   M        23  40
18  84  70  77   3   0  12 0.00  0.0    M 11.7 24  40   M    M   M        36  40
19  83  74  79   5   0  14    T  0.0    M 16.2 29  50   M    M   M        40  50
20  83  74  79   5   0  14    T  0.0    M 14.8 26  50   M    M   M        35  50
21  82  74  78   4   0  13 0.00  0.0    M 15.6 25  60   M    M   M        34  50
22  82  74  78   3   0  13    T  0.0    M 13.7 22  50   M    M   M        31  50
23  83  72  78   3   0  13    T  0.0    M 14.0 29  60   M    M   M        37  50
================================================================================
SM 1871 1624         0 257  0.69     0.0 249.1          M        M
================================================================================
AV 81.4 70.6                              10.8 FASTST   M    M   0    MAX(MPH)
                                 MISC ---->  # 29  50               # 40   50
================================================================================
NOTES:
# LAST OF SEVERAL OCCURRENCES

COLUMN 17 PEAK WIND IN M.P.H.

PRELIMINARY LOCAL CLIMATOLOGICAL DATA (WS FORM: F-6) , PAGE 2

                                          STATION:  MOLOKAI HI
                                          MONTH:    MAY
                                          YEAR:     2018
                                          LATITUDE:   21  8 N
                                          LONGITUDE: 157  6 W

[TEMPERATURE DATA]      [PRECIPITATION DATA]       SYMBOLS USED IN COLUMN 16

AVERAGE MONTHLY: 76.0   TOTAL FOR MONTH:   0.69    1 = FOG OR MIST
DPTR FM NORMAL:   2.2   DPTR FM NORMAL:   -0.19    2 = FOG REDUCING VISIBILITY
HIGHEST:    87 ON 17    GRTST 24HR  0.23 ON 15-15      TO 1/4 MILE OR LESS
LOWEST:     63 ON  1                               3 = THUNDER
                        SNOW, ICE PELLETS, HAIL    4 = ICE PELLETS
                        TOTAL MONTH:   0.0 INCH    5 = HAIL
                        GRTST 24HR     0.0         6 = FREEZING RAIN OR DRIZZLE
                        GRTST DEPTH:  M  ON   M    7 = DUSTSTORM OR SANDSTORM:
                                                       VSBY 1/2 MILE OR LESS
                                                   8 = SMOKE OR HAZE
[NO. OF DAYS WITH]      [WEATHER - DAYS WITH]      9 = BLOWING SNOW
                                                   X = TORNADO
MAX 32 OR BELOW:   0    0.01 INCH OR MORE:   7
MAX 90 OR ABOVE:   0    0.10 INCH OR MORE:   2
MIN 32 OR BELOW:   0    0.50 INCH OR MORE:   0
MIN  0 OR BELOW:   0    1.00 INCH OR MORE:   0

[HDD (BASE 65) ]
TOTAL THIS MO.     0    CLEAR  (SCALE 0-3)   0
DPTR FM NORMAL     0    PTCLDY (SCALE 4-7)   0
TOTAL FM JUL 1     0    CLOUDY (SCALE 8-10)  0
DPTR FM NORMAL    -3

[CDD (BASE 65) ]
TOTAL THIS MO.   257
DPTR FM NORMAL    55    [PRESSURE DATA]
TOTAL FM JAN 1   945    HIGHEST SLP M ON M
DPTR FM NORMAL     5    LOWEST  SLP 29.97 ON 15

[REMARKS]
