000
CXHW52 PHFO 201250
CF6MKK
PRELIMINARY LOCAL CLIMATOLOGICAL DATA (WS FORM: F-6)

                                          STATION:   MOLOKAI HI
                                          MONTH:     NOVEMBER
                                          YEAR:      2018
                                          LATITUDE:   21  8 N
                                          LONGITUDE: 157  6 W

  TEMPERATURE IN F:       :PCPN:    SNOW:  WIND      :SUNSHINE: SKY     :PK WND
================================================================================
1   2   3   4   5  6A  6B    7    8   9   10  11  12  13   14  15   16   17  18
                                     12Z  AVG MX 2MIN
DY MAX MIN AVG DEP HDD CDD  WTR  SNW DPTH SPD SPD DIR MIN PSBL S-S WX    SPD DR
================================================================================

 1   M   M   M   M   M   M    M    M    M   M   M   M   M    M   M         M  M
 2  85  75  80   4   0  15 0.00  0.0    M 10.4 20  50   M    M   M        26  50
 3  85  74  80   4   0  15 0.01  0.0    M 12.2 24  60   M    M   M        32  50
 4  86  71  79   3   0  14 0.00  0.0    M 11.5 24  50   M    M   M        33  50
 5  84  74  79   3   0  14    T  0.0    M 11.4 22  40   M    M   M 1      32  50
 6  85  71  78   2   0  13 0.01  0.0    M  9.7 18  50   M    M   M 1      26  50
 7  86  67  77   1   0  12 0.00  0.0    M  4.7 15 130   M    M   M        19 130
 8  86  66  76   0   0  11 0.00  0.0    M  5.0 13  10   M    M   M        17  30
 9  88  67  78   3   0  13 0.00  0.0    M  6.2 15  30   M    M   M        23  30
10  78  73  76   1   0  11 0.39  0.0    M 13.4 22 350   M    M   M 1      31 340
11  81  71  76   1   0  11 0.00  0.0    M 11.6 20  30   M    M   M        28  30
12  83  69  76   1   0  11 0.00  0.0    M 10.9 21  50   M    M   M        27  60
13  86  65  76   1   0  11 0.00  0.0    M  7.5 16  50   M    M   M        23  30
14   M   M   M   M   M   M    M    M    M   M   M   M   M    M   M         M  M
15  83  70  77   2   0  12    T  0.0    M  7.5 15  30   M    M   M        22  40
16  82  73  78   3   0  13    T  0.0    M 10.2 18  40   M    M   M        25  60
17  77  71  74  -1   0   9 0.51  0.0    M 12.7 20  50   M    M   M 1      30  30
18  83  71  77   2   0  12    T  0.0    M 13.1 25  60   M    M   M        32  30
19  82  73  78   4   0  13    T  0.0    M 13.1 22  30   M    M   M        31  30
================================================================================
SM 1420 1201         0 210  0.92     0.0 171.1          M        M
================================================================================
AV 83.5 70.7                              10.1 FASTST   M    M   0    MAX(MPH)
                                 MISC ---->  # 25  60               # 33   50
================================================================================
NOTES:
# LAST OF SEVERAL OCCURRENCES

COLUMN 17 PEAK WIND IN M.P.H.

PRELIMINARY LOCAL CLIMATOLOGICAL DATA (WS FORM: F-6) , PAGE 2

                                          STATION:  MOLOKAI HI
                                          MONTH:    NOVEMBER
                                          YEAR:     2018
                                          LATITUDE:   21  8 N
                                          LONGITUDE: 157  6 W

[TEMPERATURE DATA]      [PRECIPITATION DATA]       SYMBOLS USED IN COLUMN 16

AVERAGE MONTHLY: 77.1   TOTAL FOR MONTH:   0.92    1 = FOG OR MIST
DPTR FM NORMAL:   1.7   DPTR FM NORMAL:   -1.03    2 = FOG REDUCING VISIBILITY
HIGHEST:    88 ON  9    GRTST 24HR  0.51 ON 17-17      TO 1/4 MILE OR LESS
LOWEST:     65 ON 13                               3 = THUNDER
                        SNOW, ICE PELLETS, HAIL    4 = ICE PELLETS
                        TOTAL MONTH:   0.0 INCH    5 = HAIL
                        GRTST 24HR     0.0         6 = FREEZING RAIN OR DRIZZLE
                        GRTST DEPTH:  M  ON   M    7 = DUSTSTORM OR SANDSTORM:
                                                       VSBY 1/2 MILE OR LESS
                                                   8 = SMOKE OR HAZE
[NO. OF DAYS WITH]      [WEATHER - DAYS WITH]      9 = BLOWING SNOW
                                                   X = TORNADO
MAX 32 OR BELOW:   0    0.01 INCH OR MORE:   4
MAX 90 OR ABOVE:   0    0.10 INCH OR MORE:   2
MIN 32 OR BELOW:   0    0.50 INCH OR MORE:   1
MIN  0 OR BELOW:   0    1.00 INCH OR MORE:   0

[HDD (BASE 65) ]
TOTAL THIS MO.     0    CLEAR  (SCALE 0-3)   0
DPTR FM NORMAL     0    PTCLDY (SCALE 4-7)   0
TOTAL FM JUL 1     0    CLOUDY (SCALE 8-10)  0
DPTR FM NORMAL     0

[CDD (BASE 65) ]
TOTAL THIS MO.   210
DPTR FM NORMAL    13    [PRESSURE DATA]
TOTAL FM JAN 1  3637    HIGHEST SLP M ON M
DPTR FM NORMAL   486    LOWEST  SLP 29.82 ON  7

[REMARKS]
