000
CXHW52 PHFO 201250
CF6MKK
PRELIMINARY LOCAL CLIMATOLOGICAL DATA (WS FORM: F-6)

                                          STATION:   MOLOKAI HI
                                          MONTH:     FEBRUARY
                                          YEAR:      2019
                                          LATITUDE:   21  8 N
                                          LONGITUDE: 157  6 W

  TEMPERATURE IN F:       :PCPN:    SNOW:  WIND      :SUNSHINE: SKY     :PK WND
================================================================================
1   2   3   4   5  6A  6B    7    8   9   10  11  12  13   14  15   16   17  18
                                     12Z  AVG MX 2MIN
DY MAX MIN AVG DEP HDD CDD  WTR  SNW DPTH SPD SPD DIR MIN PSBL S-S WX    SPD DR
================================================================================

 1  79  67  73   3   0   8 0.20  0.0    M 10.9 20  50   M    M   M 1      27  40
 2  77  68  73   3   0   8 0.40  0.0    M 12.2 22  30   M    M   M 1      32  30
 3  78  69  74   4   0   9 0.09  0.0    M 10.4 18  40   M    M   M 1      27  40
 4  78  69  74   4   0   9 0.00  0.0    M 11.3 20  30   M    M   M        28  30
 5  81  65  73   3   0   8 0.00  0.0    M  7.8 17  50   M    M   M        24  60
 6  81  61  71   1   0   6    T  0.0    M  8.3 20 170   M    M   M        24 160
 7  79  68  74   4   0   9 0.38  0.0    M  8.1 16 180   M    M   M 1      22 170
 8   M   M   M   M   M   M    M    M    M   M   M   M   M    M   M 1       M  M
 9  74  59  67  -3   0   2 0.13  0.0    M 15.3 31 300   M    M   M 1      39 290
10  72  55  64  -6   1   0 0.48  0.0    M 12.4 32 240   M    M   M 1      43 230
11  74  62  68  -2   0   3 0.11  0.0    M 14.2 26 340   M    M   M        35 350
12  76  64  70   0   0   5 0.12  0.0    M 11.3 18 360   M    M   M 1      26  10
13  75  62  69  -1   0   4 1.06  0.0    M 12.5 23 360   M    M   M 18     32 360
14  72  62  67  -3   0   2 0.55  0.0    M 14.6 24  30   M    M   M 1      39  50
15  76  63  70   0   0   5 0.14  0.0    M 12.1 21  10   M    M   M 18     33  30
16  76  66  71   1   0   6 0.15  0.0    M 10.4 20 330   M    M   M 1      26 340
17  75  66  71   1   0   6 0.37  0.0    M  9.9 17 320   M    M   M 1      21 340
18  78  60  69  -1   0   4 0.03  0.0    M  6.4 15  50   M    M   M        27 170
19  73  67  70   0   0   5 1.43  0.0    M  6.0 20 130   M    M   M 1      26  30
================================================================================
SM 1374 1153         1  99  5.64     0.0 194.1          M        M
================================================================================
AV 76.3 64.1                              10.8 FASTST   M    M   0    MAX(MPH)
                                 MISC ---->  # 32 240               # 43  230
================================================================================
NOTES:
# LAST OF SEVERAL OCCURRENCES

COLUMN 17 PEAK WIND IN M.P.H.

PRELIMINARY LOCAL CLIMATOLOGICAL DATA (WS FORM: F-6) , PAGE 2

                                          STATION:  MOLOKAI HI
                                          MONTH:    FEBRUARY
                                          YEAR:     2019
                                          LATITUDE:   21  8 N
                                          LONGITUDE: 157  6 W

[TEMPERATURE DATA]      [PRECIPITATION DATA]       SYMBOLS USED IN COLUMN 16

AVERAGE MONTHLY: 70.2   TOTAL FOR MONTH:   5.64    1 = FOG OR MIST
DPTR FM NORMAL:   0.2   DPTR FM NORMAL:    3.44    2 = FOG REDUCING VISIBILITY
HIGHEST:    81 ON  6, 5 GRTST 24HR  1.43 ON 19-19      TO 1/4 MILE OR LESS
LOWEST:     55 ON 10                               3 = THUNDER
                        SNOW, ICE PELLETS, HAIL    4 = ICE PELLETS
                        TOTAL MONTH:   0.0 INCH    5 = HAIL
                        GRTST 24HR     0.0         6 = FREEZING RAIN OR DRIZZLE
                        GRTST DEPTH:  M  ON   M    7 = DUSTSTORM OR SANDSTORM:
                                                       VSBY 1/2 MILE OR LESS
                                                   8 = SMOKE OR HAZE
[NO. OF DAYS WITH]      [WEATHER - DAYS WITH]      9 = BLOWING SNOW
                                                   X = TORNADO
MAX 32 OR BELOW:   0    0.01 INCH OR MORE:  15
MAX 90 OR ABOVE:   0    0.10 INCH OR MORE:  13
MIN 32 OR BELOW:   0    0.50 INCH OR MORE:   3
MIN  0 OR BELOW:   0    1.00 INCH OR MORE:   2

[HDD (BASE 65) ]
TOTAL THIS MO.     1    CLEAR  (SCALE 0-3)   0
DPTR FM NORMAL     1    PTCLDY (SCALE 4-7)   0
TOTAL FM JUL 1    16    CLOUDY (SCALE 8-10)  0
DPTR FM NORMAL    15

[CDD (BASE 65) ]
TOTAL THIS MO.    99
DPTR FM NORMAL     4    [PRESSURE DATA]
TOTAL FM JAN 1   289    HIGHEST SLP M ON M
DPTR FM NORMAL    21    LOWEST  SLP 29.65 ON 10

[REMARKS]
