000
CXHW52 PHFO 221250
CF6MKK
PRELIMINARY LOCAL CLIMATOLOGICAL DATA (WS FORM: F-6)

                                          STATION:   MOLOKAI HI
                                          MONTH:     OCTOBER
                                          YEAR:      2019
                                          LATITUDE:   21  8 N
                                          LONGITUDE: 157  6 W

  TEMPERATURE IN F:       :PCPN:    SNOW:  WIND      :SUNSHINE: SKY     :PK WND
================================================================================
1   2   3   4   5  6A  6B    7    8   9   10  11  12  13   14  15   16   17  18
                                     12Z  AVG MX 2MIN
DY MAX MIN AVG DEP HDD CDD  WTR  SNW DPTH SPD SPD DIR MIN PSBL S-S WX    SPD DR
================================================================================

 1  89  78  84   6   0  19    T  0.0    M 11.3 25  60   M    M   M        34  60
 2  89  77  83   5   0  18    T  0.0    M 13.5 26  60   M    M   M        34  60
 3  90  76  83   5   0  18 0.04  0.0    M 14.3 25  50   M    M   M        35  50
 4  88  78  83   5   0  18    T  0.0    M 13.6 24  50   M    M   M        33  60
 5  88  76  82   4   0  17 0.00  0.0    M  8.6 17  10   M    M   M        24 360
 6  88  70  79   1   0  14 0.00  0.0    M  6.2 15 360   M    M   M        19 360
 7  89  67  78   0   0  13    T  0.0    M  5.5 14  10   M    M   M        20 360
 8  87  67  77  -1   0  12 0.02  0.0    M  5.3 16  50   M    M   M        22  50
 9  92  68  80   2   0  15 0.00  0.0    M  5.9 20  50   M    M   M        25  50
10  93  72  83   5   0  18    T  0.0    M  6.3 18 220   M    M   M        23 290
11  89  76  83   5   0  18 0.26  0.0    M 10.2 21 190   M    M   M 1      31 200
12  90  70  80   3   0  15 0.00  0.0    M 10.2 25  60   M    M   M        32  40
13  92  76  84   7   0  19 0.00  0.0    M 10.1 21  30   M    M   M        29  40
14  90  73  82   5   0  17 0.00  0.0    M 11.5 24  50   M    M   M        33  50
15  88  77  83   6   0  18    T  0.0    M 10.1 21  10   M    M   M        29  30
16  89  77  83   6   0  18    T  0.0    M 11.1 24  60   M    M   M        33  40
17  89  78  84   7   0  19 0.00  0.0    M 12.5 24  50   M    M   M        31  50
18  89  76  83   6   0  18    T  0.0    M 11.5 25  50   M    M   M        35  50
19  92  75  84   7   0  19 0.00  0.0    M  6.2 17  30   M    M   M        24  40
20  91  74  83   6   0  18 0.00  0.0    M  6.0 17 180   M    M   M        22 160
21  89  73  81   4   0  16 0.00  0.0    M 10.4 23  50   M    M   M        29  50
================================================================================
SM 1881 1554         0 357  0.32     0.0 200.3          M        M
================================================================================
AV 89.6 74.0                               9.5 FASTST   M    M   0    MAX(MPH)
                                 MISC ---->  # 26  60               # 35   50
================================================================================
NOTES:
# LAST OF SEVERAL OCCURRENCES

COLUMN 17 PEAK WIND IN M.P.H.

PRELIMINARY LOCAL CLIMATOLOGICAL DATA (WS FORM: F-6) , PAGE 2

                                          STATION:  MOLOKAI HI
                                          MONTH:    OCTOBER
                                          YEAR:     2019
                                          LATITUDE:   21  8 N
                                          LONGITUDE: 157  6 W

[TEMPERATURE DATA]      [PRECIPITATION DATA]       SYMBOLS USED IN COLUMN 16

AVERAGE MONTHLY: 81.8   TOTAL FOR MONTH:   0.32    1 = FOG OR MIST
DPTR FM NORMAL:   4.3   DPTR FM NORMAL:   -0.81    2 = FOG REDUCING VISIBILITY
HIGHEST:    93 ON 10    GRTST 24HR  0.26 ON 11-11      TO 1/4 MILE OR LESS
LOWEST:     67 ON  8, 7                            3 = THUNDER
                        SNOW, ICE PELLETS, HAIL    4 = ICE PELLETS
                        TOTAL MONTH:   0.0 INCH    5 = HAIL
                        GRTST 24HR     0.0         6 = FREEZING RAIN OR DRIZZLE
                        GRTST DEPTH:  M  ON   M    7 = DUSTSTORM OR SANDSTORM:
                                                       VSBY 1/2 MILE OR LESS
                                                   8 = SMOKE OR HAZE
[NO. OF DAYS WITH]      [WEATHER - DAYS WITH]      9 = BLOWING SNOW
                                                   X = TORNADO
MAX 32 OR BELOW:   0    0.01 INCH OR MORE:   3
MAX 90 OR ABOVE:   8    0.10 INCH OR MORE:   1
MIN 32 OR BELOW:   0    0.50 INCH OR MORE:   0
MIN  0 OR BELOW:   0    1.00 INCH OR MORE:   0

[HDD (BASE 65) ]
TOTAL THIS MO.     0    CLEAR  (SCALE 0-3)   0
DPTR FM NORMAL     0    PTCLDY (SCALE 4-7)   0
TOTAL FM JUL 1     0    CLOUDY (SCALE 8-10)  0
DPTR FM NORMAL     0

[CDD (BASE 65) ]
TOTAL THIS MO.   357
DPTR FM NORMAL    94    [PRESSURE DATA]
TOTAL FM JAN 1  3606    HIGHEST SLP M ON M
DPTR FM NORMAL   766    LOWEST  SLP 29.89 ON  8

[REMARKS]
