000
CXUS54 KMEG 180738
CF6MKL
PRELIMINARY LOCAL CLIMATOLOGICAL DATA (WS FORM: F-6)

                                          STATION:   JACKSON
                                          MONTH:     NOVEMBER
                                          YEAR:      2018
                                          LATITUDE:   35 35 N
                                          LONGITUDE:  88 55 W

  TEMPERATURE IN F:       :PCPN:    SNOW:  WIND      :SUNSHINE: SKY     :PK WND
================================================================================
1   2   3   4   5  6A  6B    7    8   9   10  11  12  13   14  15   16   17  18
                                     12Z  AVG MX 2MIN
DY MAX MIN AVG DEP HDD CDD  WTR  SNW DPTH SPD SPD DIR MIN PSBL S-S WX    SPD DR
================================================================================

 1  68  45  57   2   8   0 0.96  0.0    0 10.4 18 260   M    M  10 1      26 150
 2  57  40  49  -6  16   0 0.14  0.0    0  3.6 15 290   M    M   7 1      22 270
 3  63  36  50  -5  15   0 0.00  0.0    0  2.9  9 170   M    M   4 12     14 180
 4  57  53  55   1  10   0 0.13  0.0    0  9.6 17 160   M    M   7 1      29 140
 5  67  52  60   6   5   0 1.91  0.0    0  8.5 21 180   M    M   9 13     32 170
 6  69  48  59   5   6   0 0.00  0.0    0  3.0 12 290   M    M   2 1      17 300
 7  59  45  52  -1  13   0 0.10  0.0    0  5.7 14  10   M    M   5 1      17  10
 8  60  44  52  -1  13   0 0.00  0.0    0  8.9 17  30   M    M   4        22  40
 9  47  34  41 -12  24   0 0.51  0.0    0  8.8 18 330   M    M   8 1      25 340
10  41  24  33 -19  32   0 0.00  0.0    0  5.8 14  10   M    M   1        19 340
11  53  24  39 -13  26   0 0.00  0.0    0  1.2  7  80   M    M   6         9 330
12  49  38  44  -8  21   0 0.38    M    0  8.3 20  10   M    M  10 1      25  10
13  38  30  34 -17  31   0 0.09    M    0 13.6 21  10   M    M  10 18     27 350
14  32  28  30 -21  35   0 0.21    M    0  7.9 17  20   M    M  10 124    21  10
15  35  27  31 -19  34   0 0.00  0.0    M  6.7 15 260   M    M   8 1      19 240
16  58  27  43  -7  22   0 0.00  0.0    0  3.0 10 200   M    M   0        15 210
17  68  29  49  -1  16   0 0.00  0.0    0  3.9 12 240   M    M   0 1      17 240
================================================================================
SM  921  624       327   0  4.43     0.0 111.8          M      101
================================================================================
AV 54.2 36.7                               6.6 FASTST   M    M   6    MAX(MPH)
                                 MISC ---->  # 21 180               # 32  170
================================================================================
NOTES:
# LAST OF SEVERAL OCCURRENCES

COLUMN 17 PEAK WIND IN M.P.H.

PRELIMINARY LOCAL CLIMATOLOGICAL DATA (WS FORM: F-6) , PAGE 2

                                          STATION:  JACKSON
                                          MONTH:    NOVEMBER
                                          YEAR:     2018
                                          LATITUDE:   35 35 N
                                          LONGITUDE:  88 55 W

[TEMPERATURE DATA]      [PRECIPITATION DATA]       SYMBOLS USED IN COLUMN 16

AVERAGE MONTHLY: 45.4   TOTAL FOR MONTH:   4.43    1 = FOG OR MIST
DPTR FM NORMAL:  -7.1   DPTR FM NORMAL:    1.89    2 = FOG REDUCING VISIBILITY
HIGHEST:    69 ON  6    GRTST 24HR  1.91 ON  5- 5      TO 1/4 MILE OR LESS
LOWEST:     24 ON 11,10                            3 = THUNDER
                        SNOW, ICE PELLETS, HAIL    4 = ICE PELLETS
                        TOTAL MONTH:   0.0 INCH    5 = HAIL
                        GRTST 24HR     0.0         6 = FREEZING RAIN OR DRIZZLE
                        GRTST DEPTH:   0           7 = DUSTSTORM OR SANDSTORM:
                                                       VSBY 1/2 MILE OR LESS
                                                   8 = SMOKE OR HAZE
[NO. OF DAYS WITH]      [WEATHER - DAYS WITH]      9 = BLOWING SNOW
                                                   X = TORNADO
MAX 32 OR BELOW:   1    0.01 INCH OR MORE:   9
MAX 90 OR ABOVE:   0    0.10 INCH OR MORE:   8
MIN 32 OR BELOW:   7    0.50 INCH OR MORE:   3
MIN  0 OR BELOW:   0    1.00 INCH OR MORE:   1

[HDD (BASE 65) ]
TOTAL THIS MO.   327    CLEAR  (SCALE 0-3)   4
DPTR FM NORMAL   111    PTCLDY (SCALE 4-7)   8
TOTAL FM JUL 1   536    CLOUDY (SCALE 8-10)  5
DPTR FM NORMAL   106

[CDD (BASE 65) ]
TOTAL THIS MO.     0
DPTR FM NORMAL    -2    [PRESSURE DATA]
TOTAL FM JAN 1  2172    HIGHEST SLP M ON M
DPTR FM NORMAL   479    LOWEST  SLP 29.46 ON  1

[REMARKS]
