000
CXUS54 KMEG 230735
CF6MKL
PRELIMINARY LOCAL CLIMATOLOGICAL DATA (WS FORM: F-6)

                                          STATION:   JACKSON
                                          MONTH:     FEBRUARY
                                          YEAR:      2018
                                          LATITUDE:   35 35 N
                                          LONGITUDE:  88 55 W

  TEMPERATURE IN F:       :PCPN:    SNOW:  WIND      :SUNSHINE: SKY     :PK WND
================================================================================
1   2   3   4   5  6A  6B    7    8   9   10  11  12  13   14  15   16   17  18
                                     12Z  AVG MX 2MIN
DY MAX MIN AVG DEP HDD CDD  WTR  SNW DPTH SPD SPD DIR MIN PSBL S-S WX    SPD DR
================================================================================

 1  53  27  40   1  25   0 0.06  0.0    0 12.4 24  10   M    M   6 1      29 350
 2  35  21  28 -11  37   0 0.00  0.0    0  6.9 22  10   M    M   0        25  10
 3  54  28  41   1  24   0 0.28  0.0    0  6.2 14 170   M    M   4 1      22 170
 4  53  28  41   1  24   0 0.61    T    0 10.7 28 350   M    M   8 1      33 350
 5  44  22  33  -7  32   0 0.00  0.0    0  6.4 20 350   M    M   4        24 360
 6  42  34  38  -2  27   0 0.44    M    M  7.3 15 320   M    M  10 13     18 320
 7  37  27  32  -8  33   0 0.53    M    0 11.5 22 340   M    M   9 1      28 350
 8  50  21  36  -5  29   0 0.00  0.0    0  1.6  8  70   M    M   0 1      13 300
 9  66  26  46   5  19   0 0.29    M    0  5.9 18 200   M    M   4 1      25 200
10  57  43  50   9  15   0 2.01  0.0    0  5.7 14 340   M    M   8 1      21 200
11  43  30  37  -4  28   0 0.11  0.0    0 11.0 17  10   M    M   9 1      23  10
12  46  29  38  -4  27   0 0.00  0.0    0 10.4 20  10   M    M   4        24  20
13  56  34  45   3  20   0 0.04  0.0    0  3.7 12 210   M    M   9 1      14 160
14  66  52  59  17   6   0 0.72  0.0    0  9.1 16 190   M    M  10 1      22 190
15  77  66  72  30   0   7 0.00  0.0    0 14.9 29 230   M    M   6        40 230
16  70  42  56  13   9   0 0.05  0.0    0 12.8 31 340   M    M   8 1      38 350
17  48  35  42  -1  23   0 0.77  0.0    0  6.5 18 330   M    M   9 1      23 330
18  61  31  46   3  19   0 0.00  0.0    0  6.4 17 180   M    M   6 12     21 170
19  77  56  67  24   0   2 0.00  0.0    0 13.1 23 200   M    M   3        31 190
20  78  66  72  28   0   7 0.00  0.0    0 14.7 25 200   M    M   3        34 180
21  73  45  59  15   6   0 2.64  0.0    0 11.0 23 250   M    M   8 1      31 250
22  60  46  53   9  12   0 0.91  0.0    0  3.8 20 300   M    M  10 12     28 300
================================================================================
SM 1246  809       415  16  9.46    T    192.0          M      138
================================================================================
AV 56.6 36.8                               8.7 FASTST   M    M   6    MAX(MPH)
                                 MISC ---->  # 31 340               # 40  230
================================================================================
NOTES:
# LAST OF SEVERAL OCCURRENCES

COLUMN 17 PEAK WIND IN M.P.H.

PRELIMINARY LOCAL CLIMATOLOGICAL DATA (WS FORM: F-6) , PAGE 2

                                          STATION:  JACKSON
                                          MONTH:    FEBRUARY
                                          YEAR:     2018
                                          LATITUDE:   35 35 N
                                          LONGITUDE:  88 55 W

[TEMPERATURE DATA]      [PRECIPITATION DATA]       SYMBOLS USED IN COLUMN 16

AVERAGE MONTHLY: 46.7   TOTAL FOR MONTH:   9.46    1 = FOG OR MIST
DPTR FM NORMAL:   5.2   DPTR FM NORMAL:    6.17    2 = FOG REDUCING VISIBILITY
HIGHEST:    78 ON 20    GRTST 24HR  2.64 ON 21-21      TO 1/4 MILE OR LESS
LOWEST:     21 ON  8, 2                            3 = THUNDER
                        SNOW, ICE PELLETS, HAIL    4 = ICE PELLETS
                        TOTAL MONTH:    T          5 = HAIL
                        GRTST 24HR    T  ON  4- 4  6 = FREEZING RAIN OR DRIZZLE
                        GRTST DEPTH:   0           7 = DUSTSTORM OR SANDSTORM:
                                                       VSBY 1/2 MILE OR LESS
                                                   8 = SMOKE OR HAZE
[NO. OF DAYS WITH]      [WEATHER - DAYS WITH]      9 = BLOWING SNOW
                                                   X = TORNADO
MAX 32 OR BELOW:   0    0.01 INCH OR MORE:  14
MAX 90 OR ABOVE:   0    0.10 INCH OR MORE:  11
MIN 32 OR BELOW:  11    0.50 INCH OR MORE:   7
MIN  0 OR BELOW:   0    1.00 INCH OR MORE:   2

[HDD (BASE 65) ]
TOTAL THIS MO.   415    CLEAR  (SCALE 0-3)   4
DPTR FM NORMAL  -102    PTCLDY (SCALE 4-7)   9
TOTAL FM JUL 1  2697    CLOUDY (SCALE 8-10)  9
DPTR FM NORMAL   -69

[CDD (BASE 65) ]
TOTAL THIS MO.    16
DPTR FM NORMAL    16    [PRESSURE DATA]
TOTAL FM JAN 1    16    HIGHEST SLP M ON M
DPTR FM NORMAL    16    LOWEST  SLP 29.85 ON 11

[REMARKS]
