000
CXUS52 KMLB 200634
CF6MLB
PRELIMINARY LOCAL CLIMATOLOGICAL DATA (WS FORM: F-6)

                                          STATION:   MELBOURNE
                                          MONTH:     OCTOBER
                                          YEAR:      2019
                                          LATITUDE:   28  6 N
                                          LONGITUDE:  80 39 W

  TEMPERATURE IN F:       :PCPN:    SNOW:  WIND      :SUNSHINE: SKY     :PK WND
================================================================================
1   2   3   4   5  6A  6B    7    8   9   10  11  12  13   14  15   16   17  18
                                     12Z  AVG MX 2MIN
DY MAX MIN AVG DEP HDD CDD  WTR  SNW DPTH SPD SPD DIR MIN PSBL S-S WX    SPD DR
================================================================================

 1  89  79  84   5   0  19 0.07  0.0    0 16.0 22  50   M    M   4        27  50
 2  88  80  84   5   0  19    T  0.0    0 12.8 18  70   M    M   3        24  70
 3  88  77  83   4   0  18    T  0.0    0  9.4 15  80   M    M   3        19  70
 4  89  71  80   1   0  15 0.00  0.0    0  8.1 14  80   M    M   3 1      18  60
 5  90  80  85   7   0  20    T  0.0    0 13.4 22 100   M    M   3        26 100
 6  88  77  83   5   0  18 0.19  0.0    0 16.8 28  60   M    M   6 18     37  60
 7  87  73  80   2   0  15 1.73  0.0    0 13.5 23  50   M    M   8 138    29 100
 8  87  74  81   3   0  16 0.02  0.0    0  6.9 16  60   M    M   5 3      21  70
 9  82  74  78   0   0  13 0.80  0.0    0  8.0 21  40   M    M   7 1      26  30
10  85  74  80   2   0  15 0.28  0.0    0 11.5 26  60   M    M   7 18     32  70
11  84  74  79   2   0  14 0.11  0.0    0 11.3 20  50   M    M   8 1      23  50
12  84  67  76  -1   0  11    T  0.0    0  8.2 15 110   M    M   2 1      18 110
13  85  72  79   2   0  14 0.00  0.0    0  7.6 14 110   M    M   2        17  90
14  86  70  78   1   0  13 0.00  0.0    0  5.2 14  60   M    M   2 18     17  60
15  85  70  78   2   0  13 0.00  0.0    0  5.6 14  90   M    M   3        17  90
16  91  74  83   7   0  18 0.03  0.0    0 10.9 23 270   M    M   3 8      29 270
17  88  72  80   4   0  15 0.00  0.0    0  5.5 14 310   M    M   2        19 330
18  82  70  76   0   0  11 0.06  0.0    0  6.5 22 110   M    M   3 13     28 100
19  85  74  80   5   0  15 0.90  0.0    0  9.2 26 250   M    M   6 138    35 250
================================================================================
SM 1643 1402         0 292  4.19     0.0 186.4          M       80
================================================================================
AV 86.5 73.8                               9.8 FASTST   M    M   4    MAX(MPH)
                                 MISC ---->  # 28  60               # 37   60
================================================================================
NOTES:
# LAST OF SEVERAL OCCURRENCES

COLUMN 17 PEAK WIND IN M.P.H.

PRELIMINARY LOCAL CLIMATOLOGICAL DATA (WS FORM: F-6) , PAGE 2

                                          STATION:  MELBOURNE
                                          MONTH:    OCTOBER
                                          YEAR:     2019
                                          LATITUDE:   28  6 N
                                          LONGITUDE:  80 39 W

[TEMPERATURE DATA]      [PRECIPITATION DATA]       SYMBOLS USED IN COLUMN 16

AVERAGE MONTHLY: 80.1   TOTAL FOR MONTH:   4.19    1 = FOG OR MIST
DPTR FM NORMAL:   2.7   DPTR FM NORMAL:    0.72    2 = FOG REDUCING VISIBILITY
HIGHEST:    91 ON 16    GRTST 24HR  1.73 ON  7- 7      TO 1/4 MILE OR LESS
LOWEST:     67 ON 12                               3 = THUNDER
                        SNOW, ICE PELLETS, HAIL    4 = ICE PELLETS
                        TOTAL MONTH:   0.0 INCH    5 = HAIL
                        GRTST 24HR     0.0         6 = FREEZING RAIN OR DRIZZLE
                        GRTST DEPTH:   0           7 = DUSTSTORM OR SANDSTORM:
                                                       VSBY 1/2 MILE OR LESS
                                                   8 = SMOKE OR HAZE
[NO. OF DAYS WITH]      [WEATHER - DAYS WITH]      9 = BLOWING SNOW
                                                   X = TORNADO
MAX 32 OR BELOW:   0    0.01 INCH OR MORE:  10
MAX 90 OR ABOVE:   2    0.10 INCH OR MORE:   6
MIN 32 OR BELOW:   0    0.50 INCH OR MORE:   3
MIN  0 OR BELOW:   0    1.00 INCH OR MORE:   1

[HDD (BASE 65) ]
TOTAL THIS MO.     0    CLEAR  (SCALE 0-3)   8
DPTR FM NORMAL     0    PTCLDY (SCALE 4-7)  10
TOTAL FM JUL 1     0    CLOUDY (SCALE 8-10)  1
DPTR FM NORMAL     0

[CDD (BASE 65) ]
TOTAL THIS MO.   292
DPTR FM NORMAL    56    [PRESSURE DATA]
TOTAL FM JAN 1  3705    HIGHEST SLP M ON M
DPTR FM NORMAL   777    LOWEST  SLP 29.73 ON 19

[REMARKS]
