000
CXUS54 KTSA 250940
CF6MLC
PRELIMINARY LOCAL CLIMATOLOGICAL DATA (WS FORM: F-6)

                                          STATION:   MCALESTER OKLAHOMA
                                          MONTH:     FEBRUARY
                                          YEAR:      2020
                                          LATITUDE:   34 52 N
                                          LONGITUDE:  95 47 W

  TEMPERATURE IN F:       :PCPN:    SNOW:  WIND      :SUNSHINE: SKY     :PK WND
================================================================================
1   2   3   4   5  6A  6B    7    8   9   10  11  12  13   14  15   16   17  18
                                     12Z  AVG MX 2MIN
DY MAX MIN AVG DEP HDD CDD  WTR  SNW DPTH SPD SPD DIR MIN PSBL S-S WX    SPD DR
================================================================================

 1  64  28  46   4  19   0 0.00  0.0    0  4.2 13 310   M    M   2        17 280
 2  77  44  61  19   4   0 0.00  0.0    0  9.4 16 220   M    M   1        24 190
 3  73  47  60  18   5   0 0.09  0.0    0 11.6 24 210   M    M   3 1      38 200
 4  47  35  41  -1  24   0 0.72  0.0    0 12.1 21 350   M    M  10 1      29  30
 5  35  30  33  -9  32   0 0.48    M    0 11.9 18  10   M    M  10 1      25  10
 6  39  26  33  -9  32   0 0.00  0.0    0  6.1 15 340   M    M   7        21 340
 7  54  28  41  -2  24   0 0.00  0.0    0  3.5 12 330   M    M   2        14 320
 8  61  28  45   2  20   0 0.00  0.0    0  5.4 17 150   M    M   3        31 150
 9  64  46  55  12  10   0 0.24    M    0 10.9 22 350   M    M  10 13     34 180
10  46  36  41  -2  24   0 0.16    M    0 11.2 18  20   M    M  10 1      26 360
11  44  39  42  -2  23   0 0.04    M    0  9.3 17  20   M    M   9 1      26  40
12  45  37  41  -3  24   0 0.90    M    0  6.4 16 310   M    M  10 1      23 300
13  40  27  34 -10  31   0 0.00  0.0    0 12.7 21 340   M    M   7        28 340
14  50  24  37  -7  28   0 0.00  0.0    0  6.3 12 160   M    M   5        22 160
15  57  37  47   2  18   0 0.00  0.0    0  8.6 17 170   M    M   2        32 190
16  66  40  53   8  12   0 0.00  0.0    0  4.1 12 150   M    M   8        19 130
17  75  55  65  20   0   0 0.00  0.0    0 10.7 23 180   M    M   7        39 180
18  57  40  49   3  16   0 0.00  0.0    0 13.9 25  20   M    M   6        35  30
19  56  33  45  -1  20   0    T  0.0    0  6.1 13 110   M    M   4        20 100
20  47  30  39  -7  26   0    T  0.0    0 12.8 24 360   M    M   7        32 360
21  49  18  34 -12  31   0 0.00  0.0    0  3.1 12 360   M    M   2        16 350
22  58  34  46  -1  19   0 0.00  0.0    0  7.8 15 190   M    M   1 8      27 180
23  56  49  53   6  12   0 0.01    M    0  7.6 17 180   M    M   7 1      31 180
24  59  47  53   6  12   0    T    M    0 13.7 25 230   M    M   9 1      36 240
================================================================================
SM 1319  858       466   0  2.64     0.0 209.4          M      142
================================================================================
AV 55.0 35.8                               8.7 FASTST   M    M   6    MAX(MPH)
                                 MISC ---->  # 25  20               # 39  180
================================================================================
NOTES:
# LAST OF SEVERAL OCCURRENCES

COLUMN 17 PEAK WIND IN M.P.H.

PRELIMINARY LOCAL CLIMATOLOGICAL DATA (WS FORM: F-6) , PAGE 2

                                          STATION:  MCALESTER OKLAHOMA
                                          MONTH:    FEBRUARY
                                          YEAR:     2020
                                          LATITUDE:   34 52 N
                                          LONGITUDE:  95 47 W

[TEMPERATURE DATA]      [PRECIPITATION DATA]       SYMBOLS USED IN COLUMN 16

AVERAGE MONTHLY: 45.4   TOTAL FOR MONTH:   2.64    1 = FOG OR MIST
DPTR FM NORMAL:   1.2   DPTR FM NORMAL:    0.43    2 = FOG REDUCING VISIBILITY
HIGHEST:    77 ON  2    GRTST 24HR  0.90 ON 12-12      TO 1/4 MILE OR LESS
LOWEST:     18 ON 21                               3 = THUNDER
                        SNOW, ICE PELLETS, HAIL    4 = ICE PELLETS
                        TOTAL MONTH:   0.0 INCH    5 = HAIL
                        GRTST 24HR     0.0         6 = FREEZING RAIN OR DRIZZLE
                        GRTST DEPTH:   0           7 = DUSTSTORM OR SANDSTORM:
                                                       VSBY 1/2 MILE OR LESS
                                                   8 = SMOKE OR HAZE
[NO. OF DAYS WITH]      [WEATHER - DAYS WITH]      9 = BLOWING SNOW
                                                   X = TORNADO
MAX 32 OR BELOW:   0    0.01 INCH OR MORE:   8
MAX 90 OR ABOVE:   0    0.10 INCH OR MORE:   5
MIN 32 OR BELOW:   9    0.50 INCH OR MORE:   2
MIN  0 OR BELOW:   0    1.00 INCH OR MORE:   0

[HDD (BASE 65) ]
TOTAL THIS MO.   466    CLEAR  (SCALE 0-3)   7
DPTR FM NORMAL   -35    PTCLDY (SCALE 4-7)  10
TOTAL FM JUL 1  2369    CLOUDY (SCALE 8-10)  7
DPTR FM NORMAL  -171

[CDD (BASE 65) ]
TOTAL THIS MO.     0
DPTR FM NORMAL     0    [PRESSURE DATA]
TOTAL FM JAN 1     0    HIGHEST SLP M ON M
DPTR FM NORMAL    -1    LOWEST  SLP 29.49 ON 24

[REMARKS]
