430
CXUS54 KTSA 240840
CF6MLC
PRELIMINARY LOCAL CLIMATOLOGICAL DATA (WS FORM: F-6)

                                          STATION:   MCALESTER OKLAHOMA
                                          MONTH:     JUNE
                                          YEAR:      2018
                                          LATITUDE:   34 52 N
                                          LONGITUDE:  95 47 W

  TEMPERATURE IN F:       :PCPN:    SNOW:  WIND      :SUNSHINE: SKY     :PK WND
================================================================================
1   2   3   4   5  6A  6B    7    8   9   10  11  12  13   14  15   16   17  18
                                     12Z  AVG MX 2MIN
DY MAX MIN AVG DEP HDD CDD  WTR  SNW DPTH SPD SPD DIR MIN PSBL S-S WX    SPD DR
================================================================================

 1  93  77  85  11   0  20 0.00  0.0    0  6.5 14 210   M    M   1        20 210
 2  95  75  85  11   0  20    T  0.0    0 10.4 21 360   M    M   3        28  10
 3  87  59  73  -1   0   8 0.00  0.0    0  8.2 16  10   M    M   1        23 360
 4  84  55  70  -5   0   5 0.03  0.0    0  3.0 10 110   M    M   3        16 120
 5  90  61  76   1   0  11 0.00  0.0    0  3.8  6 140   M    M   2        31 210
 6  94  70  82   7   0  17 0.00  0.0    0  4.4 12 160   M    M   1        17 140
 7  80  67  74  -1   0   9 0.06  0.0    0  6.0 24 360   M    M   4 13     35 350
 8  93  67  80   4   0  15 0.00  0.0    0  6.3 20 210   M    M   1        25 210
 9  92  67  80   4   0  15 0.00  0.0    0  6.4 17 210   M    M   1        23 230
10  94  73  84   8   0  19 0.00  0.0    0  7.6 17 220   M    M   1        23 220
11  92  76  84   8   0  19 0.00  0.0    0  7.9 15 200   M    M   2        24 180
12  85  68  77   0   0  12 0.06  0.0    0  5.8 21 210   M    M   3 13     31 190
13  95  71  83   6   0  18 0.00  0.0    0  5.9 16 220   M    M   1 1      21 200
14  96  76  86   9   0  21 0.00  0.0    0  6.8 16 220   M    M   1        22 210
15  95  76  86   9   0  21 0.00  0.0    0  7.6 15 200   M    M   2        21 200
16  94  77  86   8   0  21 0.00  0.0    0  7.5 16 200   M    M   2        25 210
17  94  76  85   7   0  20 0.00  0.0    0  7.2 14 180   M    M   3        21 160
18  92  77  85   7   0  20 0.00  0.0    0  7.0 13 160   M    M   5        22 160
19  88  73  81   3   0  16    T  0.0    0  5.6 12 170   M    M   6        17 180
20  89  70  80   1   0  15 0.71  0.0    0  5.3 28 230   M    M   7 13     48 240
21  89  68  79   0   0  14    T  0.0    0  5.6 14 290   M    M   4 12     18 290
22  87  68  78  -1   0  13 0.00  0.0    0  2.4 12 320   M    M   2        15 310
23  91  68  80   1   0  15 1.06  0.0    0  7.5 29 310   M    M   3 13     39 310
================================================================================
SM 2089 1615         0 364  1.92     0.0 144.7          M       59
================================================================================
AV 90.8 70.2                               6.3 FASTST   M    M   3    MAX(MPH)
                                 MISC ---->  # 29 310               # 48  240
================================================================================
NOTES:
# LAST OF SEVERAL OCCURRENCES

COLUMN 17 PEAK WIND IN M.P.H.

PRELIMINARY LOCAL CLIMATOLOGICAL DATA (WS FORM: F-6) , PAGE 2

                                          STATION:  MCALESTER OKLAHOMA
                                          MONTH:    JUNE
                                          YEAR:     2018
                                          LATITUDE:   34 52 N
                                          LONGITUDE:  95 47 W

[TEMPERATURE DATA]      [PRECIPITATION DATA]       SYMBOLS USED IN COLUMN 16

AVERAGE MONTHLY: 80.5   TOTAL FOR MONTH:   1.92    1 = FOG OR MIST
DPTR FM NORMAL:   3.9   DPTR FM NORMAL:   -1.74    2 = FOG REDUCING VISIBILITY
HIGHEST:    96 ON 14    GRTST 24HR  1.06 ON 23-23      TO 1/4 MILE OR LESS
LOWEST:     55 ON  4                               3 = THUNDER
                        SNOW, ICE PELLETS, HAIL    4 = ICE PELLETS
                        TOTAL MONTH:   0.0 INCH    5 = HAIL
                        GRTST 24HR     0.0         6 = FREEZING RAIN OR DRIZZLE
                        GRTST DEPTH:   0           7 = DUSTSTORM OR SANDSTORM:
                                                       VSBY 1/2 MILE OR LESS
                                                   8 = SMOKE OR HAZE
[NO. OF DAYS WITH]      [WEATHER - DAYS WITH]      9 = BLOWING SNOW
                                                   X = TORNADO
MAX 32 OR BELOW:   0    0.01 INCH OR MORE:   5
MAX 90 OR ABOVE:  15    0.10 INCH OR MORE:   2
MIN 32 OR BELOW:   0    0.50 INCH OR MORE:   2
MIN  0 OR BELOW:   0    1.00 INCH OR MORE:   1

[HDD (BASE 65) ]
TOTAL THIS MO.     0    CLEAR  (SCALE 0-3)  15
DPTR FM NORMAL     0    PTCLDY (SCALE 4-7)   8
TOTAL FM JUL 1  3160    CLOUDY (SCALE 8-10)  0
DPTR FM NORMAL   -29

[CDD (BASE 65) ]
TOTAL THIS MO.   364
DPTR FM NORMAL    97    [PRESSURE DATA]
TOTAL FM JAN 1   720    HIGHEST SLP M ON M
DPTR FM NORMAL   207    LOWEST  SLP 29.65 ON 23

[REMARKS]
