000
CXUS53 KDVN 271100
CF6MLI
PRELIMINARY LOCAL CLIMATOLOGICAL DATA (WS FORM: F-6)

                                          STATION:   MOLINE IL
                                          MONTH:     MAY
                                          YEAR:      2020
                                          LATITUDE:   41 27 N
                                          LONGITUDE:  90 31 W

  TEMPERATURE IN F:       :PCPN:    SNOW:  WIND      :SUNSHINE: SKY     :PK WND
================================================================================
1   2   3   4   5  6A  6B    7    8   9   10  11  12  13   14  15   16   17  18
                                     12Z  AVG MX 2MIN
DY MAX MIN AVG DEP HDD CDD  WTR  SNW DPTH SPD SPD DIR MIN PSBL S-S WX    SPD DR
================================================================================

 1  74  37  56  -1   9   0 0.00  0.0    0  9.1 18 140   M    M   1        26 120
 2  78  55  67  10   0   2    T  0.0    0  7.9 17 270   M    M   2        24 330
 3  76  51  64   6   1   0 0.00  0.0    0  4.9 16 330   M    M   2        23 340
 4  60  45  53  -5  12   0 0.22  0.0    0 13.2 24  70   M    M   3        32  80
 5  50  41  46 -12  19   0 0.57  0.0    0  8.0 21  50   M    M  10 1      29  60
 6  66  40  53  -6  12   0    T  0.0    0  9.5 20 270   M    M   5 1      26 270
 7  68  46  57  -2   8   0 0.00  0.0    0 10.5 22 300   M    M   3        29 280
 8  55  35  45 -14  20   0 0.00  0.0    0 12.0 28 320   M    M   1        41 310
 9  66  28  47 -13  18   0 0.00  0.0    0  6.6 22 240   M    M   1        32 250
10  53  44  49 -11  16   0 0.09  0.0    0 15.1 31 320   M    M  10 18     44 340
11  56  36  46 -14  19   0 0.00  0.0    0  8.1 18 300   M    M   9        26 310
12  65  31  48 -12  17   0 0.00  0.0    0  2.4 13 300   M    M   1        18 300
13  63  38  51 -10  14   0 0.00  0.0    0 11.6 23 160   M    M   6 18     33 150
14  78  54  66   5   0   1 1.89  0.0    0  8.6 24 340   M    M   8 138    34 340
15  76  53  65   3   0   0 0.15  0.0    0  5.4 13 300   M    M   3 13     23 300
16  75  50  63   1   2   0    T  0.0    0 11.1 23 130   M    M   5 18     31 110
17  69  56  63   1   2   0 1.21  0.0    0  9.2 18 270   M    M   9 1      23 280
18  60  54  57  -5   8   0 0.27  0.0    0  8.6 20  60   M    M  10 18     27  50
19  60  55  58  -5   7   0 0.00  0.0    0  9.3 17  40   M    M  10 18     23  40
20  64  57  61  -2   4   0 0.00  0.0    0  9.9 17 120   M    M  10 18     22 110
21  63  53  58  -5   7   0 0.00  0.0    0  7.8 16  80   M    M   9        20  70
22  74  54  64   0   1   0 0.00  0.0    0  7.2 13 100   M    M  10 18     19 100
23  81  60  71   7   0   6 0.49  0.0    0 11.0 26 260   M    M   4 138    40 270
24  87  57  72   8   0   7 0.00  0.0    0  5.0 13 310   M    M   0        18 310
25  87  64  76  11   0  11 0.05  0.0    0  8.3 24 140   M    M   4 13     33 140
26  87  63  75  10   0  10    T  0.0    0 11.0 32 140   M    M   1 3      48 140
================================================================================
SM 1791 1257       196  37  4.94     0.0 231.3          M      137
================================================================================
AV 68.9 48.4                               8.9 FASTST   M    M   5    MAX(MPH)
                                 MISC ---->  # 32 140               # 48  140
================================================================================
NOTES:
# LAST OF SEVERAL OCCURRENCES

COLUMN 17 PEAK WIND IN M.P.H.

PRELIMINARY LOCAL CLIMATOLOGICAL DATA (WS FORM: F-6) , PAGE 2

                                          STATION:  MOLINE IL
                                          MONTH:    MAY
                                          YEAR:     2020
                                          LATITUDE:   41 27 N
                                          LONGITUDE:  90 31 W

[TEMPERATURE DATA]      [PRECIPITATION DATA]       SYMBOLS USED IN COLUMN 16

AVERAGE MONTHLY: 58.6   TOTAL FOR MONTH:   4.94    1 = FOG OR MIST
DPTR FM NORMAL:  -2.4   DPTR FM NORMAL:    1.34    2 = FOG REDUCING VISIBILITY
HIGHEST:    87 ON 26,25 GRTST 24HR  1.89 ON 14-14      TO 1/4 MILE OR LESS
LOWEST:     28 ON  9                               3 = THUNDER
                        SNOW, ICE PELLETS, HAIL    4 = ICE PELLETS
                        TOTAL MONTH:   0.0 INCH    5 = HAIL
                        GRTST 24HR     0.0         6 = FREEZING RAIN OR DRIZZLE
                        GRTST DEPTH:   0           7 = DUSTSTORM OR SANDSTORM:
                                                       VSBY 1/2 MILE OR LESS
                                                   8 = SMOKE OR HAZE
[NO. OF DAYS WITH]      [WEATHER - DAYS WITH]      9 = BLOWING SNOW
                                                   X = TORNADO
MAX 32 OR BELOW:   0    0.01 INCH OR MORE:   9
MAX 90 OR ABOVE:   0    0.10 INCH OR MORE:   7
MIN 32 OR BELOW:   2    0.50 INCH OR MORE:   3
MIN  0 OR BELOW:   0    1.00 INCH OR MORE:   2

[HDD (BASE 65) ]
TOTAL THIS MO.   196    CLEAR  (SCALE 0-3)  10
DPTR FM NORMAL    48    PTCLDY (SCALE 4-7)   7
TOTAL FM JUL 1  5774    CLOUDY (SCALE 8-10)  9
DPTR FM NORMAL  -397

[CDD (BASE 65) ]
TOTAL THIS MO.    37
DPTR FM NORMAL    -9    [PRESSURE DATA]
TOTAL FM JAN 1    41    HIGHEST SLP M ON M
DPTR FM NORMAL   -19    LOWEST  SLP 29.67 ON M

[REMARKS]
