000
CXUS53 KDVN 191100
CF6MLI
PRELIMINARY LOCAL CLIMATOLOGICAL DATA (WS FORM: F-6)

                                          STATION:   MOLINE IL
                                          MONTH:     OCTOBER
                                          YEAR:      2019
                                          LATITUDE:   41 27 N
                                          LONGITUDE:  90 31 W

  TEMPERATURE IN F:       :PCPN:    SNOW:  WIND      :SUNSHINE: SKY     :PK WND
================================================================================
1   2   3   4   5  6A  6B    7    8   9   10  11  12  13   14  15   16   17  18
                                     12Z  AVG MX 2MIN
DY MAX MIN AVG DEP HDD CDD  WTR  SNW DPTH SPD SPD DIR MIN PSBL S-S WX    SPD DR
================================================================================

 1  88  72  80  21   0  15 0.00  0.0    0  7.4 15 220   M    M   4        23 250
 2  79  61  70  12   0   5 0.65  0.0    0  9.6 24 270   M    M   9 1      37 280
 3  64  49  57  -1   8   0 0.04  0.0    0 11.6 23 320   M    M   4 1      35 310
 4  65  43  54  -4  11   0 0.00  0.0    0  6.8 15 100   M    M   1        20  80
 5  66  50  58   1   7   0 0.88  0.0    0  8.3 16 140   M    M   7 138    24 140
 6  67  46  57   0   8   0 0.00  0.0    0  5.2 14 260   M    M   1        18 260
 7  71  45  58   2   7   0 0.00  0.0    0  4.4 16 270   M    M   0        22 260
 8  73  42  58   2   7   0 0.00  0.0    0  4.2 16 190   M    M   0        23 190
 9  73  43  58   2   7   0 0.00  0.0    0  6.7 16 180   M    M   1        26 150
10  69  56  63   8   2   0 0.01  0.0    0  8.3 14 190   M    M   6        22 140
11  69  40  55   0  10   0 0.01  0.0    0 16.6 28 270   M    M  10 18     38 250
12  61  33  47  -8  18   0 0.00  0.0    0 11.6 29 230   M    M   1        42 250
13  57  34  46  -8  19   0 0.00  0.0    0 10.5 26 270   M    M   4        33 260
14  61  33  47  -7  18   0 0.00  0.0    0  2.3  9 300   M    M   0        13 290
15  69  38  54   0  11   0 0.00  0.0    0 12.9 28 280   M    M   2 8      37 300
16  54  37  46  -7  19   0 0.00  0.0    0 11.7 23 310   M    M   7        33 340
17  60  35  48  -5  17   0 0.00  0.0    0  2.3  9 320   M    M   1        12 320
18  66  39  53   0  12   0 0.00  0.0    0 10.0 21 160   M    M   0        28 160
================================================================================
SM 1212  796       181  20  1.59     0.0 150.4          M       58
================================================================================
AV 67.3 44.2                               8.4 FASTST   M    M   3    MAX(MPH)
                                 MISC ---->  # 29 230               # 42  250
================================================================================
NOTES:
# LAST OF SEVERAL OCCURRENCES

COLUMN 17 PEAK WIND IN M.P.H.

PRELIMINARY LOCAL CLIMATOLOGICAL DATA (WS FORM: F-6) , PAGE 2

                                          STATION:  MOLINE IL
                                          MONTH:    OCTOBER
                                          YEAR:     2019
                                          LATITUDE:   41 27 N
                                          LONGITUDE:  90 31 W

[TEMPERATURE DATA]      [PRECIPITATION DATA]       SYMBOLS USED IN COLUMN 16

AVERAGE MONTHLY: 55.8   TOTAL FOR MONTH:   1.59    1 = FOG OR MIST
DPTR FM NORMAL:   0.2   DPTR FM NORMAL:   -0.10    2 = FOG REDUCING VISIBILITY
HIGHEST:    88 ON  1    GRTST 24HR  0.88 ON  5- 5      TO 1/4 MILE OR LESS
LOWEST:     33 ON 14,12                            3 = THUNDER
                        SNOW, ICE PELLETS, HAIL    4 = ICE PELLETS
                        TOTAL MONTH:   0.0 INCH    5 = HAIL
                        GRTST 24HR     0.0         6 = FREEZING RAIN OR DRIZZLE
                        GRTST DEPTH:   0           7 = DUSTSTORM OR SANDSTORM:
                                                       VSBY 1/2 MILE OR LESS
                                                   8 = SMOKE OR HAZE
[NO. OF DAYS WITH]      [WEATHER - DAYS WITH]      9 = BLOWING SNOW
                                                   X = TORNADO
MAX 32 OR BELOW:   0    0.01 INCH OR MORE:   5
MAX 90 OR ABOVE:   0    0.10 INCH OR MORE:   2
MIN 32 OR BELOW:   0    0.50 INCH OR MORE:   2
MIN  0 OR BELOW:   0    1.00 INCH OR MORE:   0

[HDD (BASE 65) ]
TOTAL THIS MO.   181    CLEAR  (SCALE 0-3)  10
DPTR FM NORMAL    -1    PTCLDY (SCALE 4-7)   6
TOTAL FM JUL 1   186    CLOUDY (SCALE 8-10)  2
DPTR FM NORMAL  -100

[CDD (BASE 65) ]
TOTAL THIS MO.    20
DPTR FM NORMAL     9    [PRESSURE DATA]
TOTAL FM JAN 1  1249    HIGHEST SLP M ON M
DPTR FM NORMAL   249    LOWEST  SLP 29.74 ON 15

[REMARKS]
