000
CXUS51 KCAR 230600
CF6MLT
PRELIMINARY LOCAL CLIMATOLOGICAL DATA (WS FORM: F-6)

                                          STATION:   MILLINOCKET ME
                                          MONTH:     SEPTEMBER
                                          YEAR:      2018
                                          LATITUDE:   45 39 N
                                          LONGITUDE:  68 41 W

  TEMPERATURE IN F:       :PCPN:    SNOW:  WIND      :SUNSHINE: SKY     :PK WND
================================================================================
1   2   3   4   5  6A  6B    7    8   9   10  11  12  13   14  15   16   17  18
                                     12Z  AVG MX 2MIN
DY MAX MIN AVG DEP HDD CDD  WTR  SNW DPTH SPD SPD DIR MIN PSBL S-S WX    SPD DR
================================================================================

 1  74  45  60  -3   5   0 0.00    M    M  2.4  9 160   M    M   4 12     16 170
 2  79  57  68   6   0   3 0.00    M    M  4.0  9 160   M    M   4        14 180
 3  87  63  75  13   0  10    T    M    M  2.7  9 280   M    M   4 1      15 270
 4  80  54  67   5   0   2 0.00    M    M  6.0 18 350   M    M   0        25 330
 5  83  51  67   5   0   2 0.00    M    M  2.5 10 210   M    M   2        17 180
 6  84  53  69   8   0   4 0.01    M    M  5.8 16 310   M    M   2 18     22 310
 7  72  46  59  -2   6   0 0.00    M    M  1.9  9 170   M    M   0        14 160
 8  66  40  53  -7  12   0 0.00    M    M  5.3 16 330   M    M   1        22 310
 9  66  36  51  -9  14   0 0.00    M    M  2.3 10 300   M    M   1        14 320
10  66  35  51  -9  14   0 0.00    M    M  2.6 13 120   M    M   1        19 120
11  66  53  60   1   5   0 0.56    M    M  1.9 12 120   M    M  10 1      16 110
12  69  53  61   2   4   0 0.00    M    M  1.5  8  60   M    M   6        10  50
13  82  47  65   7   0   0 0.00    M    M  0.3  7 310   M    M   2 12      9 320
14  84  52  68  10   0   3 0.00    M    M  0.9  8 130   M    M   0        11 140
15  84  53  69  11   0   4 0.00    M    M  1.7  8 270   M    M   1 12     11 160
16  77  58  68  11   0   3 0.00    M    M  1.6 13  30   M    M   3        18  30
17  85  60  73  16   0   8 0.15    M    M  3.0 12 270   M    M   3 18     20 270
18  80  51  66  10   0   1 0.03    M    M  5.2 20  10   M    M   6 18     31  10
19  60  49  55  -1  10   0 0.06    M    M  6.9 14  60   M    M  10 1      20  60
20  60  48  54  -2  11   0 0.00    M    M  2.1  8 120   M    M  10        10  10
21  60  47  54  -1  11   0 0.26    M    M  5.8 14 180   M    M  10 12     27 170
22  64  42  53  -2  12   0 0.02    M    M  9.9 25 300   M    M   2 1      41 300
================================================================================
SM 1628 1093       104  40  1.09    M     76.3          M       82
================================================================================
AV 74.0 49.7                               3.5 FASTST   M    M   4    MAX(MPH)
                                 MISC ---->  # 25 300               # 41  300
================================================================================
NOTES:
# LAST OF SEVERAL OCCURRENCES

COLUMN 17 PEAK WIND IN M.P.H.

PRELIMINARY LOCAL CLIMATOLOGICAL DATA (WS FORM: F-6) , PAGE 2

                                          STATION:  MILLINOCKET ME
                                          MONTH:    SEPTEMBER
                                          YEAR:     2018
                                          LATITUDE:   45 39 N
                                          LONGITUDE:  68 41 W

[TEMPERATURE DATA]      [PRECIPITATION DATA]       SYMBOLS USED IN COLUMN 16

AVERAGE MONTHLY: 61.8   TOTAL FOR MONTH:   1.09    1 = FOG OR MIST
DPTR FM NORMAL:   2.9   DPTR FM NORMAL:   -1.51    2 = FOG REDUCING VISIBILITY
HIGHEST:    87 ON  3    GRTST 24HR  0.56 ON 11-11      TO 1/4 MILE OR LESS
LOWEST:     35 ON 10                               3 = THUNDER
                        SNOW, ICE PELLETS, HAIL    4 = ICE PELLETS
                        TOTAL MONTH:    M          5 = HAIL
                        GRTST 24HR    M  ON   M    6 = FREEZING RAIN OR DRIZZLE
                        GRTST DEPTH:  M  ON   M    7 = DUSTSTORM OR SANDSTORM:
                                                       VSBY 1/2 MILE OR LESS
                                                   8 = SMOKE OR HAZE
[NO. OF DAYS WITH]      [WEATHER - DAYS WITH]      9 = BLOWING SNOW
                                                   X = TORNADO
MAX 32 OR BELOW:   0    0.01 INCH OR MORE:   7
MAX 90 OR ABOVE:   0    0.10 INCH OR MORE:   3
MIN 32 OR BELOW:   0    0.50 INCH OR MORE:   1
MIN  0 OR BELOW:   0    1.00 INCH OR MORE:   0

[HDD (BASE 65) ]
TOTAL THIS MO.   104    CLEAR  (SCALE 0-3)  12
DPTR FM NORMAL   -46    PTCLDY (SCALE 4-7)   6
TOTAL FM JUL 1   119    CLOUDY (SCALE 8-10)  4
DPTR FM NORMAL  -110

[CDD (BASE 65) ]
TOTAL THIS MO.    40
DPTR FM NORMAL    25    [PRESSURE DATA]
TOTAL FM JAN 1   458    HIGHEST SLP M ON M
DPTR FM NORMAL   192    LOWEST  SLP 29.51 ON 22

[REMARKS]
