000
CXUS51 KCAR 180600
CF6MLT
PRELIMINARY LOCAL CLIMATOLOGICAL DATA (WS FORM: F-6)

                                          STATION:   MILLINOCKET ME
                                          MONTH:     DECEMBER
                                          YEAR:      2018
                                          LATITUDE:   45 39 N
                                          LONGITUDE:  68 41 W

  TEMPERATURE IN F:       :PCPN:    SNOW:  WIND      :SUNSHINE: SKY     :PK WND
================================================================================
1   2   3   4   5  6A  6B    7    8   9   10  11  12  13   14  15   16   17  18
                                     12Z  AVG MX 2MIN
DY MAX MIN AVG DEP HDD CDD  WTR  SNW DPTH SPD SPD DIR MIN PSBL S-S WX    SPD DR
================================================================================

 1  32  29  31   3  34   0 0.00    M    M  3.1 14 300   M    M  10 8      19 290
 2  33  28  31   3  34   0 0.54    M    M  4.1 10 120   M    M  10 12     14 110
 3  38  29  34   6  31   0 0.15    M    M  2.5 16 310   M    M  10 128    21 320
 4  29  15  22  -5  43   0    T    M    M 10.7 24 300   M    M   9        33 310
 5  25   3  14 -13  51   0 0.00    M    M  1.2  8 300   M    M   1 18     12 310
 6  23  -3  10 -16  55   0    T    M    M  0.3  6 300   M    M   5 18      7 300
 7  31   9  20  -6  45   0    T    M    M  6.4 18 300   M    M   6 18     28 310
 8  14   1   8 -18  57   0 0.00    M    M  8.7 15 300   M    M   1        22 310
 9  23   3  13 -12  52   0 0.00    M    M  3.6 16 290   M    M   6        22 290
10  22  11  17  -8  48   0    T    M    M  8.2 17 310   M    M   0 1      22 320
11  21   0  11 -13  54   0 0.00    M    M  1.7  9 300   M    M   2 1      12 310
12  16  -4   6 -18  59   0 0.00    M    M  6.4 17  10   M    M   3 1      23 350
13  25 -10   8 -15  57   0 0.00    M    M  0.6  5 290   M    M   0 1       6 270
14  34  -3  16  -7  49   0 0.01    M    M  2.1  8 200   M    M   5 18     17 200
15  41  28  35  12  30   0    T    M    M  6.2 20 300   M    M   5 8      32 300
16  36  16  26   4  39   0 0.00    M    M  0.9  9  50   M    M   0 18     12  60
17  32  23  28   6  37   0 0.06    M    M  4.6 10 330   M    M   9 12     13 340
================================================================================
SM  475  175       775   0  0.76    M     71.3          M       82
================================================================================
AV 27.9 10.3                               4.2 FASTST   M    M   5    MAX(MPH)
                                 MISC ---->  # 24 300               # 33  310
================================================================================
NOTES:
# LAST OF SEVERAL OCCURRENCES

COLUMN 17 PEAK WIND IN M.P.H.

PRELIMINARY LOCAL CLIMATOLOGICAL DATA (WS FORM: F-6) , PAGE 2

                                          STATION:  MILLINOCKET ME
                                          MONTH:    DECEMBER
                                          YEAR:     2018
                                          LATITUDE:   45 39 N
                                          LONGITUDE:  68 41 W

[TEMPERATURE DATA]      [PRECIPITATION DATA]       SYMBOLS USED IN COLUMN 16

AVERAGE MONTHLY: 19.1   TOTAL FOR MONTH:   0.76    1 = FOG OR MIST
DPTR FM NORMAL:  -6.0   DPTR FM NORMAL:   -1.55    2 = FOG REDUCING VISIBILITY
HIGHEST:    41 ON 15    GRTST 24HR  0.54 ON  2- 2      TO 1/4 MILE OR LESS
LOWEST:    -10 ON 13                               3 = THUNDER
                        SNOW, ICE PELLETS, HAIL    4 = ICE PELLETS
                        TOTAL MONTH:    M          5 = HAIL
                        GRTST 24HR    M  ON   M    6 = FREEZING RAIN OR DRIZZLE
                        GRTST DEPTH:  M  ON   M    7 = DUSTSTORM OR SANDSTORM:
                                                       VSBY 1/2 MILE OR LESS
                                                   8 = SMOKE OR HAZE
[NO. OF DAYS WITH]      [WEATHER - DAYS WITH]      9 = BLOWING SNOW
                                                   X = TORNADO
MAX 32 OR BELOW:  12    0.01 INCH OR MORE:   4
MAX 90 OR ABOVE:   0    0.10 INCH OR MORE:   2
MIN 32 OR BELOW:  17    0.50 INCH OR MORE:   1
MIN  0 OR BELOW:   5    1.00 INCH OR MORE:   0

[HDD (BASE 65) ]
TOTAL THIS MO.   775    CLEAR  (SCALE 0-3)   7
DPTR FM NORMAL    96    PTCLDY (SCALE 4-7)   5
TOTAL FM JUL 1  2757    CLOUDY (SCALE 8-10)  5
DPTR FM NORMAL   235

[CDD (BASE 65) ]
TOTAL THIS MO.     0
DPTR FM NORMAL     0    [PRESSURE DATA]
TOTAL FM JAN 1   458    HIGHEST SLP M ON M
DPTR FM NORMAL   190    LOWEST  SLP 29.34 ON 17

[REMARKS]
