000
CXUS51 KCAR 230600
CF6MLT
PRELIMINARY LOCAL CLIMATOLOGICAL DATA (WS FORM: F-6)

                                          STATION:   MILLINOCKET ME
                                          MONTH:     JUNE
                                          YEAR:      2018
                                          LATITUDE:   45 39 N
                                          LONGITUDE:  68 41 W

  TEMPERATURE IN F:       :PCPN:    SNOW:  WIND      :SUNSHINE: SKY     :PK WND
================================================================================
1   2   3   4   5  6A  6B    7    8   9   10  11  12  13   14  15   16   17  18
                                     12Z  AVG MX 2MIN
DY MAX MIN AVG DEP HDD CDD  WTR  SNW DPTH SPD SPD DIR MIN PSBL S-S WX    SPD DR
================================================================================

 1  82  56  69  11   0   4 0.22    M    M  2.5 13 320   M    M   5 1      15 320
 2  70  50  60   2   5   0 0.00    M    M 10.8 22  20   M    M   3 1      33  20
 3  68  42  55  -4  10   0 0.00    M    M  5.0 12  80   M    M   0        20  80
 4  52  37  45 -14  20   0 0.07    M    M  3.7 13 120   M    M   8 1      18 120
 5  51  42  47 -12  18   0 0.10    M    M  5.8 10  90   M    M  10 1      13  90
 6  62  45  54  -6  11   0 0.04    M    M  1.2  9  80   M    M   6 8      14 100
 7  67  44  56  -4   9   0    T    M    M  3.7 12 170   M    M   8 12     19 150
 8  72  49  61   1   4   0    T    M    M  6.5 21 310   M    M   4 1      29 290
 9  72  50  61   0   4   0    T    M    M  7.1 20 310   M    M   4        28 330
10  65  45  55  -6  10   0 0.00    M    M  5.0 15 310   M    M   2        20 300
11  72  43  58  -3   7   0 0.00    M    M  3.2 16 340   M    M   3        20 330
12  81  38  60  -2   5   0 0.00    M    M  6.4 15 250   M    M   0        24 240
13  86  62  74  12   0   9    T    M    M  7.1 18  40   M    M   4        25  50
14  62  46  54  -8  11   0    M    M    M  8.7 17  80   M    M  10 138    22  90
15  78  42  60  -3   5   0 0.00    M    M  4.2 15 330   M    M   0        19 330
16  85  60  73  10   0   8 0.00    M    M  6.3 15 300   M    M   2        22 320
17  75  53  64   1   1   0 0.00    M    M  4.2 12 170   M    M   2        19 150
18  73  54  64   0   1   0 0.51    M    M  3.1 12 360   M    M   7 1      17 230
19  75  58  67   3   0   2    T    M    M 10.4 22 320   M    M   1        30 300
20  81  53  67   3   0   2 0.07    M    M  6.3 22 330   M    M   3 1      31 320
21  72  47  60  -5   5   0 0.00    M    M  5.5 15 320   M    M   1        21 310
22  78  41  60  -5   5   0 0.00    M    M  2.9 10 300   M    M   0        14 190
================================================================================
SM 1579 1057       131  25  1.01    M    119.6          M       83
================================================================================
AV 71.8 48.1                               5.4 FASTST   M    M   4    MAX(MPH)
                                 MISC ---->  # 22  20               # 33   20
================================================================================
NOTES:
# LAST OF SEVERAL OCCURRENCES

COLUMN 17 PEAK WIND IN M.P.H.

PRELIMINARY LOCAL CLIMATOLOGICAL DATA (WS FORM: F-6) , PAGE 2

                                          STATION:  MILLINOCKET ME
                                          MONTH:    JUNE
                                          YEAR:     2018
                                          LATITUDE:   45 39 N
                                          LONGITUDE:  68 41 W

[TEMPERATURE DATA]      [PRECIPITATION DATA]       SYMBOLS USED IN COLUMN 16

AVERAGE MONTHLY: 59.9   TOTAL FOR MONTH:   1.01    1 = FOG OR MIST
DPTR FM NORMAL:  -1.6   DPTR FM NORMAL:   -1.98    2 = FOG REDUCING VISIBILITY
HIGHEST:    86 ON 13    GRTST 24HR  0.51 ON 18-18      TO 1/4 MILE OR LESS
LOWEST:     37 ON  4                               3 = THUNDER
                        SNOW, ICE PELLETS, HAIL    4 = ICE PELLETS
                        TOTAL MONTH:    M          5 = HAIL
                        GRTST 24HR    M  ON   M    6 = FREEZING RAIN OR DRIZZLE
                        GRTST DEPTH:  M  ON   M    7 = DUSTSTORM OR SANDSTORM:
                                                       VSBY 1/2 MILE OR LESS
                                                   8 = SMOKE OR HAZE
[NO. OF DAYS WITH]      [WEATHER - DAYS WITH]      9 = BLOWING SNOW
                                                   X = TORNADO
MAX 32 OR BELOW:   0    0.01 INCH OR MORE:   6
MAX 90 OR ABOVE:   0    0.10 INCH OR MORE:   3
MIN 32 OR BELOW:   0    0.50 INCH OR MORE:   1
MIN  0 OR BELOW:   0    1.00 INCH OR MORE:   0

[HDD (BASE 65) ]
TOTAL THIS MO.   131    CLEAR  (SCALE 0-3)  11
DPTR FM NORMAL    28    PTCLDY (SCALE 4-7)   9
TOTAL FM JUL 1  8043    CLOUDY (SCALE 8-10)  2
DPTR FM NORMAL  -350

[CDD (BASE 65) ]
TOTAL THIS MO.    25
DPTR FM NORMAL    -4    [PRESSURE DATA]
TOTAL FM JAN 1    34    HIGHEST SLP M ON M
DPTR FM NORMAL    -1    LOWEST  SLP 29.47 ON 18

[REMARKS]
