000
CXUS56 KPQR 181200
CF6MMV
PRELIMINARY LOCAL CLIMATOLOGICAL DATA (WS FORM: F-6)

                                          STATION:   MCMINNVILLE OR
                                          MONTH:     OCTOBER
                                          YEAR:      2019
                                          LATITUDE:   45 11 N
                                          LONGITUDE: 123  8 W

  TEMPERATURE IN F:       :PCPN:    SNOW:  WIND      :SUNSHINE: SKY     :PK WND
================================================================================
1   2   3   4   5  6A  6B    7    8   9   10  11  12  13   14  15   16   17  18
                                     12Z  AVG MX 2MIN
DY MAX MIN AVG DEP HDD CDD  WTR  SNW DPTH SPD SPD DIR MIN PSBL S-S WX    SPD DR
================================================================================

 1  63  32  48  -9  17   0 0.00    M    M  5.4 16  60   M    M   0 8      24  10
 2  58  32  45 -11  20   0    T    M    M  1.4  8 190   0    0   0         M  M
 3  58  43  51  -5  14   0 0.62    M    M  2.8 22 270   M    M   6 123    26 270
 4  62  43  53  -3  12   0 0.01    M    M  3.4 14 220   M    M   8 12     16 220
 5  65  43  54  -1  11   0 0.00    M    M  2.4  9 340   M    M   6 12     11 340
 6  70  37  54  -1  11   0 0.00    M    M  2.3  9  60   M    M   1 12     11 360
 7  70  38  54  -1  11   0 0.00    M    M  4.4 17 260   M    M   4 12     22 250
 8  60  38  49  -5  16   0 0.02    M    M  9.4 24 280   M    M   6        34 330
 9  58  30  44 -10  21   0 0.00    M    M  5.1 14  30   M    M   1 12     18  40
10  63  39  51  -3  14   0 0.00    M    M 10.3 17  20   M    M   0        23  60
11  68  43  56   3   9   0 0.00    M    M  8.1 14 350   M    M   0        18 340
12  60  35  48  -5  17   0 0.02    M    M  1.2  9 350   M    M   4 18     10 340
13  64  42  53   1  12   0 0.00    M    M  2.0 13 330   M    M   7        14 340
14  65  33  49  -3  16   0 0.00    M    M  1.5  8 340   M    M   1 1      11 350
15  60  35  48  -4  17   0    T    M    M  2.1  9 320   M    M   3 18     11 320
16  58  47  53   1  12   0 0.55    M    M  7.2 22 160   M    M   8 1      30 150
17  58  43  51   0  14   0 0.45    M    M  9.8 28 210   M    M   8 1      39 220
================================================================================
SM 1060  653       244   0  1.67    M     78.8            0     63
================================================================================
AV 62.4 38.4                               4.6 FASTST    0   0   4    MAX(MPH)
                                 MISC ---->  # 28 210               # 39  220
================================================================================
NOTES:
# LAST OF SEVERAL OCCURRENCES

COLUMN 17 PEAK WIND IN M.P.H.

PRELIMINARY LOCAL CLIMATOLOGICAL DATA (WS FORM: F-6) , PAGE 2

                                          STATION:  MCMINNVILLE OR
                                          MONTH:    OCTOBER
                                          YEAR:     2019
                                          LATITUDE:   45 11 N
                                          LONGITUDE: 123  8 W

[TEMPERATURE DATA]      [PRECIPITATION DATA]       SYMBOLS USED IN COLUMN 16

AVERAGE MONTHLY: 50.4   TOTAL FOR MONTH:   1.67    1 = FOG OR MIST
DPTR FM NORMAL:  -3.6   DPTR FM NORMAL:    0.27    2 = FOG REDUCING VISIBILITY
HIGHEST:    70 ON  7, 6 GRTST 24HR  0.62 ON  3- 3      TO 1/4 MILE OR LESS
LOWEST:     30 ON  9                               3 = THUNDER
                        SNOW, ICE PELLETS, HAIL    4 = ICE PELLETS
                        TOTAL MONTH:    M          5 = HAIL
                        GRTST 24HR    M  ON   M    6 = FREEZING RAIN OR DRIZZLE
                        GRTST DEPTH:  M  ON   M    7 = DUSTSTORM OR SANDSTORM:
                                                       VSBY 1/2 MILE OR LESS
                                                   8 = SMOKE OR HAZE
[NO. OF DAYS WITH]      [WEATHER - DAYS WITH]      9 = BLOWING SNOW
                                                   X = TORNADO
MAX 32 OR BELOW:   0    0.01 INCH OR MORE:   6
MAX 90 OR ABOVE:   0    0.10 INCH OR MORE:   3
MIN 32 OR BELOW:   3    0.50 INCH OR MORE:   2
MIN  0 OR BELOW:   0    1.00 INCH OR MORE:   0

[HDD (BASE 65) ]
TOTAL THIS MO.   244    CLEAR  (SCALE 0-3)   8
DPTR FM NORMAL    57    PTCLDY (SCALE 4-7)   7
TOTAL FM JUL 1   382    CLOUDY (SCALE 8-10)  2
DPTR FM NORMAL   -21

[CDD (BASE 65) ]
TOTAL THIS MO.     0
DPTR FM NORMAL     0    [PRESSURE DATA]
TOTAL FM JAN 1   282    HIGHEST SLP  0.00 ON  2
DPTR FM NORMAL    68    LOWEST  SLP 29.71 ON 16

[REMARKS]
