000
CXUS56 KPQR 201200
CF6MMV
PRELIMINARY LOCAL CLIMATOLOGICAL DATA (WS FORM: F-6)

                                          STATION:   MCMINNVILLE OR
                                          MONTH:     JULY
                                          YEAR:      2018
                                          LATITUDE:   45 11 N
                                          LONGITUDE: 123  8 W

  TEMPERATURE IN F:       :PCPN:    SNOW:  WIND      :SUNSHINE: SKY     :PK WND
================================================================================
1   2   3   4   5  6A  6B    7    8   9   10  11  12  13   14  15   16   17  18
                                     12Z  AVG MX 2MIN
DY MAX MIN AVG DEP HDD CDD  WTR  SNW DPTH SPD SPD DIR MIN PSBL S-S WX    SPD DR
================================================================================

 1  79  50  65   2   0   0 0.00  0.0    0  6.1 17 210   M    M   5        29 220
 2  71  46  59  -5   6   0    T    M    0  5.4 17 320   M    M   6        22 320
 3  77  42  60  -4   5   0 0.00  0.0    0  5.4 15  10   M    M   1        18 350
 4  76  52  64   0   1   0 0.02  0.0    0  5.3 18 220   M    M   2 1      22 220
 5  84  49  67   3   0   2 0.00  0.0    0  5.6 17 260   M    M   3 12     21 280
 6  78  50  64   0   1   0 0.00  0.0    0  7.5 21 270   M    M   1 8      31 260
 7  81  49  65   0   0   0 0.00  0.0    0  3.1 15 290   M    M   3 8      20 300
 8  84  49  67   2   0   2 0.00  0.0    0  7.8 21 250   M    M   0        24 250
 9  69  49  59  -6   6   0 0.01    M    M  3.9 13 210   M    M   6 1      20  30
10  79  55  67   2   0   2 0.00    M    M  4.9 16 350   M    M   7        19 360
11  89  49  69   3   0   4 0.00    M    M  9.0 18 360   M    M   0 1      27  10
12  97  56  77  11   0  12 0.00    M    M  8.0 16  10   M    M   0        21  10
13  93  56  75   9   0  10 0.00  0.0    0  4.4 16 220   M    M   0        20 220
14  93  50  72   6   0   7 0.00  0.0    0  4.0 10  40   M    M   0        13  40
15  98  55  77  11   0  12 0.00  0.0    0  4.8 16 220   M    M   0        20 220
16  97  57  77  11   0  12 0.00  0.0    0  4.8 16 220   M    M   0        20 210
17  89  55  72   5   0   7 0.00  0.0    0  8.8 20 220   M    M   0        23 220
18  87  53  70   3   0   5 0.00  0.0    0  3.8 15  10   M    M   1        18 360
19  75  50  63  -4   2   0 0.00  0.0    0  6.7 17  20   M    M   4        22  20
================================================================================
SM 1596  972        21  75  0.03     0.0 109.3          M       39
================================================================================
AV 84.0 51.2                               5.8 FASTST   M    M   2    MAX(MPH)
                                 MISC ---->  # 21 270               # 31  260
================================================================================
NOTES:
# LAST OF SEVERAL OCCURRENCES

COLUMN 17 PEAK WIND IN M.P.H.

PRELIMINARY LOCAL CLIMATOLOGICAL DATA (WS FORM: F-6) , PAGE 2

                                          STATION:  MCMINNVILLE OR
                                          MONTH:    JULY
                                          YEAR:     2018
                                          LATITUDE:   45 11 N
                                          LONGITUDE: 123  8 W

[TEMPERATURE DATA]      [PRECIPITATION DATA]       SYMBOLS USED IN COLUMN 16

AVERAGE MONTHLY: 67.6   TOTAL FOR MONTH:   0.03    1 = FOG OR MIST
DPTR FM NORMAL:   2.3   DPTR FM NORMAL:   -0.37    2 = FOG REDUCING VISIBILITY
HIGHEST:    98 ON 15    GRTST 24HR  0.02 ON  4- 4      TO 1/4 MILE OR LESS
LOWEST:     42 ON  3                               3 = THUNDER
                        SNOW, ICE PELLETS, HAIL    4 = ICE PELLETS
                        TOTAL MONTH:   0.0 INCH    5 = HAIL
                        GRTST 24HR     0.0         6 = FREEZING RAIN OR DRIZZLE
                        GRTST DEPTH:   0           7 = DUSTSTORM OR SANDSTORM:
                                                       VSBY 1/2 MILE OR LESS
                                                   8 = SMOKE OR HAZE
[NO. OF DAYS WITH]      [WEATHER - DAYS WITH]      9 = BLOWING SNOW
                                                   X = TORNADO
MAX 32 OR BELOW:   0    0.01 INCH OR MORE:   2
MAX 90 OR ABOVE:   5    0.10 INCH OR MORE:   0
MIN 32 OR BELOW:   0    0.50 INCH OR MORE:   0
MIN  0 OR BELOW:   0    1.00 INCH OR MORE:   0

[HDD (BASE 65) ]
TOTAL THIS MO.    21    CLEAR  (SCALE 0-3)  14
DPTR FM NORMAL   -12    PTCLDY (SCALE 4-7)   5
TOTAL FM JUL 1    21    CLOUDY (SCALE 8-10)  0
DPTR FM NORMAL   -12

[CDD (BASE 65) ]
TOTAL THIS MO.    75
DPTR FM NORMAL    34    [PRESSURE DATA]
TOTAL FM JAN 1   102    HIGHEST SLP M ON M
DPTR FM NORMAL    39    LOWEST  SLP 29.82 ON  4

[REMARKS]
