255
CXUS51 KPHI 191500
CF6MPO
PRELIMINARY LOCAL CLIMATOLOGICAL DATA (WS FORM: F-6)

                                          STATION:   MOUNT POCONO PA
                                          MONTH:     OCTOBER
                                          YEAR:      2019
                                          LATITUDE:   41  8 N
                                          LONGITUDE:  75 24 W

  TEMPERATURE IN F:       :PCPN:    SNOW:  WIND      :SUNSHINE: SKY     :PK WND
================================================================================
1   2   3   4   5  6A  6B    7    8   9   10  11  12  13   14  15   16   17  18
                                     12Z  AVG MX 2MIN
DY MAX MIN AVG DEP HDD CDD  WTR  SNW DPTH SPD SPD DIR MIN PSBL S-S WX    SPD DR
================================================================================

 1  74  55  65  12   0   0 0.00    M    M  8.1 15 250   M    M   6 1      21 200
 2  82  58  70  18   0   5 0.22    M    M 11.2 22 260   M    M   5 1      28 270
 3  58  45  52   0  13   0 0.43    M    M  7.0 14 110   M    M   9 12     20 110
 4  55  38  47  -5  18   0 0.00    M    M 14.9 28 310   M    M   6 1      39 320
 5  53  32  43  -8  22   0 0.00    M    M  6.6 16 350   M    M   0        21 350
 6  61  44  53   2  12   0 0.17    M    M  8.6 16 200   M    M  10 1      22 180
 7  61  49  55   4  10   0 0.46    M    M 11.5 20 190   M    M  10 1      29 190
 8  61  48  55   5  10   0 0.10    M    M  7.9 17  10   M    M   2        24  10
 9  52  47  50   0  15   0 0.01    M    M  8.8 15  40   M    M   7        23  30
10  67  47  57   7   8   0 0.00    M    M  8.8 18 360   M    M   5        23 360
11  64  46  55   5  10   0 0.00    M    M 10.7 21  20   M    M   3        29  40
12  60  38  49   0  16   0 0.00    M    M  5.2 15 300   M    M   4        18 280
13  58  40  49   0  16   0 0.00    M    M  4.7 13 140   M    M   4        16 330
14  64  41  53   4  12   0 0.00    M    M 10.7 22 270   M    M   3 1      30 270
15  58  33  46  -2  19   0 0.00    M    M  5.5 17 320   M    M   0        23 320
16  55  43  49   1  16   0 1.99    M    M 12.9 35 300   M    M   9 12     47 290
17  46  41  44  -4  21   0 0.08    M    M 22.3 35 270   M    M  10 1      43 280
18  47  35  41  -7  24   0 0.00    M    M 18.3 33 310   M    M   6        43 330
================================================================================
SM 1076  780       242   5  3.46    M    183.7          M       99
================================================================================
AV 59.8 43.3                              10.2 FASTST   M    M   6    MAX(MPH)
                                 MISC ---->  # 35 300               # 47  290
================================================================================
NOTES:
# LAST OF SEVERAL OCCURRENCES

COLUMN 17 PEAK WIND IN M.P.H.

PRELIMINARY LOCAL CLIMATOLOGICAL DATA (WS FORM: F-6) , PAGE 2

                                          STATION:  MOUNT POCONO PA
                                          MONTH:    OCTOBER
                                          YEAR:     2019
                                          LATITUDE:   41  8 N
                                          LONGITUDE:  75 24 W

[TEMPERATURE DATA]      [PRECIPITATION DATA]       SYMBOLS USED IN COLUMN 16

AVERAGE MONTHLY: 51.6   TOTAL FOR MONTH:   3.46    1 = FOG OR MIST
DPTR FM NORMAL:   1.5   DPTR FM NORMAL:    0.88    2 = FOG REDUCING VISIBILITY
HIGHEST:    82 ON  2    GRTST 24HR  1.99 ON 16-16      TO 1/4 MILE OR LESS
LOWEST:     32 ON  5                               3 = THUNDER
                        SNOW, ICE PELLETS, HAIL    4 = ICE PELLETS
                        TOTAL MONTH:    M          5 = HAIL
                        GRTST 24HR    M  ON   M    6 = FREEZING RAIN OR DRIZZLE
                        GRTST DEPTH:  M  ON   M    7 = DUSTSTORM OR SANDSTORM:
                                                       VSBY 1/2 MILE OR LESS
                                                   8 = SMOKE OR HAZE
[NO. OF DAYS WITH]      [WEATHER - DAYS WITH]      9 = BLOWING SNOW
                                                   X = TORNADO
MAX 32 OR BELOW:   0    0.01 INCH OR MORE:   8
MAX 90 OR ABOVE:   0    0.10 INCH OR MORE:   6
MIN 32 OR BELOW:   1    0.50 INCH OR MORE:   1
MIN  0 OR BELOW:   0    1.00 INCH OR MORE:   1

[HDD (BASE 65) ]
TOTAL THIS MO.   242    CLEAR  (SCALE 0-3)   4
DPTR FM NORMAL   -28    PTCLDY (SCALE 4-7)   9
TOTAL FM JUL 1   420    CLOUDY (SCALE 8-10)  5
DPTR FM NORMAL  -118

[CDD (BASE 65) ]
TOTAL THIS MO.     5
DPTR FM NORMAL     5    [PRESSURE DATA]
TOTAL FM JAN 1   348    HIGHEST SLP M ON M
DPTR FM NORMAL    35    LOWEST  SLP 29.28 ON 16

[REMARKS]
