000
CXUS51 KPHI 270815
CF6MPO
PRELIMINARY LOCAL CLIMATOLOGICAL DATA (WS FORM: F-6)

                                          STATION:   MOUNT POCONO PA
                                          MONTH:     MAY
                                          YEAR:      2020
                                          LATITUDE:   41  8 N
                                          LONGITUDE:  75 24 W

  TEMPERATURE IN F:       :PCPN:    SNOW:  WIND      :SUNSHINE: SKY     :PK WND
================================================================================
1   2   3   4   5  6A  6B    7    8   9   10  11  12  13   14  15   16   17  18
                                     12Z  AVG MX 2MIN
DY MAX MIN AVG DEP HDD CDD  WTR  SNW DPTH SPD SPD DIR MIN PSBL S-S WX    SPD DR
================================================================================

 1  55  45  50  -1  15   0 0.11    M    M 13.4 33 310   M    M   9 1      41 320
 2  63  41  52   1  13   0    T    M    M 11.7 23 310   M    M   3        30 310
 3  72  50  61   9   4   0    T    M    M 10.3 20 280   M    M   3        24 260
 4  59  38  49  -3  16   0    T    M    M 15.0 31 310   M    M   6        40 300
 5  54  33  44  -8  21   0 0.00    M    M 11.4 26 310   M    M   0        33 310
 6  46  37  42 -10  23   0 0.06    M    M  7.6 14 310   M    M   9        19  70
 7  58  34  46  -7  19   0 0.06    M    M 11.9 25 270   M    M   5        40 280
 8  41  27  34 -19  31   0 0.40    M    M  8.6 31 310   M    M   8 1      40 320
 9  37  22  30 -23  35   0    T    M    M 19.3 31 280   M    M   6 8      45 280
10  55  31  43 -11  22   0 0.00    M    M 14.1 29 280   M    M   2        37 250
11  49  35  42 -12  23   0 0.21    M    M 11.7 31 240   M    M   8 1      39 230
12  50  32  41 -13  24   0    T    M    M 16.1 26 310   M    M   5        38 330
13  55  26  41 -13  24   0 0.00    M    M  8.3 20 320   M    M   0        32 300
14  67  29  48  -7  17   0 0.00    M    M  7.2 21 200   M    M   4        25 210
15  78  54  66  11   0   1 0.29    M    M 13.2 33 250   M    M   9 13     46 250
16  68  50  59   4   6   0 0.02    M    M 11.2 22 330   M    M   3 1      27 330
17  63  46  55   0  10   0    T    M    M  7.9 14 150   M    M   7        19 130
18  66  49  58   2   7   0 0.00    M    M  8.8 20 130   M    M   5        24 140
19  64  46  55  -1  10   0 0.00    M    M  9.9 21 110   M    M   0        28 100
20  63  39  51  -5  14   0 0.00    M    M  9.2 20 120   M    M   0        27 120
21  68  31  50  -6  15   0 0.00    M    M  6.7 15 200   M    M   1        20 220
22  67  48  58   1   7   0 0.16    M    M  5.1 12 140   M    M   8 12     14 140
23  71  53  62   5   3   0 0.10    M    M  4.9 15  60   M    M   9 12     23  50
24  69  50  60   3   5   0 0.00    M    M  8.1 14 150   M    M   6        19 150
25  74  49  62   4   3   0 0.00    M    M  5.4 14 150   M    M   4 1      17 140
26  82  55  69  11   0   4 0.00    M    M  4.4 14 130   M    M   1 1      18 130
================================================================================
SM 1594 1050       367   5  1.41    M    261.4          M      121
================================================================================
AV 61.3 40.4                              10.1 FASTST   M    M   5    MAX(MPH)
                                 MISC ---->  # 33 310                 46 250
================================================================================
NOTES:
# LAST OF SEVERAL OCCURRENCES

COLUMN 17 PEAK WIND IN M.P.H.

PRELIMINARY LOCAL CLIMATOLOGICAL DATA (WS FORM: F-6) , PAGE 2

                                          STATION:   MOUNT POCONO PA
                                          MONTH:     MAY
                                          YEAR:      2020
                                          LATITUDE:   41  8 N
                                          LONGITUDE:  75 24 W

[TEMPERATURE DATA]      [PRECIPITATION DATA]       SYMBOLS USED IN COLUMN 16

AVERAGE MONTHLY: 50.8   TOTAL FOR MONTH:   1.41    1 = FOG OR MIST
DPTR FM NORMAL:  -3.6   DPTR FM NORMAL:   -2.15    2 = FOG REDUCING VISIBILITY
HIGHEST:    82 ON 26    GRTST 24HR  1.80 ON 30- 1      TO 1/4 MILE OR LESS
LOWEST:     22 ON  9                               3 = THUNDER
                        SNOW, ICE PELLETS, HAIL    4 = ICE PELLETS
                        TOTAL MONTH:  M            5 = HAIL
                        GRTST 24HR    M  ON   M    6 = FREEZING RAIN OR DRIZZLE
                        GRTST DEPTH:  M  ON   M    7 = DUSTSTORM OR SANDSTORM:
                                                       VSBY 1/2 MILE OR LESS
                                                   8 = SMOKE OR HAZE
[NO. OF DAYS WITH]      [WEATHER - DAYS WITH]      9 = BLOWING SNOW
                                                   X = TORNADO
MAX 32 OR BELOW:   0    0.01 INCH OR MORE:   9
MAX 90 OR ABOVE:   0    0.10 INCH OR MORE:   6
MIN 32 OR BELOW:   7    0.50 INCH OR MORE:   0
MIN  0 OR BELOW:   0    1.00 INCH OR MORE:   0

[HDD (BASE 65) ]
TOTAL THIS MO.   367    CLEAR  (SCALE 0-3)   9
DPTR FM NORMAL    82    PTCLDY (SCALE 4-7)  10
TOTAL FM JUL 1  6744    CLOUDY (SCALE 8-10)  7
DPTR FM NORMAL  -235

[CDD (BASE 65) ]
TOTAL THIS MO.     5
DPTR FM NORMAL    -3    [PRESSURE DATA]
TOTAL FM JAN 1     5    HIGHEST SLP M ON M
DPTR FM NORMAL    -7    LOWEST  SLP 29.62 ON  8

[REMARKS]
