080
CXUS51 KBTV 220700
CF6MPV
PRELIMINARY LOCAL CLIMATOLOGICAL DATA (WS FORM: F-6)

                                          STATION:   MONTPELIER VT
                                          MONTH:     OCTOBER
                                          YEAR:      2019
                                          LATITUDE:   44 12 N
                                          LONGITUDE:  72 34 W

  TEMPERATURE IN F:       :PCPN:    SNOW:  WIND      :SUNSHINE: SKY     :PK WND
================================================================================
1   2   3   4   5  6A  6B    7    8   9   10  11  12  13   14  15   16   17  18
                                     12Z  AVG MX 2MIN
DY MAX MIN AVG DEP HDD CDD  WTR  SNW DPTH SPD SPD DIR MIN PSBL S-S WX    SPD DR
================================================================================

 1  70  51  61  10   4   0 0.34    M    M  5.1 16 170   M    M   8 13     20 180
 2  70  39  55   4  10   0 0.34    M    M  6.6 14  20   M    M   9 1      18 360
 3  50  35  43  -7  22   0 0.10    M    M  3.6 13 170   M    M   5 1      15 170
 4  48  31  40 -10  25   0 0.04    M    M  7.8 22 310   M    M   8 1      30 310
 5  53  26  40 -10  25   0 0.00    M    M  1.6  9  40   M    M   0 12     13  10
 6  60  29  45  -4  20   0 0.00    M    M  5.3 16 170   M    M   7 1      20 170
 7  62  49  56   7   9   0 1.78    M    M  3.1 13 310   M    M   8 1      17 300
 8  59  36  48   0  17   0 0.00    M    M  3.6 10 330   M    M   0 12     16 310
 9  60  35  48   0  17   0 0.00    M    M  0.9  7 350   M    M   4 12      9 360
10  63  36  50   2  15   0 0.00    M    M  1.7  9  60   M    M   2 12     12  40
11  65  34  50   3  15   0 0.00    M    M  2.4 13  50   M    M   2        20  40
12  65  44  55   8  10   0 0.00    M    M  1.7 12 300   M    M   7        16 310
13  61  37  49   3  16   0 0.00    M    M  4.4 13 300   M    M   4        18 310
14  66  32  49   3  16   0 0.00    M    M  6.9 22 180   M    M   4 1      30 220
15  55  32  44  -2  21   0 0.00    M    M  2.6 10 290   M    M   1        15 310
16  56  29  43  -3  22   0 0.21    M    M  9.2 25 160   M    M   3 1      34 170
17  48  39  44  -1  21   0 1.04    M    M 12.1 24 300   M    M  10 1      33 290
18  44  41  43  -2  22   0 0.05    M    M 11.7 18 300   M    M  10        31 310
19  49  30  40  -4  25   0 0.00    M    M  5.6 21 310   M    M   3        26 310
20  51  28  40  -4  25   0    T    M    M  2.8 15 170   M    M   5 12     18 170
21  61  36  49   5  16   0 0.00    M    M  1.2  7  10   M    M   4 12     10 360
================================================================================
SM 1216  749       373   0  3.90    M     99.9          M      104
================================================================================
AV 57.9 35.7                               4.8 FASTST   M    M   5    MAX(MPH)
                                 MISC ---->    25 160                 34 170
================================================================================
NOTES:
# LAST OF SEVERAL OCCURRENCES

COLUMN 17 PEAK WIND IN M.P.H.

PRELIMINARY LOCAL CLIMATOLOGICAL DATA (WS FORM: F-6) , PAGE 2

                                          STATION:   MONTPELIER VT
                                          MONTH:     OCTOBER
                                          YEAR:      2019
                                          LATITUDE:   44 12 N
                                          LONGITUDE:  72 34 W

[TEMPERATURE DATA]      [PRECIPITATION DATA]       SYMBOLS USED IN COLUMN 16

AVERAGE MONTHLY: 46.8   TOTAL FOR MONTH:   3.90    1 = FOG OR MIST
DPTR FM NORMAL:  -0.5   DPTR FM NORMAL:    1.50    2 = FOG REDUCING VISIBILITY
HIGHEST:    70 ON  2, 1  GRTST 24HR  1.78 ON  7- 7      TO 1/4 MILE OR LESS
LOWEST:     26 ON  5                               3 = THUNDER
                        SNOW, ICE PELLETS, HAIL    4 = ICE PELLETS
                        TOTAL MONTH:  M            5 = HAIL
                        GRTST 24HR    M  ON   M    6 = FREEZING RAIN OR DRIZZLE
                        GRTST DEPTH:  M  ON   M    7 = DUSTSTORM OR SANDSTORM:
                                                       VSBY 1/2 MILE OR LESS
                                                   8 = SMOKE OR HAZE
[NO. OF DAYS WITH]      [WEATHER - DAYS WITH]      9 = BLOWING SNOW
                                                   X = TORNADO
MAX 32 OR BELOW:   0    0.01 INCH OR MORE:   8
MAX 90 OR ABOVE:   0    0.10 INCH OR MORE:   6
MIN 32 OR BELOW:   8    0.50 INCH OR MORE:   2
MIN  0 OR BELOW:   0    1.00 INCH OR MORE:   2

[HDD (BASE 65) ]
TOTAL THIS MO.   373    CLEAR  (SCALE 0-3)   5
DPTR FM NORMAL     0    PTCLDY (SCALE 4-7)  12
TOTAL FM JUL 1   683    CLOUDY (SCALE 8-10)  4
DPTR FM NORMAL   -45

[CDD (BASE 65) ]
TOTAL THIS MO.     0
DPTR FM NORMAL     0    [PRESSURE DATA]
TOTAL FM JAN 1   220    HIGHEST SLP M ON M
DPTR FM NORMAL   -43    LOWEST  SLP 28.93 ON 17

[REMARKS]
