000
CXUS51 KBTV 240800
CF6MPV
PRELIMINARY LOCAL CLIMATOLOGICAL DATA (WS FORM: F-6)

                                          STATION:   MONTPELIER VT
                                          MONTH:     JANUARY
                                          YEAR:      2020
                                          LATITUDE:   44 12 N
                                          LONGITUDE:  72 34 W

  TEMPERATURE IN F:       :PCPN:    SNOW:  WIND      :SUNSHINE: SKY     :PK WND
================================================================================
1   2   3   4   5  6A  6B    7    8   9   10  11  12  13   14  15   16   17  18
                                     12Z  AVG MX 2MIN
DY MAX MIN AVG DEP HDD CDD  WTR  SNW DPTH SPD SPD DIR MIN PSBL S-S WX    SPD DR
================================================================================

 1  31  28  30  12  35   0 0.04    M    M  6.8 16 300   M    M  10 1      25 250
 2  42  20  31  13  34   0 0.00    M    M  6.3 17 160   M    M   5        23 190
 3  43  27  35  17  30   0 0.00    M    M  1.5  8 170   M    M   6        11 150
 4  37  28  33  16  32   0 0.30    M    M  2.9 14 310   M    M  10 1      20 300
 5  28   8  18   1  47   0    T    M    M 10.6 26 310   M    M  10 18     35 310
 6  30   3  17   0  48   0 0.01    M    M  3.5 14 220   M    M   7 1      20 260
 7  29  23  26   9  39   0 0.04    M    M  3.6 14 270   M    M   9 1      22 270
 8  32  11  22   5  43   0 0.01    M    M  7.8 29 300   M    M   9 128    43 300
 9  16   3  10  -7  55   0    T    M    M  6.6 22 300   M    M   3 8      29 300
10  41  16  29  12  36   0    T    M    M  8.2 21 170   M    M   8        24 170
11  60  38  49  33  16   0 0.11    M    M  7.5 21 210   M    M  10 12     31 200
12  53  19  36  20  29   0 0.45    M    M  7.4 24 260   M    M  10 12     42 280
13  30  19  25   9  40   0 0.02    M    M  4.7 16 180   M    M  10 18     21 190
14  34  25  30  14  35   0 0.02    M    M  3.8 14 180   M    M  10 1      18 190
15  35  30  33  17  32   0 0.01    M    M  3.8 12 310   M    M  10 1      16 320
16  30  10  20   4  45   0 0.32    M    M  9.9 25 310   M    M  10 1      38 310
17  10  -9   1 -15  64   0 0.01    M    M 10.7 21 320   M    M   3 1      35 310
18  13  -9   2 -14  63   0 0.15    M    M  3.7 13 160   M    M   5 18     18 170
19  25  10  18   2  47   0 0.04    M    M  6.6 20 310   M    M  10 18     26 310
20  14   2   8  -8  57   0    T    M    M  7.4 15 300   M    M   3 18     20 310
21  15  -3   6 -10  59   0 0.00    M    M  1.9  8 340   M    M   3        10 350
22  33  11  22   6  43   0 0.00    M    M  3.9 14 160   M    M   4        17 150
23  32   6  19   3  46   0 0.00    M    M  0.5  6 190   M    M   0         6 190
================================================================================
SM  713  316       975   0  1.53    M    129.6          M      165
================================================================================
AV 31.0 13.7                               5.6 FASTST   M    M   7    MAX(MPH)
                                 MISC ---->    29 300                 43 300
================================================================================
NOTES:
# LAST OF SEVERAL OCCURRENCES

COLUMN 17 PEAK WIND IN M.P.H.

PRELIMINARY LOCAL CLIMATOLOGICAL DATA (WS FORM: F-6) , PAGE 2

                                          STATION:   MONTPELIER VT
                                          MONTH:     JANUARY
                                          YEAR:      2020
                                          LATITUDE:   44 12 N
                                          LONGITUDE:  72 34 W

[TEMPERATURE DATA]      [PRECIPITATION DATA]       SYMBOLS USED IN COLUMN 16

AVERAGE MONTHLY: 22.4   TOTAL FOR MONTH:   1.53    1 = FOG OR MIST
DPTR FM NORMAL:   5.8   DPTR FM NORMAL:   -0.23    2 = FOG REDUCING VISIBILITY
HIGHEST:    60 ON 11    GRTST 24HR  0.88 ON 11-12      TO 1/4 MILE OR LESS
LOWEST:     -9 ON 18,17                             3 = THUNDER
                        SNOW, ICE PELLETS, HAIL    4 = ICE PELLETS
                        TOTAL MONTH:  M            5 = HAIL
                        GRTST 24HR    M  ON   M    6 = FREEZING RAIN OR DRIZZLE
                        GRTST DEPTH:  M  ON   M    7 = DUSTSTORM OR SANDSTORM:
                                                       VSBY 1/2 MILE OR LESS
                                                   8 = SMOKE OR HAZE
[NO. OF DAYS WITH]      [WEATHER - DAYS WITH]      9 = BLOWING SNOW
                                                   X = TORNADO
MAX 32 OR BELOW:  14    0.01 INCH OR MORE:  14
MAX 90 OR ABOVE:   0    0.10 INCH OR MORE:   5
MIN 32 OR BELOW:  22    0.50 INCH OR MORE:   0
MIN  0 OR BELOW:   3    1.00 INCH OR MORE:   0

[HDD (BASE 65) ]
TOTAL THIS MO.   975    CLEAR  (SCALE 0-3)   5
DPTR FM NORMAL  -140    PTCLDY (SCALE 4-7)   6
TOTAL FM JUL 1  4186    CLOUDY (SCALE 8-10) 12
DPTR FM NORMAL   -77

[CDD (BASE 65) ]
TOTAL THIS MO.     0
DPTR FM NORMAL     0    [PRESSURE DATA]
TOTAL FM JAN 1     0    HIGHEST SLP M ON M
DPTR FM NORMAL     0    LOWEST  SLP 29.50 ON  1

[REMARKS]
