000
CXUS51 KBTV 190700
CF6MPV
PRELIMINARY LOCAL CLIMATOLOGICAL DATA (WS FORM: F-6)

                                          STATION:   MONTPELIER VT
                                          MONTH:     JANUARY
                                          YEAR:      2019
                                          LATITUDE:   44 12 N
                                          LONGITUDE:  72 34 W

  TEMPERATURE IN F:       :PCPN:    SNOW:  WIND      :SUNSHINE: SKY     :PK WND
================================================================================
1   2   3   4   5  6A  6B    7    8   9   10  11  12  13   14  15   16   17  18
                                     12Z  AVG MX 2MIN
DY MAX MIN AVG DEP HDD CDD  WTR  SNW DPTH SPD SPD DIR MIN PSBL S-S WX    SPD DR
================================================================================

 1  46  15  31  13  34   0 0.16    M    0 13.8 30 290   M    M   9 1      40 310
 2  22   8  15  -3  50   0    T    M    0  2.6  8 310   M    M   3 8       M  M
 3  29  19  24   6  41   0 0.09    M    0  3.3 12 160   M    M  10 1      15 160
 4  41  22  32  15  33   0 0.00  0.0    0  6.3 17 150   M    M   3        21 150
 5  34  18  26   9  39   0 0.00  0.0    0  2.8 14 310   M    M   2 12     17 320
 6  32  10  21   4  44   0 0.03    M    0 11.4 28 310   M    M  10 1289   38 300
 7  18   1  10  -7  55   0    T    M    M  5.5 25 310   M    M   2 89     33 310
 8  30  16  23   6  42   0 0.15    M    M  7.6 22 190   M    M  10 16     30 180
 9  31  26  29  12  36   0 0.37    M    0 10.6 23 300   M    M  10 12     32 300
10  27  10  19   2  46   0 0.07    M    0 16.0 33 300   M    M  10 128    45 300
11  10  -2   4 -12  61   0    T    M    0 13.8 26 300   M    M   6 189    37 290
12  10  -7   2 -14  63   0 0.00  0.0    0  7.7 21 300   M    M   0        28 310
13  12 -13   0 -16  65   0 0.00  0.0    0  0.8  6  50   M    M   0         8  50
14  17 -12   3 -13  62   0 0.00  0.0    0  0.4  6 310   M    M   0         7 310
15  24   1  13  -3  52   0 0.00  0.0    0  0.9  9 180   M    M   8 1      11 180
16  30   5  18   2  47   0    T    M    0 10.8 23 350   M    M   8 18     30 350
17  14  -7   4 -12  61   0 0.00  0.0    0  2.0 10 310   M    M   1        13 300
18  28   8  18   2  47   0 0.01    M    0  7.1 16 170   M    M  10 18     20 340
================================================================================
SM  455  118       878   0  0.88     0.0 123.4          M      102
================================================================================
AV 25.3  6.6                               6.9 FASTST   M    M   6    MAX(MPH)
                                 MISC ---->  # 33 300               # 45  300
================================================================================
NOTES:
# LAST OF SEVERAL OCCURRENCES

COLUMN 17 PEAK WIND IN M.P.H.

PRELIMINARY LOCAL CLIMATOLOGICAL DATA (WS FORM: F-6) , PAGE 2

                                          STATION:  MONTPELIER VT
                                          MONTH:    JANUARY
                                          YEAR:     2019
                                          LATITUDE:   44 12 N
                                          LONGITUDE:  72 34 W

[TEMPERATURE DATA]      [PRECIPITATION DATA]       SYMBOLS USED IN COLUMN 16

AVERAGE MONTHLY: 15.9   TOTAL FOR MONTH:   0.88    1 = FOG OR MIST
DPTR FM NORMAL:  -0.8   DPTR FM NORMAL:   -0.46    2 = FOG REDUCING VISIBILITY
HIGHEST:    46 ON  1    GRTST 24HR  0.37 ON  9- 9      TO 1/4 MILE OR LESS
LOWEST:    -13 ON 13                               3 = THUNDER
                        SNOW, ICE PELLETS, HAIL    4 = ICE PELLETS
                        TOTAL MONTH:   0.0 INCH    5 = HAIL
                        GRTST 24HR     0.0         6 = FREEZING RAIN OR DRIZZLE
                        GRTST DEPTH:   0           7 = DUSTSTORM OR SANDSTORM:
                                                       VSBY 1/2 MILE OR LESS
                                                   8 = SMOKE OR HAZE
[NO. OF DAYS WITH]      [WEATHER - DAYS WITH]      9 = BLOWING SNOW
                                                   X = TORNADO
MAX 32 OR BELOW:  15    0.01 INCH OR MORE:   7
MAX 90 OR ABOVE:   0    0.10 INCH OR MORE:   3
MIN 32 OR BELOW:  18    0.50 INCH OR MORE:   0
MIN  0 OR BELOW:   5    1.00 INCH OR MORE:   0

[HDD (BASE 65) ]
TOTAL THIS MO.   878    CLEAR  (SCALE 0-3)   7
DPTR FM NORMAL     8    PTCLDY (SCALE 4-7)   2
TOTAL FM JUL 1  4132    CLOUDY (SCALE 8-10)  9
DPTR FM NORMAL   114

[CDD (BASE 65) ]
TOTAL THIS MO.     0
DPTR FM NORMAL     0    [PRESSURE DATA]
TOTAL FM JAN 1     0    HIGHEST SLP M ON M
DPTR FM NORMAL     0    LOWEST  SLP 29.36 ON  9

[REMARKS]
