000
CXUS53 KMQT 220900
CF6MQT
PRELIMINARY LOCAL CLIMATOLOGICAL DATA (WS FORM: F-6)

                                          STATION:   MARQUETTE MI
                                          MONTH:     OCTOBER
                                          YEAR:      2019
                                          LATITUDE:   46 31 N
                                          LONGITUDE:  87 33 W

  TEMPERATURE IN F:       :PCPN:    SNOW:  WIND      :SUNSHINE: SKY     :PK WND
================================================================================
1   2   3   4   5  6A  6B    7    8   9   10  11  12  13   14  15   16   17  18
                                     12Z  AVG MX 2MIN
DY MAX MIN AVG DEP HDD CDD  WTR  SNW DPTH SPD SPD DIR MIN PSBL S-S WX    SPD DR
================================================================================

 1  72  47  60  11   5   0    T  0.0    0   M   M   M   M    M   M        23 225
 2  47  42  45  -4  20   0 0.12  0.0    0   M   M   M   M    M   M        22  90
 3  49  39  44  -4  21   0 0.50  0.0    0   M   M   M   M    M   M 1      19 360
 4  45  29  37 -11  28   0 0.07  0.0    0   M   M   M   M    M   M        15 315
 5  49  29  39  -9  26   0 0.11  0.0    0   M   M   M   M    M   M        31 180
 6  62  44  53   6  12   0 0.08  0.0    0   M   M   M   M    M   M        38 270
 7  56  32  44  -3  21   0 0.00  0.0    0   M   M   M   M    M   M        28 315
 8  66  31  49   3  16   0 0.00  0.0    0   M   M   M   M    M   M        22 225
 9  69  47  58  12   7   0 0.00  0.0    0   M   M   M   M    M   M        28 180
10  61  47  54   8  11   0 0.00  0.0    0   M   M   M   M    M   M 1      18 135
11  59  32  46   1  19   0 0.83  0.0    0   M   M   M   M    M   M        28 180
12  38  30  34 -11  31   0 0.04  0.4    0   M   M   M   M    M   M        27 180
13  38  30  34 -10  31   0 0.08  0.5    1   M   M   M   M    M   M        20 225
14  45  31  38  -6  27   0    T    T    0   M   M   M   M    M   M        26 270
15  41  30  36  -8  29   0 1.76  0.0    0   M   M   M   M    M   M        25 360
16  44  36  40  -3  25   0 0.23    T    0   M   M   M   M    M   M        29  45
17  43  29  36  -7  29   0 0.07  0.0    0   M   M   M   M    M   M        13 360
18  52  26  39  -3  26   0 0.00  0.0    0   M   M   M   M    M   M        32 180
19  60  41  51   9  14   0 0.04  0.0    0   M   M   M   M    M   M        25 180
20  60  37  49   7  16   0 0.00  0.0    0   M   M   M   M    M   M 12     16 270
21  53  39  46   5  19   0 0.76  0.0    0   M   M   M   M    M   M 1      27  90
================================================================================
SM 1109  748       433   0  4.69     0.9     M          M        M
================================================================================
AV 52.8 35.6                                 M FASTST   M    M   0    MAX(MPH)
                                 MISC ---->     M   M               # 38  270
================================================================================
NOTES:
# LAST OF SEVERAL OCCURRENCES

COLUMN 17 PEAK WIND IN M.P.H.

PRELIMINARY LOCAL CLIMATOLOGICAL DATA (WS FORM: F-6) , PAGE 2

                                          STATION:  MARQUETTE MI
                                          MONTH:    OCTOBER
                                          YEAR:     2019
                                          LATITUDE:   46 31 N
                                          LONGITUDE:  87 33 W

[TEMPERATURE DATA]      [PRECIPITATION DATA]       SYMBOLS USED IN COLUMN 16

AVERAGE MONTHLY: 44.2   TOTAL FOR MONTH:   4.69    1 = FOG OR MIST
DPTR FM NORMAL:  -1.0   DPTR FM NORMAL:    1.95    2 = FOG REDUCING VISIBILITY
HIGHEST:    72 ON  1    GRTST 24HR  1.76 ON 15-15      TO 1/4 MILE OR LESS
LOWEST:     26 ON 18                               3 = THUNDER
                        SNOW, ICE PELLETS, HAIL    4 = ICE PELLETS
                        TOTAL MONTH:   0.9 INCH    5 = HAIL
                        GRTST 24HR   0.5 ON 13-13  6 = FREEZING RAIN OR DRIZZLE
                        GRTST DEPTH:   1 ON 13     7 = DUSTSTORM OR SANDSTORM:
                                                       VSBY 1/2 MILE OR LESS
                                                   8 = SMOKE OR HAZE
[NO. OF DAYS WITH]      [WEATHER - DAYS WITH]      9 = BLOWING SNOW
                                                   X = TORNADO
MAX 32 OR BELOW:   0    0.01 INCH OR MORE:  13
MAX 90 OR ABOVE:   0    0.10 INCH OR MORE:   7
MIN 32 OR BELOW:  11    0.50 INCH OR MORE:   4
MIN  0 OR BELOW:   0    1.00 INCH OR MORE:   1

[HDD (BASE 65) ]
TOTAL THIS MO.   433    CLEAR  (SCALE 0-3)   0
DPTR FM NORMAL    14    PTCLDY (SCALE 4-7)   0
TOTAL FM JUL 1   838    CLOUDY (SCALE 8-10)  0
DPTR FM NORMAL   -63

[CDD (BASE 65) ]
TOTAL THIS MO.     0
DPTR FM NORMAL     0    [PRESSURE DATA]
TOTAL FM JAN 1   194    HIGHEST SLP M ON M
DPTR FM NORMAL   -47    LOWEST  SLP M ON M

[REMARKS]
