744
CXUS56 KMTR 201000
CF6MRY
PRELIMINARY LOCAL CLIMATOLOGICAL DATA (WS FORM: F-6)

                                          STATION:   MONTEREY AIRPORT
                                          MONTH:     JULY
                                          YEAR:      2018
                                          LATITUDE:   36 34 N
                                          LONGITUDE: 121 51 W

  TEMPERATURE IN F:       :PCPN:    SNOW:  WIND      :SUNSHINE: SKY     :PK WND
================================================================================
1   2   3   4   5  6A  6B    7    8   9   10  11  12  13   14  15   16   17  18
                                     12Z  AVG MX 2MIN
DY MAX MIN AVG DEP HDD CDD  WTR  SNW DPTH SPD SPD DIR MIN PSBL S-S WX    SPD DR
================================================================================

 1  76  55  66   6   0   1 0.00  0.0    0  5.4 15 220   M    M   6 1      19 230
 2  69  56  63   3   2   0 0.00  0.0    0  5.7 16 220   M    M   8 1      22 210
 3  69  55  62   2   3   0 0.00  0.0    0  8.4 22 220   M    M   7 1      27 230
 4  67  54  61   1   4   0 0.00  0.0    0  5.7 15 240   M    M   6 1      21 220
 5  67  52  60   0   5   0 0.00  0.0    0  5.0 14 290   M    M   3        17 270
 6  75  59  67   7   0   2 0.00  0.0    0  5.6 15 300   M    M   0        18 280
 7  74  56  65   5   0   0 0.00  0.0    0  5.8 15 240   M    M   0        19 240
 8  74  55  65   5   0   0 0.00  0.0    0  5.7 14 230   M    M   1        17 300
 9  76  52  64   4   1   0 0.00  0.0    0  5.5 14 240   M    M   0        18 230
10  74  55  65   5   0   0 0.00  0.0    0  6.6 14 260   M    M   0        19 290
11  71  56  64   4   1   0 0.00  0.0    0  6.7 17 230   M    M   7 1      21 210
12  70  57  64   4   1   0 0.00  0.0    0  5.1 14 230   M    M   5 1      18 220
13  74  58  66   6   0   1 0.00  0.0    0  5.3 14 300   M    M   4 1      16 290
14  68  56  62   2   3   0    T  0.0    0  7.3 14 290   M    M   7 1      18 270
15  68  54  61   1   4   0 0.00  0.0    0  6.7 15 310   M    M   8 1      19 280
16  67  57  62   2   3   0 0.00  0.0    0  6.3 16 310   M    M   6 1      19 310
17  66  56  61   1   4   0 0.00  0.0    0  5.6 13 280   M    M   7 1      17 270
18  69  54  62   2   3   0 0.00  0.0    0  6.4 13 250   M    M   7 1      17 230
19  74  55  65   5   0   0 0.00  0.0    0  5.0 16 230   M    M   7 1      19 240
================================================================================
SM 1348 1052        34   4    T      0.0 113.8          M       89
================================================================================
AV 71.0 55.4                               6.0 FASTST   M    M   5    MAX(MPH)
                                 MISC ---->  # 22 220               # 27  230
================================================================================
NOTES:
# LAST OF SEVERAL OCCURRENCES

COLUMN 17 PEAK WIND IN M.P.H.

PRELIMINARY LOCAL CLIMATOLOGICAL DATA (WS FORM: F-6) , PAGE 2

                                          STATION:  MONTEREY AIRPORT
                                          MONTH:    JULY
                                          YEAR:     2018
                                          LATITUDE:   36 34 N
                                          LONGITUDE: 121 51 W

[TEMPERATURE DATA]      [PRECIPITATION DATA]       SYMBOLS USED IN COLUMN 16

AVERAGE MONTHLY: 63.2   TOTAL FOR MONTH:      T    1 = FOG OR MIST
DPTR FM NORMAL:   3.2   DPTR FM NORMAL:   -0.01    2 = FOG REDUCING VISIBILITY
HIGHEST:    76 ON  9, 1 GRTST 24HR    T  ON 14-14      TO 1/4 MILE OR LESS
LOWEST:     52 ON  9, 5                            3 = THUNDER
                        SNOW, ICE PELLETS, HAIL    4 = ICE PELLETS
                        TOTAL MONTH:   0.0 INCH    5 = HAIL
                        GRTST 24HR     0.0         6 = FREEZING RAIN OR DRIZZLE
                        GRTST DEPTH:   0           7 = DUSTSTORM OR SANDSTORM:
                                                       VSBY 1/2 MILE OR LESS
                                                   8 = SMOKE OR HAZE
[NO. OF DAYS WITH]      [WEATHER - DAYS WITH]      9 = BLOWING SNOW
                                                   X = TORNADO
MAX 32 OR BELOW:   0    0.01 INCH OR MORE:   0
MAX 90 OR ABOVE:   0    0.10 INCH OR MORE:   0
MIN 32 OR BELOW:   0    0.50 INCH OR MORE:   0
MIN  0 OR BELOW:   0    1.00 INCH OR MORE:   0

[HDD (BASE 65) ]
TOTAL THIS MO.    34    CLEAR  (SCALE 0-3)   5
DPTR FM NORMAL   -61    PTCLDY (SCALE 4-7)  14
TOTAL FM JUL 1    34    CLOUDY (SCALE 8-10)  0
DPTR FM NORMAL   -61

[CDD (BASE 65) ]
TOTAL THIS MO.     4
DPTR FM NORMAL     4    [PRESSURE DATA]
TOTAL FM JAN 1     7    HIGHEST SLP M ON M
DPTR FM NORMAL     1    LOWEST  SLP 29.80 ON 11

[REMARKS]
