000
CXUS53 KMPX 251000
CF6MSP
PRELIMINARY LOCAL CLIMATOLOGICAL DATA (WS FORM: F-6)

                                          STATION:   TWIN CITIES MN
                                          MONTH:     FEBRUARY
                                          YEAR:      2020
                                          LATITUDE:   44 52 N
                                          LONGITUDE:  93 13 W

  TEMPERATURE IN F:       :PCPN:    SNOW:  WIND      :SUNSHINE: SKY     :PK WND
================================================================================
1   2   3   4   5  6A  6B    7    8   9   10  11  12  13   14  15   16   17  18
                                     12Z  AVG MX 2MIN
DY MAX MIN AVG DEP HDD CDD  WTR  SNW DPTH SPD SPD DIR MIN PSBL S-S WX    SPD DR
================================================================================

 1  38  27  33  16  32   0 0.00  0.0    7  8.4 18 230   M    M   7 18     32 250
 2  46  31  39  22  26   0 0.00  0.0    6 11.8 22 270   M    M   5        35 270
 3  32  20  26   9  39   0 0.00  0.0    5 10.7 18 360   M    M   8        26  20
 4  24  10  17  -1  48   0 0.00  0.0    5  8.6 20  10   M    M   7        25 360
 5  30  11  21   3  44   0 0.00  0.0    5  5.8 12 210   M    M   3        18 220
 6  32  11  22   4  43   0    T    T    5  6.0 14 180   M    M   4 8      19 200
 7  30  13  22   4  43   0 0.03  0.5    5  5.3 15 310   M    M  10 18     25 360
 8  20  -3   9  -9  56   0 0.00  0.0    5  6.1 10 160   M    M   2 8      14 200
 9  27   9  18  -1  47   0 0.38  4.8    6  7.3 15 320   M    M   7 128    25  20
10  30   7  19   0  46   0 0.01  0.2   10  7.8 20 230   M    M   5 18     33 260
11  30  21  26   7  39   0    T    T   10 10.8 22 290   M    M   7 8      34 300
12  35   0  18  -2  47   0    T    T   10 14.3 26 360   M    M   8        36 350
13   1 -11  -5 -25  70   0 0.00  0.0    9 10.9 24 350   M    M   3        31 350
14  15 -12   2 -18  63   0 0.00  0.0    9 12.3 24 160   M    M   2 8      38 150
15  36  15  26   5  39   0 0.00  0.0    8 11.4 21 200   M    M   4        34 200
16  24  14  19  -2  46   0 0.00  0.0    8  6.7 16 110   M    M   7        19 110
17  35  22  29   7  36   0 0.16  2.0    8 10.2 21 330   M    M   9 1      27 330
18  26   5  16  -6  49   0 0.00  0.0    9 12.8 23 310   M    M   3 8      35 290
19  14   0   7 -15  58   0 0.00  0.0    9  7.9 15 340   M    M   4        20 330
20  14  -6   4 -19  61   0 0.00  0.0    9  6.6 13 230   M    M   0 8      17 230
21  37  12  25   2  40   0 0.00  0.0    8  9.2 23 230   M    M   0        38 240
22  42  18  30   7  35   0 0.00  0.0    8  5.1 14 180   M    M   2 18     20 180
23  44  27  36  12  29   0 0.00  0.0    7  9.1 20 260   M    M   0        31 260
24  42  23  33   9  32   0 0.00  0.0    5  6.0 13  40   M    M   3 18     31  50
================================================================================
SM  704  264      1068   0  0.58     7.5 211.1          M      110
================================================================================
AV 29.3 11.0                               8.8 FASTST   M    M   5    MAX(MPH)
                                 MISC ---->  # 26 360               # 38  150
================================================================================
NOTES:
# LAST OF SEVERAL OCCURRENCES

COLUMN 17 PEAK WIND IN M.P.H.

PRELIMINARY LOCAL CLIMATOLOGICAL DATA (WS FORM: F-6) , PAGE 2

                                          STATION:  TWIN CITIES MN
                                          MONTH:    FEBRUARY
                                          YEAR:     2020
                                          LATITUDE:   44 52 N
                                          LONGITUDE:  93 13 W

[TEMPERATURE DATA]      [PRECIPITATION DATA]       SYMBOLS USED IN COLUMN 16

AVERAGE MONTHLY: 20.2   TOTAL FOR MONTH:   0.58    1 = FOG OR MIST
DPTR FM NORMAL:   0.0   DPTR FM NORMAL:   -0.04    2 = FOG REDUCING VISIBILITY
HIGHEST:    46 ON  2    GRTST 24HR  0.38 ON  9- 9      TO 1/4 MILE OR LESS
LOWEST:    -12 ON 14                               3 = THUNDER
                        SNOW, ICE PELLETS, HAIL    4 = ICE PELLETS
                        TOTAL MONTH:   7.5 INCHES  5 = HAIL
                        GRTST 24HR   4.8 ON  9- 9  6 = FREEZING RAIN OR DRIZZLE
                        GRTST DEPTH:  10 ON 12,11  7 = DUSTSTORM OR SANDSTORM:
                                                       VSBY 1/2 MILE OR LESS
                                                   8 = SMOKE OR HAZE
[NO. OF DAYS WITH]      [WEATHER - DAYS WITH]      9 = BLOWING SNOW
                                                   X = TORNADO
MAX 32 OR BELOW:  15    0.01 INCH OR MORE:   4
MAX 90 OR ABOVE:   0    0.10 INCH OR MORE:   2
MIN 32 OR BELOW:  24    0.50 INCH OR MORE:   0
MIN  0 OR BELOW:   6    1.00 INCH OR MORE:   0

[HDD (BASE 65) ]
TOTAL THIS MO.  1068    CLEAR  (SCALE 0-3)  10
DPTR FM NORMAL   -10    PTCLDY (SCALE 4-7)  11
TOTAL FM JUL 1  5387    CLOUDY (SCALE 8-10)  3
DPTR FM NORMAL  -245

[CDD (BASE 65) ]
TOTAL THIS MO.     0
DPTR FM NORMAL     0    [PRESSURE DATA]
TOTAL FM JAN 1     0    HIGHEST SLP M ON M
DPTR FM NORMAL     0    LOWEST  SLP 29.47 ON  1

[REMARKS]
