000
CXUS53 KMPX 211000
CF6MSP
PRELIMINARY LOCAL CLIMATOLOGICAL DATA (WS FORM: F-6)

                                          STATION:   TWIN CITIES MN
                                          MONTH:     SEPTEMBER
                                          YEAR:      2018
                                          LATITUDE:   44 52 N
                                          LONGITUDE:  93 13 W

  TEMPERATURE IN F:       :PCPN:    SNOW:  WIND      :SUNSHINE: SKY     :PK WND
================================================================================
1   2   3   4   5  6A  6B    7    8   9   10  11  12  13   14  15   16   17  18
                                     12Z  AVG MX 2MIN
DY MAX MIN AVG DEP HDD CDD  WTR  SNW DPTH SPD SPD DIR MIN PSBL S-S WX    SPD DR
================================================================================

 1  88  72  80  12   0  15 0.00  0.0    0  5.3 12 300   M    M   6        24  90
 2  82  68  75   7   0  10 0.25  0.0    0  7.5 23 230   M    M   8 1      34 240
 3  76  68  72   5   0   7 0.02  0.0    0  9.1 17 130   M    M   9 18     23 100
 4  76  67  72   5   0   7 1.18  0.0    0  5.3 13  80   M    M  10 13     23 110
 5  73  57  65  -1   0   0 0.02  0.0    0  9.6 21  10   M    M   5        36 330
 6  74  52  63  -3   2   0 0.00  0.0    0  4.9 10  30   M    M   2        19  40
 7  77  55  66   0   0   1 0.00  0.0    0  5.9 14  70   M    M   5        21  50
 8  74  57  66   1   0   1 0.00  0.0    0  8.9 18 120   M    M   0        26 100
 9  73  54  64  -1   1   0 0.00  0.0    0  9.2 16 150   M    M   4 1      20 150
10  79  54  67   2   0   2 0.00  0.0    0  7.5 15 180   M    M   2        22 180
11  83  62  73   9   0   8 0.00  0.0    0 12.0 25 170   M    M   2        34 190
12  84  69  77  13   0  12 0.00  0.0    0 11.3 20 180   M    M   3        27 180
13  85  63  74  11   0   9 0.00  0.0    0 13.0 26 170   M    M   3        35 190
14  88  69  79  16   0  14 0.00  0.0    0  7.2 12 140   M    M   6        18 170
15  92  70  81  19   0  16 0.00  0.0    0  8.5 17 180   M    M   2        28 180
16  90  72  81  19   0  16 0.00  0.0    0 10.9 22 180   M    M   3        28 170
17  81  60  71   9   0   6 0.90  0.0    0  7.9 43 320   M    M   6 13     55 330
18  66  60  63   2   2   0 0.66  0.0    0  6.0 21 270   M    M   8 13     30 270
19  64  59  62   1   3   0 0.18  0.0    0  8.5 25 110   M    M  10 1      31 110
20  68  59  64   4   1   0 3.28  0.0    0 11.8 40 270   M    M  10 13     41 270
================================================================================
SM 1573 1247         9 124  6.49     0.0 170.3          M      104
================================================================================
AV 78.7 62.4                               8.5 FASTST   M    M   5    MAX(MPH)
                                 MISC ---->  # 43 320               # 55  330
================================================================================
NOTES:
# LAST OF SEVERAL OCCURRENCES

COLUMN 17 PEAK WIND IN M.P.H.

PRELIMINARY LOCAL CLIMATOLOGICAL DATA (WS FORM: F-6) , PAGE 2

                                          STATION:  TWIN CITIES MN
                                          MONTH:    SEPTEMBER
                                          YEAR:     2018
                                          LATITUDE:   44 52 N
                                          LONGITUDE:  93 13 W

[TEMPERATURE DATA]      [PRECIPITATION DATA]       SYMBOLS USED IN COLUMN 16

AVERAGE MONTHLY: 70.5   TOTAL FOR MONTH:   6.49    1 = FOG OR MIST
DPTR FM NORMAL:   6.2   DPTR FM NORMAL:    4.41    2 = FOG REDUCING VISIBILITY
HIGHEST:    92 ON 15    GRTST 24HR  3.28 ON 20-20      TO 1/4 MILE OR LESS
LOWEST:     52 ON  6                               3 = THUNDER
                        SNOW, ICE PELLETS, HAIL    4 = ICE PELLETS
                        TOTAL MONTH:   0.0 INCH    5 = HAIL
                        GRTST 24HR     0.0         6 = FREEZING RAIN OR DRIZZLE
                        GRTST DEPTH:   0           7 = DUSTSTORM OR SANDSTORM:
                                                       VSBY 1/2 MILE OR LESS
                                                   8 = SMOKE OR HAZE
[NO. OF DAYS WITH]      [WEATHER - DAYS WITH]      9 = BLOWING SNOW
                                                   X = TORNADO
MAX 32 OR BELOW:   0    0.01 INCH OR MORE:   8
MAX 90 OR ABOVE:   2    0.10 INCH OR MORE:   6
MIN 32 OR BELOW:   0    0.50 INCH OR MORE:   4
MIN  0 OR BELOW:   0    1.00 INCH OR MORE:   2

[HDD (BASE 65) ]
TOTAL THIS MO.     9    CLEAR  (SCALE 0-3)   8
DPTR FM NORMAL   -63    PTCLDY (SCALE 4-7)   7
TOTAL FM JUL 1    16    CLOUDY (SCALE 8-10)  5
DPTR FM NORMAL   -75

[CDD (BASE 65) ]
TOTAL THIS MO.   124
DPTR FM NORMAL    67    [PRESSURE DATA]
TOTAL FM JAN 1  1133    HIGHEST SLP M ON M
DPTR FM NORMAL   395    LOWEST  SLP 29.51 ON 20

[REMARKS]
