000
CXUS53 KMPX 191000
CF6MSP
PRELIMINARY LOCAL CLIMATOLOGICAL DATA (WS FORM: F-6)

                                          STATION:   TWIN CITIES MN
                                          MONTH:     JUNE
                                          YEAR:      2018
                                          LATITUDE:   44 52 N
                                          LONGITUDE:  93 13 W

  TEMPERATURE IN F:       :PCPN:    SNOW:  WIND      :SUNSHINE: SKY     :PK WND
================================================================================
1   2   3   4   5  6A  6B    7    8   9   10  11  12  13   14  15   16   17  18
                                     12Z  AVG MX 2MIN
DY MAX MIN AVG DEP HDD CDD  WTR  SNW DPTH SPD SPD DIR MIN PSBL S-S WX    SPD DR
================================================================================

 1  81  64  73   9   0   8 0.00  0.0    0 11.3 21  80   M    M   6        31 110
 2  71  59  65   1   0   0 0.17  0.0    0 10.4 18 280   M    M   9 1      29 300
 3  70  58  64  -1   1   0 0.00  0.0    0 14.3 28 310   M    M   6        36 280
 4  87  56  72   7   0   7 0.00  0.0    0  6.1 21 270   M    M   2        30 250
 5  80  61  71   6   0   6 0.00  0.0    0 11.0 17 120   M    M   2        24  50
 6  80  62  71   5   0   6 0.21  0.0    0  9.7 30 320   M    M   6 13     42 320
 7  79  59  69   3   0   4    T  0.0    0  7.9 14  60   M    M   8        24  80
 8  74  65  70   4   0   5 0.01  0.0    0 12.1 23 120   M    M   9        29 130
 9  72  63  68   1   0   3 0.22  0.0    0  8.1 16 120   M    M   9 13     21 120
10  77  64  71   4   0   6 0.00  0.0    0 12.8 23 120   M    M   8        31 110
11  74  62  68   1   0   3 0.04  0.0    0  9.9 29 110   M    M   8 1      39 110
12  81  63  72   4   0   7 0.00  0.0    0  7.6 21 310   M    M   8        30 320
13  81  58  70   2   0   5 0.00  0.0    0  6.6 12 230   M    M   3        20 310
14  82  64  73   5   0   8    T  0.0    0 13.2 22 140   M    M   7        31 140
15  95  68  82  13   0  17    T  0.0    0 12.6 22 170   M    M   6        31 200
16  88  70  79  10   0  14 0.76  0.0    0 11.0 25 140   M    M   8 138    33 150
17  91  72  82  12   0  17 0.18  0.0    0 10.8 21 230   M    M   8 138    39  30
18  78  68  73   3   0   8 0.40  0.0    0  9.4 16  60   M    M   9 13     27  10
================================================================================
SM 1441 1136         1 124  1.99     0.0 184.8          M      122
================================================================================
AV 80.1 63.1                              10.3 FASTST   M    M   7    MAX(MPH)
                                 MISC ---->  # 30 320               # 42  320
================================================================================
NOTES:
# LAST OF SEVERAL OCCURRENCES

COLUMN 17 PEAK WIND IN M.P.H.

PRELIMINARY LOCAL CLIMATOLOGICAL DATA (WS FORM: F-6) , PAGE 2

                                          STATION:  TWIN CITIES MN
                                          MONTH:    JUNE
                                          YEAR:     2018
                                          LATITUDE:   44 52 N
                                          LONGITUDE:  93 13 W

[TEMPERATURE DATA]      [PRECIPITATION DATA]       SYMBOLS USED IN COLUMN 16

AVERAGE MONTHLY: 71.6   TOTAL FOR MONTH:   1.99    1 = FOG OR MIST
DPTR FM NORMAL:   4.7   DPTR FM NORMAL:   -0.50    2 = FOG REDUCING VISIBILITY
HIGHEST:    95 ON 15    GRTST 24HR  0.76 ON 16-16      TO 1/4 MILE OR LESS
LOWEST:     56 ON  4                               3 = THUNDER
                        SNOW, ICE PELLETS, HAIL    4 = ICE PELLETS
                        TOTAL MONTH:   0.0 INCH    5 = HAIL
                        GRTST 24HR     0.0         6 = FREEZING RAIN OR DRIZZLE
                        GRTST DEPTH:   0           7 = DUSTSTORM OR SANDSTORM:
                                                       VSBY 1/2 MILE OR LESS
                                                   8 = SMOKE OR HAZE
[NO. OF DAYS WITH]      [WEATHER - DAYS WITH]      9 = BLOWING SNOW
                                                   X = TORNADO
MAX 32 OR BELOW:   0    0.01 INCH OR MORE:   8
MAX 90 OR ABOVE:   2    0.10 INCH OR MORE:   6
MIN 32 OR BELOW:   0    0.50 INCH OR MORE:   1
MIN  0 OR BELOW:   0    1.00 INCH OR MORE:   0

[HDD (BASE 65) ]
TOTAL THIS MO.     1    CLEAR  (SCALE 0-3)   3
DPTR FM NORMAL   -36    PTCLDY (SCALE 4-7)  10
TOTAL FM JUL 1  7579    CLOUDY (SCALE 8-10)  5
DPTR FM NORMAL     6

[CDD (BASE 65) ]
TOTAL THIS MO.   124
DPTR FM NORMAL    51    [PRESSURE DATA]
TOTAL FM JAN 1   285    HIGHEST SLP M ON M
DPTR FM NORMAL   170    LOWEST  SLP 29.59 ON 15

[REMARKS]
