000
CXUS51 KBTV 240800
CF6MSS
PRELIMINARY LOCAL CLIMATOLOGICAL DATA (WS FORM: F-6)

                                          STATION:   MASSENA NY
                                          MONTH:     JANUARY
                                          YEAR:      2020
                                          LATITUDE:   44 55 N
                                          LONGITUDE:  74 51 W

  TEMPERATURE IN F:       :PCPN:    SNOW:  WIND      :SUNSHINE: SKY     :PK WND
================================================================================
1   2   3   4   5  6A  6B    7    8   9   10  11  12  13   14  15   16   17  18
                                     12Z  AVG MX 2MIN
DY MAX MIN AVG DEP HDD CDD  WTR  SNW DPTH SPD SPD DIR MIN PSBL S-S WX    SPD DR
================================================================================

 1  35  31  33  17  32   0    T    M    M 10.7 16 230   M    M  10 1      22 230
 2  43  26  35  19  30   0 0.00    M    M  9.9 20 220   M    M   6        24 220
 3  44  38  41  25  24   0 0.00    M    M  8.1 14 220   M    M  10        18 230
 4  39  31  35  19  30   0 0.01    M    M  3.4 14 310   M    M  10 1      19 310
 5  31  13  22   7  43   0    T    M    M  8.5 20 260   M    M   7 1      26 290
 6  32  12  22   7  43   0 0.04    M    M  6.0 17 260   M    M   8 18     24 240
 7  34  23  29  14  36   0    T    M    M  4.1 17 230   M    M   8        23 260
 8  33   9  21   6  44   0    T    M    M 12.4 29 290   M    M   7 1      37 300
 9  18   0   9  -6  56   0 0.00    M    M  7.8 20 270   M    M   1        27 280
10  43  17  30  16  35   0 0.01    M    M 10.9 24 220   M    M   9 1      34 230
11  57  35  46  32  19   0 1.15    M    M  9.2 21  60   M    M  10 1      33 220
12  33  17  25  11  40   0 0.28    M    M 12.5 31  60   M    M   9 16     40  40
13  23  17  20   6  45   0    T    M    M  5.5 13  60   M    M  10 1      15  50
14  26  21  24  10  41   0 0.02    M    M  7.3 18  60   M    M  10 16     22  60
15  31  23  27  13  38   0 0.00    M    M  4.6  8 230   M    M  10 1       M   M
16  32   8  20   6  45   0 0.13    M    M 11.0 22 310   M    M   4 18     30 320
17   8  -5   2 -12  63   0 0.00    M    M  8.6 16 300   M    M   0        25 310
18  13  -5   4 -10  61   0 0.08    M    M  9.9 24  60   M    M   6 1      29  60
19  15   1   8  -6  57   0 0.07    M    M  7.5 15  40   M    M   9 18     19 300
20  13  -6   4 -10  61   0 0.00    M    M  7.8 15 240   M    M   0        20 220
21  25 -15   5  -9  60   0 0.00    M    M  7.9 17 220   M    M   3 18     23 210
22  33  17  25  11  40   0 0.00    M    M 12.5 28 220   M    M   2        36 210
23  37  23  30  16  35   0 0.00    M    M  6.1 15 200   M    M   0        19 210
================================================================================
SM  698  331       978   0  1.79    M    192.2          M      149
================================================================================
AV 30.3 14.4                               8.4 FASTST   M    M   6    MAX(MPH)
                                 MISC ---->    31  60                 40  40
================================================================================
NOTES:
# LAST OF SEVERAL OCCURRENCES

COLUMN 17 PEAK WIND IN M.P.H.

PRELIMINARY LOCAL CLIMATOLOGICAL DATA (WS FORM: F-6) , PAGE 2

                                          STATION:   MASSENA NY
                                          MONTH:     JANUARY
                                          YEAR:      2020
                                          LATITUDE:   44 55 N
                                          LONGITUDE:  74 51 W

[TEMPERATURE DATA]      [PRECIPITATION DATA]       SYMBOLS USED IN COLUMN 16

AVERAGE MONTHLY: 22.4   TOTAL FOR MONTH:   1.79    1 = FOG OR MIST
DPTR FM NORMAL:   7.8   DPTR FM NORMAL:    0.11    2 = FOG REDUCING VISIBILITY
HIGHEST:    57 ON 11    GRTST 24HR  1.15 ON 11-11      TO 1/4 MILE OR LESS
LOWEST:    -15 ON 21                               3 = THUNDER
                        SNOW, ICE PELLETS, HAIL    4 = ICE PELLETS
                        TOTAL MONTH:  M            5 = HAIL
                        GRTST 24HR    M  ON   M    6 = FREEZING RAIN OR DRIZZLE
                        GRTST DEPTH:  M  ON   M    7 = DUSTSTORM OR SANDSTORM:
                                                       VSBY 1/2 MILE OR LESS
                                                   8 = SMOKE OR HAZE
[NO. OF DAYS WITH]      [WEATHER - DAYS WITH]      9 = BLOWING SNOW
                                                   X = TORNADO
MAX 32 OR BELOW:  12    0.01 INCH OR MORE:   9
MAX 90 OR ABOVE:   0    0.10 INCH OR MORE:   3
MIN 32 OR BELOW:  21    0.50 INCH OR MORE:   1
MIN  0 OR BELOW:   5    1.00 INCH OR MORE:   1

[HDD (BASE 65) ]
TOTAL THIS MO.   978    CLEAR  (SCALE 0-3)   5
DPTR FM NORMAL  -182    PTCLDY (SCALE 4-7)   8
TOTAL FM JUL 1  3978    CLOUDY (SCALE 8-10) 10
DPTR FM NORMAL  -281

[CDD (BASE 65) ]
TOTAL THIS MO.     0
DPTR FM NORMAL     0    [PRESSURE DATA]
TOTAL FM JAN 1     0    HIGHEST SLP M ON M
DPTR FM NORMAL     0    LOWEST  SLP 29.47 ON  1

[REMARKS]
