000
CXUS51 KBTV 220700
CF6MSS
PRELIMINARY LOCAL CLIMATOLOGICAL DATA (WS FORM: F-6)

                                          STATION:   MASSENA NY
                                          MONTH:     OCTOBER
                                          YEAR:      2018
                                          LATITUDE:   44 55 N
                                          LONGITUDE:  74 51 W

  TEMPERATURE IN F:       :PCPN:    SNOW:  WIND      :SUNSHINE: SKY     :PK WND
================================================================================
1   2   3   4   5  6A  6B    7    8   9   10  11  12  13   14  15   16   17  18
                                     12Z  AVG MX 2MIN
DY MAX MIN AVG DEP HDD CDD  WTR  SNW DPTH SPD SPD DIR MIN PSBL S-S WX    SPD DR
================================================================================

 1  55  46  51  -1  14   0 0.02    M    0  4.2 12 360   M    M   9        15 350
 2  52  47  50  -2  15   0 0.65    M    0 10.5 17  60   M    M  10 1      24  60
 3  56  50  53   2  12   0 0.00  0.0    0  2.6 12  30   M    M   9 1      15  30
 4  77  45  61  10   4   0 0.21    M    0 10.4 22 300   M    M   6 1      32 300
 5  53  36  45  -5  20   0 0.00  0.0    0  7.9 15  70   M    M   2        20  60
 6  54  41  48  -2  17   0 0.03    M    0  6.9 16  70   M    M   9 1      20  60
 7  52  42  47  -3  18   0 0.00  0.0    0  5.8 15  40   M    M  10 1      18  50
 8  54  41  48  -1  17   0 0.21    M    0  8.8 17 310   M    M   9 1      22 310
 9  82  49  66  17   0   1 0.01    M    0 10.5 24 220   M    M   3 1      32 220
10  82  52  67  19   0   2 0.00  0.0    0 11.5 21 220   M    M   6        25 220
11  59  49  54   6  11   0 0.28    M    0  8.2 16  70   M    M  10 12     21  70
12  56  43  50   2  15   0    T    M    0 10.6 23 260   M    M   8        30 250
13  52  38  45  -2  20   0    T    M    0  6.3 20 260   M    M   8        25 250
14  58  34  46  -1  19   0 0.00  0.0    0  5.5 17 210   M    M   2        21 210
15  58  35  47   1  18   0 0.11    M    0  8.0 30 260   M    M   6 1      38 270
16  50  39  45  -1  20   0 0.00  0.0    0 12.8 21 230   M    M   7        35 240
17  50  34  42  -4  23   0 0.02    M    0 13.8 24 290   M    M   9 1      35 280
18  43  29  36  -9  29   0 0.00  0.0    0 12.5 21 270   M    M   4        27 250
19  62  39  51   6  14   0    T    M    0 16.0 30 220   M    M   2        40 230
20  59  38  49   4  16   0 0.04    M    0 14.7 30 210   M    M   7        41 210
21  39  33  36  -8  29   0    T    M    0 11.8 23 280   M    M   8        29 280
================================================================================
SM 1203  860       331   3  1.58     0.0 199.3          M      144
================================================================================
AV 57.3 41.0                               9.5 FASTST   M    M   7    MAX(MPH)
                                 MISC ---->  # 30 260               # 41  210
================================================================================
NOTES:
# LAST OF SEVERAL OCCURRENCES

COLUMN 17 PEAK WIND IN M.P.H.

PRELIMINARY LOCAL CLIMATOLOGICAL DATA (WS FORM: F-6) , PAGE 2

                                          STATION:  MASSENA NY
                                          MONTH:    OCTOBER
                                          YEAR:     2018
                                          LATITUDE:   44 55 N
                                          LONGITUDE:  74 51 W

[TEMPERATURE DATA]      [PRECIPITATION DATA]       SYMBOLS USED IN COLUMN 16

AVERAGE MONTHLY: 49.1   TOTAL FOR MONTH:   1.58    1 = FOG OR MIST
DPTR FM NORMAL:   1.1   DPTR FM NORMAL:   -0.69    2 = FOG REDUCING VISIBILITY
HIGHEST:    82 ON 10, 9 GRTST 24HR  0.65 ON  2- 2      TO 1/4 MILE OR LESS
LOWEST:     29 ON 18                               3 = THUNDER
                        SNOW, ICE PELLETS, HAIL    4 = ICE PELLETS
                        TOTAL MONTH:   0.0 INCH    5 = HAIL
                        GRTST 24HR     0.0         6 = FREEZING RAIN OR DRIZZLE
                        GRTST DEPTH:   0           7 = DUSTSTORM OR SANDSTORM:
                                                       VSBY 1/2 MILE OR LESS
                                                   8 = SMOKE OR HAZE
[NO. OF DAYS WITH]      [WEATHER - DAYS WITH]      9 = BLOWING SNOW
                                                   X = TORNADO
MAX 32 OR BELOW:   0    0.01 INCH OR MORE:  10
MAX 90 OR ABOVE:   0    0.10 INCH OR MORE:   5
MIN 32 OR BELOW:   1    0.50 INCH OR MORE:   1
MIN  0 OR BELOW:   0    1.00 INCH OR MORE:   0

[HDD (BASE 65) ]
TOTAL THIS MO.   331    CLEAR  (SCALE 0-3)   4
DPTR FM NORMAL   -27    PTCLDY (SCALE 4-7)   9
TOTAL FM JUL 1   491    CLOUDY (SCALE 8-10)  8
DPTR FM NORMAL  -167

[CDD (BASE 65) ]
TOTAL THIS MO.     3
DPTR FM NORMAL     3    [PRESSURE DATA]
TOTAL FM JAN 1   685    HIGHEST SLP M ON M
DPTR FM NORMAL   324    LOWEST  SLP 29.54 ON M

[REMARKS]
