000
CXUS55 KGJT 231000
CF6MTJ
PRELIMINARY LOCAL CLIMATOLOGICAL DATA (WS FORM: F-6)

                                          STATION:   MONTROSE CO
                                          MONTH:     SEPTEMBER
                                          YEAR:      2018
                                          LATITUDE:   38 30 N
                                          LONGITUDE: 107 53 W

  TEMPERATURE IN F:       :PCPN:    SNOW:  WIND      :SUNSHINE: SKY     :PK WND
================================================================================
1   2   3   4   5  6A  6B    7    8   9   10  11  12  13   14  15   16   17  18
                                     12Z  AVG MX 2MIN
DY MAX MIN AVG DEP HDD CDD  WTR  SNW DPTH SPD SPD DIR MIN PSBL S-S WX    SPD DR
================================================================================

 1  81  56  69   2   0   4 0.03    M    M  8.0 25 240   M    M   1        34 300
 2  82  55  69   2   0   4 0.05    M    M  7.7 29 130   M    M   2 3      35 130
 3  78  57  68   1   0   3    T    M    M  9.5 22 110   M    M   5        27 120
 4  81  57  69   3   0   4 0.00    M    M  9.7 35 150   M    M   3        42 150
 5  68  53  61  -5   4   0 0.08    M    M  5.8 15 110   M    M   4        18 110
 6  78  49  64  -2   1   0 0.07    M    M  6.5 25 160   M    M   4 13     31 160
 7  84  48  66   1   0   1 0.00    M    M  7.0 15 300   M    M   0        18 320
 8  87  50  69   4   0   4 0.00    M    M  6.4 16 350   M    M   0        21 340
 9  86  60  73   8   0   8 0.01    M    M  6.5 29 180   M    M   2        33 170
10  88  51  70   6   0   5    T    M    M  7.2 31 150   M    M   0 8      42 220
11  89  57  73   9   0   8 0.00    M    M  9.2 22 260   M    M   0        27 260
12  88  57  73   9   0   8 0.00    M    M 12.2 25 200   M    M   0        33 200
13  87  52  70   7   0   5 0.00    M    M  9.9 22 230   M    M   0        27 210
14  88  48  68   5   0   3 0.00    M    M  8.5 16 350   M    M   0        19 350
15  91  49  70   7   0   5 0.00    M    M  7.3 17 150   M    M   0        20 270
16  89  55  72  10   0   7 0.00    M    M  7.5 20 270   M    M   0        24 280
17  89  56  73  11   0   8 0.00    M    M  7.3 17 240   M    M   1        24 230
18  90  57  74  13   0   9 0.00    M    M  9.8 24 260   M    M   0        33 270
19  72  57  65   4   0   0 0.13    M    M  8.4 24 110   M    M   4 3      28 120
20  78  51  65   4   0   0 0.00    M    M  6.4 14 130   M    M   0        18  10
21  82  41  62   2   3   0 0.00    M    M  7.6 16 140   M    M   0        19 320
22  83  44  64   4   1   0 0.00    M    M  6.4 17 130   M    M   0        19 140
================================================================================
SM 1839 1160         9  86  0.37    M    174.8          M       26
================================================================================
AV 83.6 52.7                               7.9 FASTST   M    M   1    MAX(MPH)
                                 MISC ---->  # 35 150               # 42  150
================================================================================
NOTES:
# LAST OF SEVERAL OCCURRENCES

COLUMN 17 PEAK WIND IN M.P.H.

PRELIMINARY LOCAL CLIMATOLOGICAL DATA (WS FORM: F-6) , PAGE 2

                                          STATION:  MONTROSE CO
                                          MONTH:    SEPTEMBER
                                          YEAR:     2018
                                          LATITUDE:   38 30 N
                                          LONGITUDE: 107 53 W

[TEMPERATURE DATA]      [PRECIPITATION DATA]       SYMBOLS USED IN COLUMN 16

AVERAGE MONTHLY: 68.2   TOTAL FOR MONTH:   0.37    1 = FOG OR MIST
DPTR FM NORMAL:   4.4   DPTR FM NORMAL:   -0.58    2 = FOG REDUCING VISIBILITY
HIGHEST:    91 ON 15    GRTST 24HR  0.13 ON 19-19      TO 1/4 MILE OR LESS
LOWEST:     41 ON 21                               3 = THUNDER
                        SNOW, ICE PELLETS, HAIL    4 = ICE PELLETS
                        TOTAL MONTH:    M          5 = HAIL
                        GRTST 24HR    M  ON   M    6 = FREEZING RAIN OR DRIZZLE
                        GRTST DEPTH:  M  ON   M    7 = DUSTSTORM OR SANDSTORM:
                                                       VSBY 1/2 MILE OR LESS
                                                   8 = SMOKE OR HAZE
[NO. OF DAYS WITH]      [WEATHER - DAYS WITH]      9 = BLOWING SNOW
                                                   X = TORNADO
MAX 32 OR BELOW:   0    0.01 INCH OR MORE:   6
MAX 90 OR ABOVE:   2    0.10 INCH OR MORE:   1
MIN 32 OR BELOW:   0    0.50 INCH OR MORE:   0
MIN  0 OR BELOW:   0    1.00 INCH OR MORE:   0

[HDD (BASE 65) ]
TOTAL THIS MO.     9    CLEAR  (SCALE 0-3)  18
DPTR FM NORMAL   -54    PTCLDY (SCALE 4-7)   4
TOTAL FM JUL 1     9    CLOUDY (SCALE 8-10)  0
DPTR FM NORMAL   -59

[CDD (BASE 65) ]
TOTAL THIS MO.    86
DPTR FM NORMAL    49    [PRESSURE DATA]
TOTAL FM JAN 1   950    HIGHEST SLP M ON M
DPTR FM NORMAL   308    LOWEST  SLP 29.69 ON M

[REMARKS]
