000
CXUS55 KGJT 231000
CF6MTJ
PRELIMINARY LOCAL CLIMATOLOGICAL DATA (WS FORM: F-6)

                                          STATION:   MONTROSE CO
                                          MONTH:     JUNE
                                          YEAR:      2018
                                          LATITUDE:   38 30 N
                                          LONGITUDE: 107 53 W

  TEMPERATURE IN F:       :PCPN:    SNOW:  WIND      :SUNSHINE: SKY     :PK WND
================================================================================
1   2   3   4   5  6A  6B    7    8   9   10  11  12  13   14  15   16   17  18
                                     12Z  AVG MX 2MIN
DY MAX MIN AVG DEP HDD CDD  WTR  SNW DPTH SPD SPD DIR MIN PSBL S-S WX    SPD DR
================================================================================

 1  83  54  69   5   0   4 0.00    M    M 12.3 25 120   M    M   0        35 120
 2  83  45  64   0   1   0 0.00    M    M  8.1 15 310   M    M   0        19 330
 3  77  48  63  -1   2   0 0.04    M    M  9.2 39 250   M    M   0 38     51 250
 4  89  42  66   1   0   1 0.00    M    M  5.8 15 130   M    M   0        19  40
 5  93  52  73   8   0   8 0.00    M    M  9.9 24 270   M    M   0        32 280
 6  93  54  74   9   0   9 0.00    M    M  9.2 23 230   M    M   0        32 220
 7  91  55  73   7   0   8 0.00    M    M 10.3 24 240   M    M   0        32 250
 8  90  57  74   8   0   9 0.00    M    M 11.5 21 270   M    M   0        30 280
 9  92  51  72   6   0   7 0.00    M    M 10.8 25 220   M    M   0        31 240
10  88  61  75   8   0  10 0.00    M    M 12.8 26 240   M    M   0        36 240
11  86  50  68   1   0   3 0.00    M    M  6.8 16 300   M    M   0        21 290
12  92  51  72   5   0   7 0.00    M    M  8.4 17 340   M    M   0        21 350
13  97  53  75   7   0  10 0.00    M    M  8.1 22 230   M    M   0        31 240
14  90  68  79  11   0  14 0.00    M    M 10.5 29 220   M    M   0        37 220
15  91  62  77   9   0  12 0.00    M    M 10.4 22 250   M    M   0 8      28 250
16  75  61  68   0   0   3 0.05    M    M  6.2 17  10   M    M   9        21  10
17  79  59  69   0   0   4 0.04    M    M  5.8 23 150   M    M   8 13     26 160
18  84  56  70   1   0   5 0.00    M    M 10.7 25 240   M    M   1 8      34 230
19  88  51  70   1   0   5 0.00    M    M  8.6 22 290   M    M   0        29 290
20  85  51  68  -2   0   3 0.00    M    M  8.8 17 320   M    M   0        22 330
21  93  54  74   4   0   9 0.00    M    M  6.7 15 150   M    M   0        20 110
22  90  56  73   3   0   8 0.00    M    M  8.6 28 310   M    M   0        36 310
================================================================================
SM 1929 1191         3 139  0.13    M    199.5          M       18
================================================================================
AV 87.7 54.1                               9.1 FASTST   M    M   1    MAX(MPH)
                                 MISC ---->  # 39 250               # 51  250
================================================================================
NOTES:
# LAST OF SEVERAL OCCURRENCES

COLUMN 17 PEAK WIND IN M.P.H.

PRELIMINARY LOCAL CLIMATOLOGICAL DATA (WS FORM: F-6) , PAGE 2

                                          STATION:  MONTROSE CO
                                          MONTH:    JUNE
                                          YEAR:     2018
                                          LATITUDE:   38 30 N
                                          LONGITUDE: 107 53 W

[TEMPERATURE DATA]      [PRECIPITATION DATA]       SYMBOLS USED IN COLUMN 16

AVERAGE MONTHLY: 70.9   TOTAL FOR MONTH:   0.13    1 = FOG OR MIST
DPTR FM NORMAL:   3.9   DPTR FM NORMAL:   -0.40    2 = FOG REDUCING VISIBILITY
HIGHEST:    97 ON 13    GRTST 24HR  0.05 ON 16-16      TO 1/4 MILE OR LESS
LOWEST:     42 ON  4                               3 = THUNDER
                        SNOW, ICE PELLETS, HAIL    4 = ICE PELLETS
                        TOTAL MONTH:    M          5 = HAIL
                        GRTST 24HR    M  ON   M    6 = FREEZING RAIN OR DRIZZLE
                        GRTST DEPTH:  M  ON   M    7 = DUSTSTORM OR SANDSTORM:
                                                       VSBY 1/2 MILE OR LESS
                                                   8 = SMOKE OR HAZE
[NO. OF DAYS WITH]      [WEATHER - DAYS WITH]      9 = BLOWING SNOW
                                                   X = TORNADO
MAX 32 OR BELOW:   0    0.01 INCH OR MORE:   3
MAX 90 OR ABOVE:  11    0.10 INCH OR MORE:   0
MIN 32 OR BELOW:   0    0.50 INCH OR MORE:   0
MIN  0 OR BELOW:   0    1.00 INCH OR MORE:   0

[HDD (BASE 65) ]
TOTAL THIS MO.     3    CLEAR  (SCALE 0-3)  20
DPTR FM NORMAL   -35    PTCLDY (SCALE 4-7)   1
TOTAL FM JUL 1  5404    CLOUDY (SCALE 8-10)  1
DPTR FM NORMAL  -798

[CDD (BASE 65) ]
TOTAL THIS MO.   139
DPTR FM NORMAL    57    [PRESSURE DATA]
TOTAL FM JAN 1   171    HIGHEST SLP M ON M
DPTR FM NORMAL    72    LOWEST  SLP 29.54 ON 16

[REMARKS]
