000
CXUS55 KGJT 161000
CF6MTJ
PRELIMINARY LOCAL CLIMATOLOGICAL DATA (WS FORM: F-6)

                                          STATION:   MONTROSE CO
                                          MONTH:     OCTOBER
                                          YEAR:      2019
                                          LATITUDE:   38 30 N
                                          LONGITUDE: 107 53 W

  TEMPERATURE IN F:       :PCPN:    SNOW:  WIND      :SUNSHINE: SKY     :PK WND
================================================================================
1   2   3   4   5  6A  6B    7    8   9   10  11  12  13   14  15   16   17  18
                                     12Z  AVG MX 2MIN
DY MAX MIN AVG DEP HDD CDD  WTR  SNW DPTH SPD SPD DIR MIN PSBL S-S WX    SPD DR
================================================================================

 1  78  44  61   5   4   0 0.00    M    M 10.9 30 230   M    M   0 8      41 230
 2  71  41  56   0   9   0 0.00    M    M  8.2 17 220   M    M   0        23 240
 3  78  34  56   1   9   0 0.00    M    M  7.0 14 140   M    M   0 8      17  30
 4  77  50  64   9   1   0 0.00    M    M 12.0 28 210   M    M   1        45 250
 5  68  37  53  -1  12   0 0.00    M    M  6.0 13 150   M    M   0        15  10
 6  63  33  48  -6  17   0 0.00    M    M  7.2 15 130   M    M   0        20  10
 7  70  29  50  -4  15   0 0.00    M    M  7.0 13 320   M    M   0        19 320
 8  75  34  55   2  10   0 0.00    M    M  7.4 15 140   M    M   0        19 340
 9  75  47  61   8   4   0 0.00    M    M 14.4 29 220   M    M   1        46 230
10  48  25  37 -15  28   0 0.06    M    M 11.5 28 320   M    M   5 1      38 320
11  50  19  35 -17  30   0 0.00    M    M  5.5 12 280   M    M   0        14 320
12  59  20  40 -12  25   0 0.00    M    M  7.3 14 130   M    M   0        17 330
13  67  23  45  -6  20   0 0.00    M    M  6.8 14 140   M    M   0        15 140
14  71  33  52   1  13   0 0.00    M    M  9.2 20 290   M    M   0        26 260
15  68  32  50   0  15   0 0.00    M    M  6.4 15 140   M    M   0        18 140
================================================================================
SM 1018  501       212   0  0.06    M    126.8          M        7
================================================================================
AV 67.9 33.4                               8.5 FASTST   M    M   0    MAX(MPH)
                                 MISC ---->  # 30 230               # 46  230
================================================================================
NOTES:
# LAST OF SEVERAL OCCURRENCES

COLUMN 17 PEAK WIND IN M.P.H.

PRELIMINARY LOCAL CLIMATOLOGICAL DATA (WS FORM: F-6) , PAGE 2

                                          STATION:  MONTROSE CO
                                          MONTH:    OCTOBER
                                          YEAR:     2019
                                          LATITUDE:   38 30 N
                                          LONGITUDE: 107 53 W

[TEMPERATURE DATA]      [PRECIPITATION DATA]       SYMBOLS USED IN COLUMN 16

AVERAGE MONTHLY: 50.6   TOTAL FOR MONTH:   0.06    1 = FOG OR MIST
DPTR FM NORMAL:  -2.6   DPTR FM NORMAL:   -0.68    2 = FOG REDUCING VISIBILITY
HIGHEST:    78 ON  3, 1 GRTST 24HR  0.06 ON 10-10      TO 1/4 MILE OR LESS
LOWEST:     19 ON 11                               3 = THUNDER
                        SNOW, ICE PELLETS, HAIL    4 = ICE PELLETS
                        TOTAL MONTH:    M          5 = HAIL
                        GRTST 24HR    M  ON   M    6 = FREEZING RAIN OR DRIZZLE
                        GRTST DEPTH:  M  ON   M    7 = DUSTSTORM OR SANDSTORM:
                                                       VSBY 1/2 MILE OR LESS
                                                   8 = SMOKE OR HAZE
[NO. OF DAYS WITH]      [WEATHER - DAYS WITH]      9 = BLOWING SNOW
                                                   X = TORNADO
MAX 32 OR BELOW:   0    0.01 INCH OR MORE:   1
MAX 90 OR ABOVE:   0    0.10 INCH OR MORE:   0
MIN 32 OR BELOW:   6    0.50 INCH OR MORE:   0
MIN  0 OR BELOW:   0    1.00 INCH OR MORE:   0

[HDD (BASE 65) ]
TOTAL THIS MO.   212    CLEAR  (SCALE 0-3)  14
DPTR FM NORMAL    35    PTCLDY (SCALE 4-7)   1
TOTAL FM JUL 1   262    CLOUDY (SCALE 8-10)  0
DPTR FM NORMAL   -42

[CDD (BASE 65) ]
TOTAL THIS MO.     0
DPTR FM NORMAL     0    [PRESSURE DATA]
TOTAL FM JAN 1   797    HIGHEST SLP M ON M
DPTR FM NORMAL   154    LOWEST  SLP 29.39 ON  9

[REMARKS]
