000
CXUS53 KILX 180900
CF6MTO
PRELIMINARY LOCAL CLIMATOLOGICAL DATA (WS FORM: F-6)

                                          STATION:   MATTOON IL AIRPORT
                                          MONTH:     JUNE
                                          YEAR:      2018
                                          LATITUDE:   39 28 N
                                          LONGITUDE:  88 17 W

  TEMPERATURE IN F:       :PCPN:    SNOW:  WIND      :SUNSHINE: SKY     :PK WND
================================================================================
1   2   3   4   5  6A  6B    7    8   9   10  11  12  13   14  15   16   17  18
                                     12Z  AVG MX 2MIN
DY MAX MIN AVG DEP HDD CDD  WTR  SNW DPTH SPD SPD DIR MIN PSBL S-S WX    SPD DR
================================================================================

 1  88  68  78  10   0  13 0.83    M    M  5.6 22  70   M    M   2 13     31  70
 2  85  61  73   5   0   8    T    M    M  5.4 18 130   M    M   2 3      25 130
 3  81  60  71   3   0   6 0.00    M    M 14.9 26 300   M    M   1        36 310
 4  78  54  66  -3   0   1 0.00    M    M  7.5 17 350   M    M   0        27 320
 5  84  60  72   3   0   7 0.00    M    M  8.0 18  20   M    M   0        26  10
 6  84  54  69   0   0   4 0.00    M    M  4.6 12  40   M    M   1        14  40
 7  90  68  79   9   0  14 0.00    M    M  5.8 14 210   M    M   0        20 190
 8  89  70  80  10   0  15 0.00    M    M  5.5 12 230   M    M   1        17 230
 9  83  68  76   6   0  11 0.44    M    M  7.5 21  20   M    M   1 13     26  20
10  84  66  75   5   0  10 4.70    M    M 10.2 35  40   M    M   6 1238   56  30
11  78  66  72   1   0   7 2.14    M    M  7.1 17 290   M    M   9 13     28 290
12  81  66  74   3   0   9 0.74    M    M  7.3 31 340   M    M   3 13     39 330
13  86  63  75   4   0  10 0.00    M    M  7.6 17 330   M    M   3 1      23 340
14  82  58  70  -2   0   5 0.00    M    M  4.6 12 150   M    M   0        17 140
15  89  68  79   7   0  14 0.01    M    M  5.8 13 150   M    M   3 3      17 150
16  90  72  81   9   0  16 0.00    M    M  6.5 13 190   M    M   0 1      18 200
17  91  73  82  10   0  17 0.00    M    M  6.6 13 190   M    M   1        19 180
================================================================================
SM 1443 1095         0 167  8.86    M    120.5          M       33
================================================================================
AV 84.9 64.4                               7.1 FASTST   M    M   2    MAX(MPH)
                                 MISC ---->  # 35  40               # 56   30
================================================================================
NOTES:
# LAST OF SEVERAL OCCURRENCES

COLUMN 17 PEAK WIND IN M.P.H.

PRELIMINARY LOCAL CLIMATOLOGICAL DATA (WS FORM: F-6) , PAGE 2

                                          STATION:  MATTOON IL AIRPORT
                                          MONTH:    JUNE
                                          YEAR:     2018
                                          LATITUDE:   39 28 N
                                          LONGITUDE:  88 17 W

[TEMPERATURE DATA]      [PRECIPITATION DATA]       SYMBOLS USED IN COLUMN 16

AVERAGE MONTHLY: 74.7   TOTAL FOR MONTH:   8.86    1 = FOG OR MIST
DPTR FM NORMAL:   4.5   DPTR FM NORMAL:    6.30    2 = FOG REDUCING VISIBILITY
HIGHEST:    91 ON 17    GRTST 24HR  4.70 ON 10-10      TO 1/4 MILE OR LESS
LOWEST:     54 ON  6, 4                            3 = THUNDER
                        SNOW, ICE PELLETS, HAIL    4 = ICE PELLETS
                        TOTAL MONTH:    M          5 = HAIL
                        GRTST 24HR    M  ON   M    6 = FREEZING RAIN OR DRIZZLE
                        GRTST DEPTH:  M  ON   M    7 = DUSTSTORM OR SANDSTORM:
                                                       VSBY 1/2 MILE OR LESS
                                                   8 = SMOKE OR HAZE
[NO. OF DAYS WITH]      [WEATHER - DAYS WITH]      9 = BLOWING SNOW
                                                   X = TORNADO
MAX 32 OR BELOW:   0    0.01 INCH OR MORE:   6
MAX 90 OR ABOVE:   3    0.10 INCH OR MORE:   5
MIN 32 OR BELOW:   0    0.50 INCH OR MORE:   4
MIN  0 OR BELOW:   0    1.00 INCH OR MORE:   2

[HDD (BASE 65) ]
TOTAL THIS MO.     0    CLEAR  (SCALE 0-3)  14
DPTR FM NORMAL   -14    PTCLDY (SCALE 4-7)   2
TOTAL FM JUL 1  5456    CLOUDY (SCALE 8-10)  1
DPTR FM NORMAL    52

[CDD (BASE 65) ]
TOTAL THIS MO.   167
DPTR FM NORMAL    64    [PRESSURE DATA]
TOTAL FM JAN 1   406    HIGHEST SLP M ON M
DPTR FM NORMAL   215    LOWEST  SLP 29.74 ON  2

[REMARKS]
