484
CXUS53 KILX 160900
CF6MTO
PRELIMINARY LOCAL CLIMATOLOGICAL DATA (WS FORM: F-6)

                                          STATION:   MATTOON IL AIRPORT
                                          MONTH:     OCTOBER
                                          YEAR:      2019
                                          LATITUDE:   39 28 N
                                          LONGITUDE:  88 17 W

  TEMPERATURE IN F:       :PCPN:    SNOW:  WIND      :SUNSHINE: SKY     :PK WND
================================================================================
1   2   3   4   5  6A  6B    7    8   9   10  11  12  13   14  15   16   17  18
                                     12Z  AVG MX 2MIN
DY MAX MIN AVG DEP HDD CDD  WTR  SNW DPTH SPD SPD DIR MIN PSBL S-S WX    SPD DR
================================================================================

 1  92  72  82  22   0  17 0.00    M    M  7.7 16 200   M    M   1 8      26 230
 2  91  71  81  21   0  16 0.00    M    M  8.5 14 220   M    M   1        23 210
 3  77  52  65   5   0   0 0.00    M    M 11.5 22 310   M    M   4        28 300
 4  70  44  57  -2   8   0 0.00    M    M  8.5 16  40   M    M   0        25  60
 5  74  46  60   1   5   0    T    M    M  6.1 14 150   M    M   2        19 130
 6  70  55  63   5   2   0    T    M    M  6.5 16 340   M    M   7 8      23 330
 7  75  46  61   3   4   0 0.00    M    M  5.4 15 330   M    M   0        22 340
 8  73  45  59   1   6   0 0.00    M    M  3.2 12 120   M    M   0        16 120
 9  75  44  60   3   5   0 0.00    M    M  5.1 15 150   M    M   0        20 120
10  76  56  66   9   0   1    M    M    M  9.7 15 170   M    M   2 13     29 180
11  67  38  53  -3  12   0 3.30    M    M 10.8 28 300   M    M   7 13     39 290
12  55  34  45 -11  20   0 0.00    M    M  9.5 17 180   M    M   0        26 240
13  65  41  53  -3  12   0 0.00    M    M  8.3 16 190   M    M   0        24 190
14  65  36  51  -4  14   0 0.00    M    M  2.7 10 280   M    M   0        17 250
15  64  44  54  -1  11   0    T    M    M 10.4 25 320   M    M   6 18     32 310
================================================================================
SM 1089  724        99  34  3.30    M    113.9          M       30
================================================================================
AV 72.6 48.3                               7.6 FASTST   M    M   2    MAX(MPH)
                                 MISC ---->  # 28 300               # 39  290
================================================================================
NOTES:
# LAST OF SEVERAL OCCURRENCES

COLUMN 17 PEAK WIND IN M.P.H.

PRELIMINARY LOCAL CLIMATOLOGICAL DATA (WS FORM: F-6) , PAGE 2

                                          STATION:  MATTOON IL AIRPORT
                                          MONTH:    OCTOBER
                                          YEAR:     2019
                                          LATITUDE:   39 28 N
                                          LONGITUDE:  88 17 W

[TEMPERATURE DATA]      [PRECIPITATION DATA]       SYMBOLS USED IN COLUMN 16

AVERAGE MONTHLY: 60.4   TOTAL FOR MONTH:   3.30    1 = FOG OR MIST
DPTR FM NORMAL:   2.8   DPTR FM NORMAL:    1.98    2 = FOG REDUCING VISIBILITY
HIGHEST:    92 ON  1    GRTST 24HR  3.30 ON 11-11      TO 1/4 MILE OR LESS
LOWEST:     34 ON 12                               3 = THUNDER
                        SNOW, ICE PELLETS, HAIL    4 = ICE PELLETS
                        TOTAL MONTH:    M          5 = HAIL
                        GRTST 24HR    M  ON   M    6 = FREEZING RAIN OR DRIZZLE
                        GRTST DEPTH:  M  ON   M    7 = DUSTSTORM OR SANDSTORM:
                                                       VSBY 1/2 MILE OR LESS
                                                   8 = SMOKE OR HAZE
[NO. OF DAYS WITH]      [WEATHER - DAYS WITH]      9 = BLOWING SNOW
                                                   X = TORNADO
MAX 32 OR BELOW:   0    0.01 INCH OR MORE:   1
MAX 90 OR ABOVE:   2    0.10 INCH OR MORE:   1
MIN 32 OR BELOW:   0    0.50 INCH OR MORE:   1
MIN  0 OR BELOW:   0    1.00 INCH OR MORE:   1

[HDD (BASE 65) ]
TOTAL THIS MO.    99    CLEAR  (SCALE 0-3)  11
DPTR FM NORMAL   -27    PTCLDY (SCALE 4-7)   4
TOTAL FM JUL 1    99    CLOUDY (SCALE 8-10)  0
DPTR FM NORMAL   -98

[CDD (BASE 65) ]
TOTAL THIS MO.    34
DPTR FM NORMAL    19    [PRESSURE DATA]
TOTAL FM JAN 1  1256    HIGHEST SLP M ON M
DPTR FM NORMAL   203    LOWEST  SLP 29.80 ON 15

[REMARKS]
