000
CXUS53 KGRB 010735
CF6MTW
PRELIMINARY LOCAL CLIMATOLOGICAL DATA (WS FORM: F-6)

                                          STATION:   MANITOWOC AWOS
                                          MONTH:     SEPTEMBER
                                          YEAR:      2018
                                          LATITUDE:   44  7 N
                                          LONGITUDE:  87 40 W

  TEMPERATURE IN F:       :PCPN:    SNOW:  WIND      :SUNSHINE: SKY     :PK WND
================================================================================
1   2   3   4   5  6A  6B    7    8   9   10  11  12  13   14  15   16   17  18
                                     12Z  AVG MX 2MIN
DY MAX MIN AVG DEP HDD CDD  WTR  SNW DPTH SPD SPD DIR MIN PSBL S-S WX    SPD DR
================================================================================

 1  78  63  71   M   0   6    T  0.0    0  7.2 17 180   M    M   3 1       M  M
 2  80  62  71   M   0   6 0.39  0.0    0  6.6 15 170   M    M   4 13     21 170
 3  70  64  67   M   0   2 0.57  0.0    0  3.9  8 100   M    M   8 13      M  M
 4  86  66  76   M   0  11 0.81  0.0    M  7.5 16 170   M    M   5 13      M  M
 5  76  61  69   M   0   4 0.14  0.0    0  7.8 14 190   M    M   5 1       M  M
 6  67  49  58   M   7   0 0.00  0.0    0  5.9  9  50   M    M   2        16  10
 7  66  49  58   M   7   0 0.00  0.0    0  5.8 10  70   M    M   0         M  M
 8  66  52  59   M   6   0 0.00  0.0    0  7.9 14  30   M    M   2        22  30
 9  64  53  59   M   6   0 0.00  0.0    0  8.5 15 110   M    M   0         M  M
10  70  47  59   M   6   0 0.00  0.0    0  3.5  8 340   M    M   3 1       M  M
11  74  49  62   M   3   0    T    M    0  6.8 17 170   M    M   0 12     25 170
12  76  56  66   M   0   1    T  0.0    0  7.6 16 170   M    M   0 1       M  M
13  73  52  63   M   2   0    T  0.0    0  4.9 13 160   M    M   0 1       M  M
14  78  52  65   M   0   0    T  0.0    0  3.6 10 170   M    M   3 128     M  M
15  79  59  69   M   0   4    T  0.0    0  3.5 14 160   M    M   3 1       M  M
16  76  56  66   M   0   1    T  0.0    0  3.7  9 130   M    M   3 12      M  M
17  88  62  75   M   0  10 0.09  0.0    0  6.6 15 350   M    M   2 123    23 350
18  65  58  62   M   3   0 0.00  0.0    0  4.4  9 340   M    M   8         M  M
19  64  59  62   M   3   0 0.03  0.0    0  4.8  9  90   M    M  10         M  M
20  73  61  67   M   0   2 0.41  0.0    0  6.8 15 170   M    M   8 1      22 170
21  76  44  60   M   5   0 0.05    M    0 15.8 28 310   M    M   6        39 260
22  60  41  51   M  14   0 0.00  0.0    0  5.1 14 170   M    M   0        16 130
23  66  43  55   M  10   0 0.00  0.0    0  3.6 12 120   M    M   0 1       M  M
24  66  51  59   M   6   0 0.01  0.0    0 10.1 15 150   M    M   8 1      18 150
25  75  54  65   M   0   0 0.86  0.0    0  7.8 18 310   M    M   7 123    24 290
26  62  47  55   M  10   0 0.00  0.0    M 10.5 18 290   M    M   3        23 290
27  67  46  57   M   8   0    T    M    0  9.4 21 180   M    M   4        31 180
28  56  43  50   M  15   0    T    M    0  8.9 16 280   M    M   5        22 280
29  47  36  42   M  23   0    T    M    0  4.2  8 310   M    M   5         M  M
30   M   M   M   M   M   M 0.03    M    0  4.7  8 350   M    M  10 1       M  M
================================================================================
SM 2044 1535       134  47  3.39     0.0 197.4          M      117
================================================================================
AV 70.5 52.9                               6.6 FASTST   M    M   4    MAX(MPH)
                                 MISC ---->  # 28 310               # 39  260
================================================================================
NOTES:
# LAST OF SEVERAL OCCURRENCES

COLUMN 17 PEAK WIND IN M.P.H.

PRELIMINARY LOCAL CLIMATOLOGICAL DATA (WS FORM: F-6) , PAGE 2

                                          STATION:  MANITOWOC AWOS
                                          MONTH:    SEPTEMBER
                                          YEAR:     2018
                                          LATITUDE:   44  7 N
                                          LONGITUDE:  87 40 W

[TEMPERATURE DATA]      [PRECIPITATION DATA]       SYMBOLS USED IN COLUMN 16

AVERAGE MONTHLY: 61.7   TOTAL FOR MONTH:   3.39    1 = FOG OR MIST
DPTR FM NORMAL:     M   DPTR FM NORMAL:       M    2 = FOG REDUCING VISIBILITY
HIGHEST:    88 ON 17    GRTST 24HR  0.86 ON 25-25      TO 1/4 MILE OR LESS
LOWEST:     36 ON 29                               3 = THUNDER
                        SNOW, ICE PELLETS, HAIL    4 = ICE PELLETS
                        TOTAL MONTH:   0.0 INCH    5 = HAIL
                        GRTST 24HR     0.0         6 = FREEZING RAIN OR DRIZZLE
                        GRTST DEPTH:   0           7 = DUSTSTORM OR SANDSTORM:
                                                       VSBY 1/2 MILE OR LESS
                                                   8 = SMOKE OR HAZE
[NO. OF DAYS WITH]      [WEATHER - DAYS WITH]      9 = BLOWING SNOW
                                                   X = TORNADO
MAX 32 OR BELOW:   0    0.01 INCH OR MORE:  11
MAX 90 OR ABOVE:   0    0.10 INCH OR MORE:   6
MIN 32 OR BELOW:   0    0.50 INCH OR MORE:   3
MIN  0 OR BELOW:   0    1.00 INCH OR MORE:   0

[HDD (BASE 65) ]
TOTAL THIS MO.   134    CLEAR  (SCALE 0-3)  15
DPTR FM NORMAL     M    PTCLDY (SCALE 4-7)  12
TOTAL FM JUL 1   155    CLOUDY (SCALE 8-10)  3
DPTR FM NORMAL     M

[CDD (BASE 65) ]
TOTAL THIS MO.    47
DPTR FM NORMAL     M    [PRESSURE DATA]
TOTAL FM JAN 1   390    HIGHEST SLP 30.46 ON 29
DPTR FM NORMAL   390    LOWEST  SLP 29.63 ON 21

[REMARKS]
#FINAL-09-18#
