000
CXUS53 KGRB 280804
CF6MTW
PRELIMINARY LOCAL CLIMATOLOGICAL DATA (WS FORM: F-6)

                                          STATION:   MANITOWOC AWOS
                                          MONTH:     MAY
                                          YEAR:      2020
                                          LATITUDE:   44  7 N
                                          LONGITUDE:  87 40 W

  TEMPERATURE IN F:       :PCPN:    SNOW:  WIND      :SUNSHINE: SKY     :PK WND
================================================================================
1   2   3   4   5  6A  6B    7    8   9   10  11  12  13   14  15   16   17  18
                                     12Z  AVG MX 2MIN
DY MAX MIN AVG DEP HDD CDD  WTR  SNW DPTH SPD SPD DIR MIN PSBL S-S WX    SPD DR
================================================================================

 1  60  34  47   M  18   0    T    M    0  8.1 15 160   M    M   3         M  M
 2  74  46  60   M   5   0    T    M    0 12.2 20 260   M    M   2        31 270
 3  69  39  54   M  11   0 0.00  0.0    0 11.7 25 300   M    M   0        35 300
 4  43  36  40   M  25   0 0.00  0.0    0  8.8 12  70   M    M   4        18  50
 5  49  37  43   M  22   0 0.00  0.0    0  5.9 13  30   M    M   0        16  50
 6  56  32  44   M  21   0 0.00  0.0    0  7.2 17 170   M    M   1         M  M
 7  52  36  44   M  21   0 0.00  0.0    0  9.4 16  90   M    M   1        21 330
 8  40  30  35   M  30   0    T    M    0  9.4 18 340   M    M   7        32 330
 9  56  28  42   M  23   0 0.00  0.0    0 10.7 21 320   M    M   6        33 300
10  45  36  41   M  24   0    T    M    0  9.8 16 350   M    M  10        23 350
11  47  30  39   M  26   0    T    M    0 10.4 17 170   M    M   8        23 140
12  50  26  38   M  27   0 0.00  0.0    0  7.0 17 130   M    M   1 12      M  M
13  55  26  41   M  24   0 0.00  0.0    0  7.7 16 150   M    M   3        23 150
14  57  44  51   M  14   0 0.16    M    0  7.1 16 170   M    M   9 12     24 170
15  71  46  59   M   6   0 0.00  0.0    0  7.2 14  90   M    M   3 12     23 280
16  56  42  49   M  16   0 0.00  0.0    0  8.1 15  30   M    M   0        20  30
17  53  47  50   M  15   0 3.03    M    0 11.8 20  50   M    M   9 1      35  50
18  48  46  47   M  18   0 0.89    M    0 11.7 16  30   M    M  10 1      27  30
19  59  45  52   M  13   0 0.16    M    0  8.7 13  40   M    M   9 1      23  40
20  66  47  57   M   8   0 0.00  0.0    0  5.4 12  50   M    M   1        17  30
21  68  47  58   M   7   0 0.00  0.0    0  4.3  9 110   M    M   1         M  M
22  68  51  60   M   5   0    T  0.0    0  5.2 10 110   M    M   9 1       M  M
23  65  52  59   M   6   0 0.20  0.0    0  4.3  9  90   M    M   6 12      M  M
24  75  52  64   M   1   0 0.00  0.0    0  6.6 16 170   M    M   6 1       M  M
25  71  53  62   M   3   0 0.00  0.0    0  6.8 14 160   M    M   0         M  M
26  80  54  67   M   0   2 0.00  0.0    0  9.3 18 160   M    M   1        23 160
27  77  56  67   M   0   2 0.00  0.0    0  7.0 14 170   M    M   2         M  M
================================================================================
SM 1610 1118       389   4  4.44     0.0 221.8          M      112
================================================================================
AV 59.6 41.4                               8.2 FASTST   M    M   4    MAX(MPH)
                                 MISC ---->  # 25 300               # 35  300
================================================================================
NOTES:
# LAST OF SEVERAL OCCURRENCES

COLUMN 17 PEAK WIND IN M.P.H.

PRELIMINARY LOCAL CLIMATOLOGICAL DATA (WS FORM: F-6) , PAGE 2

                                          STATION:  MANITOWOC AWOS
                                          MONTH:    MAY
                                          YEAR:     2020
                                          LATITUDE:   44  7 N
                                          LONGITUDE:  87 40 W

[TEMPERATURE DATA]      [PRECIPITATION DATA]       SYMBOLS USED IN COLUMN 16

AVERAGE MONTHLY: 50.5   TOTAL FOR MONTH:   4.44    1 = FOG OR MIST
DPTR FM NORMAL:     M   DPTR FM NORMAL:       M    2 = FOG REDUCING VISIBILITY
HIGHEST:    80 ON 26    GRTST 24HR  3.03 ON 17-17      TO 1/4 MILE OR LESS
LOWEST:     26 ON 13,12                            3 = THUNDER
                        SNOW, ICE PELLETS, HAIL    4 = ICE PELLETS
                        TOTAL MONTH:   0.0 INCH    5 = HAIL
                        GRTST 24HR     0.0         6 = FREEZING RAIN OR DRIZZLE
                        GRTST DEPTH:   0           7 = DUSTSTORM OR SANDSTORM:
                                                       VSBY 1/2 MILE OR LESS
                                                   8 = SMOKE OR HAZE
[NO. OF DAYS WITH]      [WEATHER - DAYS WITH]      9 = BLOWING SNOW
                                                   X = TORNADO
MAX 32 OR BELOW:   0    0.01 INCH OR MORE:   5
MAX 90 OR ABOVE:   0    0.10 INCH OR MORE:   5
MIN 32 OR BELOW:   6    0.50 INCH OR MORE:   2
MIN  0 OR BELOW:   0    1.00 INCH OR MORE:   1

[HDD (BASE 65) ]
TOTAL THIS MO.   389    CLEAR  (SCALE 0-3)  14
DPTR FM NORMAL     M    PTCLDY (SCALE 4-7)   7
TOTAL FM JUL 1  7078    CLOUDY (SCALE 8-10)  6
DPTR FM NORMAL  5283

[CDD (BASE 65) ]
TOTAL THIS MO.     4
DPTR FM NORMAL     M    [PRESSURE DATA]
TOTAL FM JAN 1     4    HIGHEST SLP M ON M
DPTR FM NORMAL     4    LOWEST  SLP 30.06 ON  5

[REMARKS]
