000
CXUS53 KGRB 190808
CF6MTW
PRELIMINARY LOCAL CLIMATOLOGICAL DATA (WS FORM: F-6)

                                          STATION:   MANITOWOC AWOS
                                          MONTH:     JANUARY
                                          YEAR:      2019
                                          LATITUDE:   44  7 N
                                          LONGITUDE:  87 40 W

  TEMPERATURE IN F:       :PCPN:    SNOW:  WIND      :SUNSHINE: SKY     :PK WND
================================================================================
1   2   3   4   5  6A  6B    7    8   9   10  11  12  13   14  15   16   17  18
                                     12Z  AVG MX 2MIN
DY MAX MIN AVG DEP HDD CDD  WTR  SNW DPTH SPD SPD DIR MIN PSBL S-S WX    SPD DR
================================================================================

 1  27  12  20   0  45   0    T    M    0  8.5 16 340   M    M   5        22 340
 2  28  15  22   3  43   0    T    M    0  7.4 15 250   M    M   9 1      21 250
 3  38  15  27   8  38   0 0.00  0.0    0 10.1 18 250   M    M   2        25 250
 4  40  23  32  13  33   0 0.00  0.0    0  7.4 16 260   M    M   0 1      22 260
 5  44  24  34  15  31   0 0.00  0.0    0  8.4 15 270   M    M   1 1      22 270
 6  35  24  30  11  35   0    T    M    0  8.7 18 130   M    M   5 1      29 130
 7  44  33  39  20  26   0 0.83    M    0 19.2 25 140   M    M  10 1      38 160
 8  40  21  31  12  34   0    T    M    0 14.4 24 290   M    M   8        38 290
 9  21  16  19   0  46   0    T    M    0 16.7 24 290   M    M   9        33 290
10  21  16  19   0  46   0    T    M    0  7.5 12 360   M    M   9        16 360
11  30  20  25   7  40   0 0.00  0.0    0  3.5  8 190   M    M  10         M  M
12  32  28  30  12  35   0 0.00  0.0    0  7.4 15  90   M    M  10        18  60
13  30  17  24   6  41   0    T    M    0  5.4 13  80   M    M   6         M  M
14  34  18  26   8  39   0 0.00  0.0    0  8.1 16 260   M    M   7 1       M  M
15  32  28  30  12  35   0    T    M    0 10.5 17 250   M    M  10 1      25 230
16  31  13  22   4  43   0 0.00  0.0    0  8.4 18 340   M    M   3        25 340
17  30  12  21   3  44   0    T    M    0  2.9 10 320   M    M   8 1       M  M
18  24  11  18   0  47   0    T    M    0  8.7 14 330   M    M   6 1       M  M
================================================================================
SM  581  346       701   0  0.83     0.0 163.2          M      118
================================================================================
AV 32.3 19.2                               9.1 FASTST   M    M   7    MAX(MPH)
                                 MISC ---->  # 25 140               # 38  160
================================================================================
NOTES:
# LAST OF SEVERAL OCCURRENCES

COLUMN 17 PEAK WIND IN M.P.H.

PRELIMINARY LOCAL CLIMATOLOGICAL DATA (WS FORM: F-6) , PAGE 2

                                          STATION:  MANITOWOC AWOS
                                          MONTH:    JANUARY
                                          YEAR:     2019
                                          LATITUDE:   44  7 N
                                          LONGITUDE:  87 40 W

[TEMPERATURE DATA]      [PRECIPITATION DATA]       SYMBOLS USED IN COLUMN 16

AVERAGE MONTHLY: 25.8   TOTAL FOR MONTH:   0.83    1 = FOG OR MIST
DPTR FM NORMAL:   7.1   DPTR FM NORMAL:   -0.25    2 = FOG REDUCING VISIBILITY
HIGHEST:    44 ON  7, 5 GRTST 24HR  0.83 ON  7- 7      TO 1/4 MILE OR LESS
LOWEST:     11 ON 18                               3 = THUNDER
                        SNOW, ICE PELLETS, HAIL    4 = ICE PELLETS
                        TOTAL MONTH:   0.0 INCH    5 = HAIL
                        GRTST 24HR     0.0         6 = FREEZING RAIN OR DRIZZLE
                        GRTST DEPTH:   0           7 = DUSTSTORM OR SANDSTORM:
                                                       VSBY 1/2 MILE OR LESS
                                                   8 = SMOKE OR HAZE
[NO. OF DAYS WITH]      [WEATHER - DAYS WITH]      9 = BLOWING SNOW
                                                   X = TORNADO
MAX 32 OR BELOW:  11    0.01 INCH OR MORE:   1
MAX 90 OR ABOVE:   0    0.10 INCH OR MORE:   1
MIN 32 OR BELOW:  17    0.50 INCH OR MORE:   1
MIN  0 OR BELOW:   0    1.00 INCH OR MORE:   0

[HDD (BASE 65) ]
TOTAL THIS MO.   701    CLEAR  (SCALE 0-3)   4
DPTR FM NORMAL  -135    PTCLDY (SCALE 4-7)   7
TOTAL FM JUL 1  3396    CLOUDY (SCALE 8-10)  7
DPTR FM NORMAL  2560

[CDD (BASE 65) ]
TOTAL THIS MO.     0
DPTR FM NORMAL     0    [PRESSURE DATA]
TOTAL FM JAN 1     0    HIGHEST SLP M ON M
DPTR FM NORMAL     0    LOWEST  SLP M ON M

[REMARKS]
