000
CXUS54 KFWD 220730
CF6MWL
PRELIMINARY LOCAL CLIMATOLOGICAL DATA (WS FORM: F-6)

                                          STATION:   MINERAL WELLS
                                          MONTH:     OCTOBER
                                          YEAR:      2018
                                          LATITUDE:   32 46 N
                                          LONGITUDE:  98  4 W

  TEMPERATURE IN F:       :PCPN:    SNOW:  WIND      :SUNSHINE: SKY     :PK WND
================================================================================
1   2   3   4   5  6A  6B    7    8   9   10  11  12  13   14  15   16   17  18
                                     12Z  AVG MX 2MIN
DY MAX MIN AVG DEP HDD CDD  WTR  SNW DPTH SPD SPD DIR MIN PSBL S-S WX    SPD DR
================================================================================

 1  87  68  78   8   0  13 0.00  0.0    0  8.1 14 160   M    M   4 1      19 160
 2  88  70  79   9   0  14 0.00  0.0    0  9.1 17 140   M    M   4 1      22 160
 3  90  70  80  10   0  15 0.00  0.0    0 10.7 20 180   M    M   0 1      27 170
 4  91  70  81  12   0  16 0.00  0.0    0  8.6 17 150   M    M   1        23 150
 5  89  69  79  10   0  14 0.00  0.0    0  9.5 21 160   M    M   2        28 160
 6  90  72  81  12   0  16 0.00  0.0    0 10.0 17 160   M    M   3 3      22 140
 7  89  71  80  12   0  15 0.10  0.0    0 11.0 24 160   M    M   5 13     32 150
 8  81  69  75   7   0  10 0.03  0.0    0 10.6 22 120   M    M   6 13     29 170
 9  73  62  68   0   0   3 1.05  0.0    0  8.1 29 290   M    M   9 13     37 290
10  73  52  63  -5   2   0 0.00  0.0    0  8.3 17 320   M    M   3 1      24 330
11  71  51  61  -6   4   0 0.00  0.0    0  6.7 14  70   M    M   2 8      17  70
12  68  58  63  -4   2   0 0.14  0.0    0  6.4 14 150   M    M   9 1      17 150
13  63  59  61  -6   4   0 2.70  0.0    0  8.2 25 330   M    M  10 123    30 320
14  77  43  60  -6   5   0 0.09  0.0    0 10.0 28 340   M    M  10 13     35 350
15  48  39  44 -22  21   0 0.67  0.0    0 14.8 26 350   M    M   9 13     33 350
16  49  42  46 -20  19   0 0.47  0.0    0  9.7 20 360   M    M  10 1      24 360
17  55  47  51 -14  14   0 1.24  0.0    0  5.3 12  90   M    M  10 1      14  20
18  65  49  57  -8   8   0 0.08    M    0  5.2 13 110   M    M   9 1      16 120
19  60  56  58  -7   7   0 1.07  0.0    0  1.4 10 110   M    M   9 12     16 140
20  74  51  63  -1   2   0 0.00  0.0    0  5.9 17  40   M    M   2 12     23  10
21  73  44  59  -5   6   0 0.00  0.0    0  4.0  9 140   M    M   0 1      14 110
================================================================================
SM 1554 1212        94 116  7.64     0.0 171.6          M      117
================================================================================
AV 74.0 57.7                               8.2 FASTST   M    M   6    MAX(MPH)
                                 MISC ---->  # 29 290               # 37  290
================================================================================
NOTES:
# LAST OF SEVERAL OCCURRENCES

COLUMN 17 PEAK WIND IN M.P.H.

PRELIMINARY LOCAL CLIMATOLOGICAL DATA (WS FORM: F-6) , PAGE 2

                                          STATION:  MINERAL WELLS
                                          MONTH:    OCTOBER
                                          YEAR:     2018
                                          LATITUDE:   32 46 N
                                          LONGITUDE:  98  4 W

[TEMPERATURE DATA]      [PRECIPITATION DATA]       SYMBOLS USED IN COLUMN 16

AVERAGE MONTHLY: 65.9   TOTAL FOR MONTH:   7.64    1 = FOG OR MIST
DPTR FM NORMAL:  -1.3   DPTR FM NORMAL:    5.22    2 = FOG REDUCING VISIBILITY
HIGHEST:    91 ON  4    GRTST 24HR  2.70 ON 13-13      TO 1/4 MILE OR LESS
LOWEST:     39 ON 15                               3 = THUNDER
                        SNOW, ICE PELLETS, HAIL    4 = ICE PELLETS
                        TOTAL MONTH:   0.0 INCH    5 = HAIL
                        GRTST 24HR     0.0         6 = FREEZING RAIN OR DRIZZLE
                        GRTST DEPTH:   0           7 = DUSTSTORM OR SANDSTORM:
                                                       VSBY 1/2 MILE OR LESS
                                                   8 = SMOKE OR HAZE
[NO. OF DAYS WITH]      [WEATHER - DAYS WITH]      9 = BLOWING SNOW
                                                   X = TORNADO
MAX 32 OR BELOW:   0    0.01 INCH OR MORE:  11
MAX 90 OR ABOVE:   3    0.10 INCH OR MORE:   8
MIN 32 OR BELOW:   0    0.50 INCH OR MORE:   5
MIN  0 OR BELOW:   0    1.00 INCH OR MORE:   4

[HDD (BASE 65) ]
TOTAL THIS MO.    94    CLEAR  (SCALE 0-3)   7
DPTR FM NORMAL    51    PTCLDY (SCALE 4-7)   5
TOTAL FM JUL 1    95    CLOUDY (SCALE 8-10)  9
DPTR FM NORMAL    42

[CDD (BASE 65) ]
TOTAL THIS MO.   116
DPTR FM NORMAL    26    [PRESSURE DATA]
TOTAL FM JAN 1  2892    HIGHEST SLP M ON M
DPTR FM NORMAL   575    LOWEST  SLP 29.62 ON  9

[REMARKS]
