000
CXUS54 KFWD 240730
CF6MWL
PRELIMINARY LOCAL CLIMATOLOGICAL DATA (WS FORM: F-6)

                                          STATION:   MINERAL WELLS
                                          MONTH:     JANUARY
                                          YEAR:      2020
                                          LATITUDE:   32 46 N
                                          LONGITUDE:  98  4 W

  TEMPERATURE IN F:       :PCPN:    SNOW:  WIND      :SUNSHINE: SKY     :PK WND
================================================================================
1   2   3   4   5  6A  6B    7    8   9   10  11  12  13   14  15   16   17  18
                                     12Z  AVG MX 2MIN
DY MAX MIN AVG DEP HDD CDD  WTR  SNW DPTH SPD SPD DIR MIN PSBL S-S WX    SPD DR
================================================================================

 1  58  37  48   4  17   0 0.00  0.0    0 11.5 24 190   M    M   2        32 190
 2  64  44  54  10  11   0 0.00  0.0    0  9.5 17 150   M    M   1        22 180
 3  60  40  50   6  15   0 0.00  0.0    0 10.6 20 330   M    M   2        27 330
 4  64  29  47   3  18   0 0.00  0.0    0  5.5 15 140   M    M   0        19 140
 5  68  34  51   7  14   0 0.00  0.0    0  8.4 20 250   M    M   0        27 250
 6  66  30  48   4  17   0 0.00  0.0    0  5.3 18 340   M    M   0 8      23 330
 7  66  27  47   3  18   0 0.00  0.0    0  5.8 14 220   M    M   0        18 210
 8  66  29  48   4  17   0 0.00  0.0    0 12.5 25 160   M    M   1        38 190
 9  75  55  65  21   0   0 0.00  0.0    0 11.2 23 170   M    M   5        34 160
10  71  39  55  11  10   0 0.70  0.0    0 12.6 33 340   M    M   9 123    46 350
11  43  29  36  -8  29   0    M    M    M 12.7 26  20   M    M   5 18     36  40
12  65  31  48   3  17   0 0.00  0.0    M 11.4 18 210   M    M   0 1      25 210
13  66  39  53   8  12   0 0.00  0.0    0 10.5 23 170   M    M   6 12     31 160
14  72  51  62  17   3   0 0.00  0.0    0  5.9 13 140   M    M   6 12     16 130
15  79  54  67  22   0   2 0.00  0.0    0  8.9 17 350   M    M   6 128    27 220
16  55  40  48   3  17   0 2.31  0.0    0  9.3 20 350   M    M  10 1238   26 350
17  50  38  44  -1  21   0 0.24  0.0    0  5.2 14 280   M    M   9 12     18 280
18  58  32  45   0  20   0    T  0.0    0 11.1 24 340   M    M   2 1      32 360
19  55  26  41  -4  24   0 0.00  0.0    0  3.3 10  50   M    M   0        17  10
20  59  29  44  -1  21   0 0.00  0.0    0  3.3  9 150   M    M   0        13 170
21  58  33  46   1  19   0 0.13    M    0  9.6 20 130   M    M   3 1      27 160
22  47  41  44  -2  21   0 0.07    M    0 14.6 22 140   M    M  10 12     30 140
23  61  38  50   4  15   0 0.02  0.0    0  8.2 21 350   M    M   6 12     28 340
================================================================================
SM 1426  845       356   2  3.47     0.0 206.9          M       83
================================================================================
AV 62.0 36.7                               9.0 FASTST   M    M   4    MAX(MPH)
                                 MISC ---->  # 33 340               # 46  350
================================================================================
NOTES:
# LAST OF SEVERAL OCCURRENCES

COLUMN 17 PEAK WIND IN M.P.H.

PRELIMINARY LOCAL CLIMATOLOGICAL DATA (WS FORM: F-6) , PAGE 2

                                          STATION:  MINERAL WELLS
                                          MONTH:    JANUARY
                                          YEAR:     2020
                                          LATITUDE:   32 46 N
                                          LONGITUDE:  98  4 W

[TEMPERATURE DATA]      [PRECIPITATION DATA]       SYMBOLS USED IN COLUMN 16

AVERAGE MONTHLY: 49.4   TOTAL FOR MONTH:   3.47    1 = FOG OR MIST
DPTR FM NORMAL:   4.8   DPTR FM NORMAL:    2.48    2 = FOG REDUCING VISIBILITY
HIGHEST:    79 ON 15    GRTST 24HR  2.31 ON 16-16      TO 1/4 MILE OR LESS
LOWEST:     26 ON 19                               3 = THUNDER
                        SNOW, ICE PELLETS, HAIL    4 = ICE PELLETS
                        TOTAL MONTH:   0.0 INCH    5 = HAIL
                        GRTST 24HR     0.0         6 = FREEZING RAIN OR DRIZZLE
                        GRTST DEPTH:   0           7 = DUSTSTORM OR SANDSTORM:
                                                       VSBY 1/2 MILE OR LESS
                                                   8 = SMOKE OR HAZE
[NO. OF DAYS WITH]      [WEATHER - DAYS WITH]      9 = BLOWING SNOW
                                                   X = TORNADO
MAX 32 OR BELOW:   0    0.01 INCH OR MORE:   6
MAX 90 OR ABOVE:   0    0.10 INCH OR MORE:   4
MIN 32 OR BELOW:   9    0.50 INCH OR MORE:   2
MIN  0 OR BELOW:   0    1.00 INCH OR MORE:   1

[HDD (BASE 65) ]
TOTAL THIS MO.   356    CLEAR  (SCALE 0-3)  13
DPTR FM NORMAL  -114    PTCLDY (SCALE 4-7)   6
TOTAL FM JUL 1  1404    CLOUDY (SCALE 8-10)  4
DPTR FM NORMAL   -95

[CDD (BASE 65) ]
TOTAL THIS MO.     2
DPTR FM NORMAL     2    [PRESSURE DATA]
TOTAL FM JAN 1     2    HIGHEST SLP M ON M
DPTR FM NORMAL     2    LOWEST  SLP 29.48 ON  2

[REMARKS]
