000
CXUS54 KFWD 210730
CF6MWL
PRELIMINARY LOCAL CLIMATOLOGICAL DATA (WS FORM: F-6)

                                          STATION:   MINERAL WELLS
                                          MONTH:     OCTOBER
                                          YEAR:      2019
                                          LATITUDE:   32 46 N
                                          LONGITUDE:  98  4 W

  TEMPERATURE IN F:       :PCPN:    SNOW:  WIND      :SUNSHINE: SKY     :PK WND
================================================================================
1   2   3   4   5  6A  6B    7    8   9   10  11  12  13   14  15   16   17  18
                                     12Z  AVG MX 2MIN
DY MAX MIN AVG DEP HDD CDD  WTR  SNW DPTH SPD SPD DIR MIN PSBL S-S WX    SPD DR
================================================================================

 1  95  76  86  16   0  21 0.00  0.0    0 12.1 21 170   M    M   4        27 140
 2  96  70  83  13   0  18 0.00  0.0    0 10.5 20 160   M    M   1        25 160
 3  95  66  81  11   0  16 0.00  0.0    0  6.8 15 130   M    M   0        19 140
 4  92  71  82  13   0  17    T  0.0    0  4.7 37 100   M    M   2 8      45 100
 5  94  69  82  13   0  17 0.00  0.0    0  8.1 15 200   M    M   1 18     23 200
 6  95  62  79  10   0  14    M  0.0    0 10.4 25 350   M    M   5 3      35 350
 7  79  54  67  -1   0   2    M  0.0    0 10.1 22  30   M    M   2        27  20
 8  81  49  65  -3   0   0 0.00  0.0    0  5.9 16 150   M    M   0        20 140
 9  91  57  74   6   0   9 0.00  0.0    0 12.1 23 160   M    M   2        31 150
10  92  54  73   5   0   8 0.03  0.0    0 15.0 28 360   M    M   7 3      36 360
11  64  40  52 -15  13   0 0.18  0.0    0 14.5 29 350   M    M   4 13     38 350
12  67  32  50 -17  15   0 0.00  0.0    0  4.1 12 180   M    M   0        17 190
13  83  50  67   0   0   2 0.00  0.0    0  9.8 16 150   M    M   2        22 200
14  81  59  70   4   0   5    T  0.0    0 10.1 14 150   M    M   1 1      19 240
15  89  67  78  12   0  13 0.28  0.0    0  9.5 26 360   M    M   5 13     35  10
16  71  48  60  -6   5   0 0.00  0.0    0  7.0 21  10   M    M   1        28  20
17  74  42  58  -7   7   0 0.00  0.0    0  5.2 14 160   M    M   0 18     21 150
18  78  46  62  -3   3   0    T    M    0 11.3 22 120   M    M   0        26 140
19  81  55  68   3   0   3    T  0.0    0  8.6 21 280   M    M   1 38     26 280
20  91  46  69   5   0   4 0.77    M    0 10.8 39 230   M    M   1 138    75 240
================================================================================
SM 1689 1113        43 149  1.26     0.0 186.6          M       39
================================================================================
AV 84.5 55.7                               9.3 FASTST   M    M   2    MAX(MPH)
                                 MISC ---->  # 39 230               # 75  240
================================================================================
NOTES:
# LAST OF SEVERAL OCCURRENCES

COLUMN 17 PEAK WIND IN M.P.H.

PRELIMINARY LOCAL CLIMATOLOGICAL DATA (WS FORM: F-6) , PAGE 2

                                          STATION:  MINERAL WELLS
                                          MONTH:    OCTOBER
                                          YEAR:     2019
                                          LATITUDE:   32 46 N
                                          LONGITUDE:  98  4 W

[TEMPERATURE DATA]      [PRECIPITATION DATA]       SYMBOLS USED IN COLUMN 16

AVERAGE MONTHLY: 70.1   TOTAL FOR MONTH:   1.26    1 = FOG OR MIST
DPTR FM NORMAL:   2.7   DPTR FM NORMAL:   -1.02    2 = FOG REDUCING VISIBILITY
HIGHEST:    96 ON  2    GRTST 24HR  0.77 ON 20-20      TO 1/4 MILE OR LESS
LOWEST:     32 ON 12                               3 = THUNDER
                        SNOW, ICE PELLETS, HAIL    4 = ICE PELLETS
                        TOTAL MONTH:   0.0 INCH    5 = HAIL
                        GRTST 24HR     0.0         6 = FREEZING RAIN OR DRIZZLE
                        GRTST DEPTH:   0           7 = DUSTSTORM OR SANDSTORM:
                                                       VSBY 1/2 MILE OR LESS
                                                   8 = SMOKE OR HAZE
[NO. OF DAYS WITH]      [WEATHER - DAYS WITH]      9 = BLOWING SNOW
                                                   X = TORNADO
MAX 32 OR BELOW:   0    0.01 INCH OR MORE:   4
MAX 90 OR ABOVE:   9    0.10 INCH OR MORE:   3
MIN 32 OR BELOW:   1    0.50 INCH OR MORE:   1
MIN  0 OR BELOW:   0    1.00 INCH OR MORE:   0

[HDD (BASE 65) ]
TOTAL THIS MO.    43    CLEAR  (SCALE 0-3)  15
DPTR FM NORMAL     4    PTCLDY (SCALE 4-7)   5
TOTAL FM JUL 1    43    CLOUDY (SCALE 8-10)  0
DPTR FM NORMAL    -6

[CDD (BASE 65) ]
TOTAL THIS MO.   149
DPTR FM NORMAL    62    [PRESSURE DATA]
TOTAL FM JAN 1  2645    HIGHEST SLP M ON M
DPTR FM NORMAL   331    LOWEST  SLP 29.46 ON 20

[REMARKS]
