151
CXUS51 KGYX 011534
CF6MWN
PRELIMINARY LOCAL CLIMATOLOGICAL DATA (WS FORM: F-6)

                                          STATION:   MT. WASHINGTON
                                          MONTH:     MARCH
                                          YEAR:      2018
                                          LATITUDE:   44 16 N
                                          LONGITUDE:  71 18 W

  TEMPERATURE IN F:       :PCPN:    SNOW:  WIND      :SUNSHINE: SKY     :PK WND
================================================================================
1   2   3   4   5  6A  6B    7    8   9   10  11  12  13   14  15   16   17  18
                                     12Z  AVG MX 2MIN
DY MAX MIN AVG DEP HDD CDD  WTR  SNW DPTH SPD SPD DIR MIN PSBL S-S WX    SPD DR
================================================================================

 1  28  17  23  14  42   0 0.07  0.6    3   M   M   M   M    M   M 12      M  M
 2  27  16  22  13  43   0 0.78  6.1    5   M   M   M   M    M   M 12      M  M
 3  22  10  16   7  49   0 0.00  0.0    5   M   M   M   M    M   M 12      M  M
 4  17   8  13   4  52   0 0.09  1.4    6   M   M   M   M    M   M 12      M  M
 5  21   8  15   5  50   0 0.01  0.6    5   M   M   M   M    M   M 12      M  M
 6  22  12  17   7  48   0 0.00  0.0    5   M   M   M   M    M   M 12      M  M
 7  17   5  11   1  54   0 0.36  3.8    7   M   M   M   M    M   M 12      M  M
 8  16   5  11   1  54   0 0.63  8.1   11   M   M   M   M    M   M 12      M  M
 9  17   4  11   0  54   0 0.17  2.4   11   M   M   M   M    M   M 12      M  M
10   9   5   7  -4  58   0 0.76  9.1   10   M   M   M   M    M   M 12      M  M
11  12   6   9  -2  56   0 0.17  3.5   11   M   M   M   M    M   M 12      M  M
12  14   7  11   0  54   0 0.02  0.5   11   M   M   M   M    M   M 12      M  M
13  10   5   8  -4  57   0 0.81  9.4   16   M   M   M   M    M   M 12      M  M
14  16   7  12   0  53   0 0.90 10.6   21   M   M   M   M    M   M 12      M  M
15  11   4   8  -4  57   0 0.75  7.3   23   M   M   M   M    M   M 12      M  M
16   5  -7  -1 -14  66   0 0.18  1.8   20   M   M   M   M    M   M 12      M  M
17  -1 -14  -7 -20  72   0 0.03  0.5   18   M   M   M   M    M   M 12      M  M
18  -3 -15  -9 -22  74   0 0.00  0.0   18   M   M   M   M    M   M 12      M  M
19   0 -15  -7 -21  72   0 0.00  0.0   17   M   M   M   M    M   M 12      M  M
20  17  -2   8  -6  57   0 0.00  0.0   17   M   M   M   M    M   M 12      M  M
21  19  11  15   1  50   0 0.00  0.0   17   M   M   M   M    M   M 12      M  M
22  22  10  16   1  49   0 0.00  0.0   17   M   M   M   M    M   M 12      M  M
23  17   8  13  -2  52   0    T  0.1   16   M   M   M   M    M   M 12      M  M
24  14   8  11  -4  54   0 0.02  1.1   17   M   M   M   M    M   M 12      M  M
25  10   3   7  -9  58   0 0.04  0.8   17   M   M   M   M    M   M 12      M  M
26  24   5  15  -1  50   0 0.00  0.0   17 23.0 24  40   M    M   0         M  M
27  27  19  23   7  42   0 0.00  0.0   17 28.2 36 190   M    M   9        44 190
28  33  19  26   9  39   0 0.14  1.2   16 27.5 38 270   M    M   8 124    46 200
29  38  28  33  16  32   0 0.00  0.0   12 34.5 46 220   M    M   8 2      64 210
30  41   8  25   7  40   0 0.00  0.0    7 44.6 69 230   M    M  10 2      89 230
31  22   2  12  -6  53   0 0.00  0.0    7 44.9 68 310   M    M   6 12     77 310
================================================================================
SM  544  187      1641   0  5.93    68.9 202.7          M       41
================================================================================
AV 17.6  6.0                              33.8 FASTST   M    M   7    MAX(MPH)
                                 MISC ---->  # 69 230               # 89  230
================================================================================
NOTES:
# LAST OF SEVERAL OCCURRENCES

COLUMN 17 PEAK WIND IN M.P.H.

PRELIMINARY LOCAL CLIMATOLOGICAL DATA (WS FORM: F-6) , PAGE 2

                                          STATION:  MT. WASHINGTON
                                          MONTH:    MARCH
                                          YEAR:     2018
                                          LATITUDE:   44 16 N
                                          LONGITUDE:  71 18 W

[TEMPERATURE DATA]      [PRECIPITATION DATA]       SYMBOLS USED IN COLUMN 16

AVERAGE MONTHLY: 11.8   TOTAL FOR MONTH:   5.93    1 = FOG OR MIST
DPTR FM NORMAL:  -1.0   DPTR FM NORMAL:   -1.74    2 = FOG REDUCING VISIBILITY
HIGHEST:    41 ON 30    GRTST 24HR  0.90 ON 14-14      TO 1/4 MILE OR LESS
LOWEST:    -15 ON 19,18                            3 = THUNDER
                        SNOW, ICE PELLETS, HAIL    4 = ICE PELLETS
                        TOTAL MONTH:  68.9 INCHES  5 = HAIL
                        GRTST 24HR  10.6 ON 14-14  6 = FREEZING RAIN OR DRIZZLE
                        GRTST DEPTH:  23 ON 15     7 = DUSTSTORM OR SANDSTORM:
                                                       VSBY 1/2 MILE OR LESS
                                                   8 = SMOKE OR HAZE
[NO. OF DAYS WITH]      [WEATHER - DAYS WITH]      9 = BLOWING SNOW
                                                   X = TORNADO
MAX 32 OR BELOW:  28    0.01 INCH OR MORE:  18
MAX 90 OR ABOVE:   0    0.10 INCH OR MORE:  11
MIN 32 OR BELOW:  31    0.50 INCH OR MORE:   6
MIN  0 OR BELOW:   5    1.00 INCH OR MORE:   0

[HDD (BASE 65) ]
TOTAL THIS MO.  1641    CLEAR  (SCALE 0-3)   1
DPTR FM NORMAL    24    PTCLDY (SCALE 4-7)   3
TOTAL FM JUL 1  1760    CLOUDY (SCALE 8-10)  2
DPTR FM NORMAL -9203

[CDD (BASE 65) ]
TOTAL THIS MO.     0
DPTR FM NORMAL     0    [PRESSURE DATA]
TOTAL FM JAN 1     0    HIGHEST SLP M ON M
DPTR FM NORMAL     0    LOWEST  SLP M ON M

[REMARKS]
#FINAL-03-18#
