000
CXUS56 KSGX 241445
CF6MYF
PRELIMINARY LOCAL CLIMATOLOGICAL DATA (WS FORM: F-6)

                                          STATION:   SAN DIEGO/MONTGOMERY FLD CA
                                          MONTH:     JUNE
                                          YEAR:      2018
                                          LATITUDE:   32 49 N
                                          LONGITUDE: 117  9 W

  TEMPERATURE IN F:       :PCPN:    SNOW:  WIND      :SUNSHINE: SKY     :PK WND
================================================================================
1   2   3   4   5  6A  6B    7    8   9   10  11  12  13   14  15   16   17  18
                                     12Z  AVG MX 2MIN
DY MAX MIN AVG DEP HDD CDD  WTR  SNW DPTH SPD SPD DIR MIN PSBL S-S WX    SPD DR
================================================================================

 1  74  59  67   3   0   2 0.00  0.0    0  5.6 14 220   M    M   3        18 250
 2  75  55  65   0   0   0 0.00  0.0    0  4.8 12 240   M    M   1 1      17 200
 3  77  61  69   4   0   4 0.00  0.0    0  5.9 13 240   M    M   2        18 260
 4  72  61  67   2   0   2 0.00  0.0    0  5.8 14 240   M    M   6 18     18 230
 5  70  61  66   1   0   1 0.00  0.0    0  5.5 13 260   M    M   8 18     18 240
 6  72  61  67   2   0   2 0.00  0.0    0  5.8 15 240   M    M   5        21 260
 7  71  60  66   1   0   1 0.00  0.0    0  4.9 13 250   M    M   3        17 230
 8  81  57  69   4   0   4 0.00  0.0    0  4.1 14 240   M    M   0 1      17 300
 9  80  62  71   6   0   6 0.00  0.0    0  5.6 13 250   M    M   3 18     17 250
10  77  62  70   4   0   5 0.00  0.0    0  6.3 14 230   M    M   3        18 250
11  77  60  69   3   0   4 0.00  0.0    0  4.6  9 240   M    M   2 18      M  M
12  76  62  69   3   0   4 0.00  0.0    0  5.3 12 240   M    M   2 18     15 250
13  77  61  69   3   0   4 0.00  0.0    0  5.0 12 220   M    M   3 18     15 240
14  88  63  76  10   0  11 0.00  0.0    0  5.2 18 220   M    M   4 18     23 220
15  76  63  70   4   0   5 0.00  0.0    0  6.2 13 270   M    M   5        17 260
16  65  61  63  -3   2   0 0.00  0.0    0  7.7 14 210   M    M  10        20 220
17  69  61  65  -2   0   0 0.00  0.0    0  7.1 15 240   M    M   9        20 240
18  72  62  67   0   0   2 0.00  0.0    0  7.7 17 310   M    M   6        22 290
19  73  63  68   1   0   3 0.00  0.0    0  5.9 16 250   M    M   6        20 260
20  74  62  68   1   0   3 0.00  0.0    0  4.4 14 240   M    M   7 8      18 240
21  74  63  69   1   0   4 0.00  0.0    0  5.1 13 250   M    M   7 18     18 260
22  80  63  72   4   0   7 0.00  0.0    0  4.3 12 230   M    M   6 8      17 280
23  67  61  64  -4   1   0 0.00  0.0    0  8.1 16 190   M    M  10 18     21 180
================================================================================
SM 1717 1404         3  74  0.00     0.0 130.9          M      111
================================================================================
AV 74.7 61.0                               5.7 FASTST   M    M   5    MAX(MPH)
                                 MISC ---->  # 18 220               # 23  220
================================================================================
NOTES:
# LAST OF SEVERAL OCCURRENCES

COLUMN 17 PEAK WIND IN M.P.H.

PRELIMINARY LOCAL CLIMATOLOGICAL DATA (WS FORM: F-6) , PAGE 2

                                          STATION:  SAN DIEGO/MONTGOMERY FLD CA
                                          MONTH:    JUNE
                                          YEAR:     2018
                                          LATITUDE:   32 49 N
                                          LONGITUDE: 117  9 W

[TEMPERATURE DATA]      [PRECIPITATION DATA]       SYMBOLS USED IN COLUMN 16

AVERAGE MONTHLY: 67.9   TOTAL FOR MONTH:   0.00    1 = FOG OR MIST
DPTR FM NORMAL:   1.8   DPTR FM NORMAL:   -0.08    2 = FOG REDUCING VISIBILITY
HIGHEST:    88 ON 14    GRTST 24HR    T  ON 31- 1      TO 1/4 MILE OR LESS
LOWEST:     55 ON  2                               3 = THUNDER
                        SNOW, ICE PELLETS, HAIL    4 = ICE PELLETS
                        TOTAL MONTH:   0.0 INCH    5 = HAIL
                        GRTST 24HR     0.0         6 = FREEZING RAIN OR DRIZZLE
                        GRTST DEPTH:   0           7 = DUSTSTORM OR SANDSTORM:
                                                       VSBY 1/2 MILE OR LESS
                                                   8 = SMOKE OR HAZE
[NO. OF DAYS WITH]      [WEATHER - DAYS WITH]      9 = BLOWING SNOW
                                                   X = TORNADO
MAX 32 OR BELOW:   0    0.01 INCH OR MORE:   0
MAX 90 OR ABOVE:   0    0.10 INCH OR MORE:   0
MIN 32 OR BELOW:   0    0.50 INCH OR MORE:   0
MIN  0 OR BELOW:   0    1.00 INCH OR MORE:   0

[HDD (BASE 65) ]
TOTAL THIS MO.     3    CLEAR  (SCALE 0-3)   8
DPTR FM NORMAL   -13    PTCLDY (SCALE 4-7)  12
TOTAL FM JUL 1   715    CLOUDY (SCALE 8-10)  3
DPTR FM NORMAL  -823

[CDD (BASE 65) ]
TOTAL THIS MO.    74
DPTR FM NORMAL    35    [PRESSURE DATA]
TOTAL FM JAN 1   171    HIGHEST SLP M ON M
DPTR FM NORMAL    81    LOWEST  SLP 29.65 ON 15

[REMARKS]
