000
CXUS55 KBOI 301002
CF6MYL
PRELIMINARY LOCAL CLIMATOLOGICAL DATA (WS FORM: F-6)

                                          STATION:   MCCALL ID
                                          MONTH:     MAY
                                          YEAR:      2020
                                          LATITUDE:   44 52 N
                                          LONGITUDE: 116  6 W

  TEMPERATURE IN F:       :PCPN:    SNOW:  WIND      :SUNSHINE: SKY     :PK WND
================================================================================
1   2   3   4   5  6A  6B    7    8   9   10  11  12  13   14  15   16   17  18
                                     12Z  AVG MX 2MIN
DY MAX MIN AVG DEP HDD CDD  WTR  SNW DPTH SPD SPD DIR MIN PSBL S-S WX    SPD DR
================================================================================

 1  57  30  44   2  21   0 0.00    M    M  3.4 14 200   M    M   5 12     18 200
 2  65  30  48   6  17   0    T    M    M  7.0 29 240   M    M   5        40 250
 3  52  35  44   2  21   0 0.13    M    M  6.7 23 170   M    M   7 18     31 170
 4  56  26  41  -2  24   0 0.00    M    M  4.9 16 210   M    M   0        21 200
 5  68  30  49   6  16   0 0.00    M    M  4.3 18 160   M    M   0        23 180
 6  54  29  42  -1  23   0 0.04    M    M  6.3 25 270   M    M   4 138    34 280
 7  58  25  42  -2  23   0 0.00    M    M  4.8 12 350   M    M   0        16 360
 8  64  29  47   3  18   0 0.00    M    M  5.9 15 360   M    M   0        21 350
 9  69  32  51   7  14   0 0.00    M    M  3.5 13  40   M    M   0 8      16  40
10  75  35  55  11  10   0 0.00    M    M  3.8 15  40   M    M   0        19  20
11  72  47  60  15   5   0    T    M    M  7.3 18 200   M    M   3        24 200
12  57  40  49   4  16   0 0.01    M    M 12.2 25 180   M    M   7        31 260
13  48  35  42  -3  23   0 0.12    M    M  4.1 18 200   M    M   9        21 190
14  46  33  40  -6  25   0 0.26    M    M  3.8 14 180   M    M  10 12     18 180
15  50  35  43  -3  22   0 0.04    M    M  3.2 15 340   M    M   8 12     19 340
16  61  28  45  -1  20   0 0.00    M    M  5.3 20 180   M    M   4 12     24 190
17  60  41  51   5  14   0 0.05    M    M  5.8 18 140   M    M   9        27 130
18  49  41  45  -2  20   0 0.67    M    M  3.9 12  10   M    M   8 1      15  10
19  53  39  46  -1  19   0 0.11    M    M  4.8 13  30   M    M   9 1      17  10
20  50  37  44  -3  21   0 0.30    M    M  7.7 16 200   M    M  10 1      20 280
21  45  36  41  -6  24   0 0.05    M    M  7.5 21 190   M    M  10        25 210
22  46  32  39  -9  26   0 0.07    M    M  5.0 17 340   M    M   6 18     21 340
23  55  31  43  -5  22   0 0.00    M    M  6.7 15 300   M    M   6        21 290
24  63  30  47  -1  18   0 0.00    M    M  4.6 15  20   M    M   2        21 320
25  67  34  51   3  14   0    T    M    M  3.5 16 200   M    M   4        20 200
26  64  51  58  10   7   0    T    M    M  2.7 12 360   M    M   8        14  10
27  73  40  57   9   8   0 0.00    M    M  4.1 14 350   M    M   0        20 250
28  80  40  60  11   5   0    T    M    M  4.1 12  20   M    M   0        16 310
29  84  53  69  20   0   4 0.14    M    M  6.1 16  40   M    M   3 3      19  40
================================================================================
SM 1741 1024       496   4  1.99    M    153.0          M      137
================================================================================
AV 60.0 35.3                               5.3 FASTST   M    M   5    MAX(MPH)
                                 MISC ---->    29 240                 40 250
================================================================================
NOTES:
# LAST OF SEVERAL OCCURRENCES

COLUMN 17 PEAK WIND IN M.P.H.

PRELIMINARY LOCAL CLIMATOLOGICAL DATA (WS FORM: F-6) , PAGE 2

                                          STATION:   MCCALL ID
                                          MONTH:     MAY
                                          YEAR:      2020
                                          LATITUDE:   44 52 N
                                          LONGITUDE: 116  6 W

[TEMPERATURE DATA]      [PRECIPITATION DATA]       SYMBOLS USED IN COLUMN 16

AVERAGE MONTHLY: 47.7   TOTAL FOR MONTH:   1.99    1 = FOG OR MIST
DPTR FM NORMAL:   2.0   DPTR FM NORMAL:   -0.07    2 = FOG REDUCING VISIBILITY
HIGHEST:    84 ON 29    GRTST 24HR  0.71 ON 17-18      TO 1/4 MILE OR LESS
LOWEST:     25 ON  7                               3 = THUNDER
                        SNOW, ICE PELLETS, HAIL    4 = ICE PELLETS
                        TOTAL MONTH:  M            5 = HAIL
                        GRTST 24HR    M  ON   M    6 = FREEZING RAIN OR DRIZZLE
                        GRTST DEPTH:  M  ON   M    7 = DUSTSTORM OR SANDSTORM:
                                                       VSBY 1/2 MILE OR LESS
                                                   8 = SMOKE OR HAZE
[NO. OF DAYS WITH]      [WEATHER - DAYS WITH]      9 = BLOWING SNOW
                                                   X = TORNADO
MAX 32 OR BELOW:   0    0.01 INCH OR MORE:  13
MAX 90 OR ABOVE:   0    0.10 INCH OR MORE:   7
MIN 32 OR BELOW:  12    0.50 INCH OR MORE:   1
MIN  0 OR BELOW:   0    1.00 INCH OR MORE:   0

[HDD (BASE 65) ]
TOTAL THIS MO.   496    CLEAR  (SCALE 0-3)  11
DPTR FM NORMAL   -66    PTCLDY (SCALE 4-7)  11
TOTAL FM JUL 1  8378    CLOUDY (SCALE 8-10)  7
DPTR FM NORMAL  -819

[CDD (BASE 65) ]
TOTAL THIS MO.     4
DPTR FM NORMAL     4    [PRESSURE DATA]
TOTAL FM JAN 1     4    HIGHEST SLP M ON M
DPTR FM NORMAL     4    LOWEST  SLP 29.57 ON 11

[REMARKS]
