302
CXUS51 KLWX 180815
CF6NAK
PRELIMINARY LOCAL CLIMATOLOGICAL DATA (WS FORM: F-6)

                                          STATION:   ANNAPOLIS MD
                                          MONTH:     MAY
                                          YEAR:      2024
                                          LATITUDE:   38 59 N
                                          LONGITUDE:  76 29 W

  TEMPERATURE IN F:       :PCPN:    SNOW:  WIND      :SUNSHINE: SKY     :PK WND
================================================================================
1   2   3   4   5  6A  6B    7    8   9   10  11  12  13   14  15   16   17  18
                                     12Z  AVG MX 2MIN
DY MAX MIN AVG DEP HDD CDD  WTR  SNW DPTH SPD SPD DIR MIN PSBL S-S WX    SPD DR
================================================================================

 1  78  65  72  12   0   7    T    M    M  6.3 13 120   M    M   3        17 160
 2  86  63  75  14   0  10 0.00    M    M  6.8 16 180   M    M   1        23 170
 3  70  54  62   1   3   0 0.12    M    M 11.2 18 120   M    M   2        24 100
 4  56  52  54  -7  11   0 1.36    M    M  9.0 15 100   M    M   9 1      20 100
 5  69  55  62   0   3   0 0.32    M    M  7.8 17 120   M    M   9 1      20 130
 6  72  64  68   6   0   3    T    M    M  2.3  8 120   M    M   9 12      9 130
 7  78  65  72  10   0   7 0.09    M    M  4.6 12 130   M    M   5 18     15 170
 8  88  66  77  14   0  12 0.00    M    M  5.2 15 280   M    M   1        27 280
 9  73  61  67   4   0   2 0.19    M    M  6.3 20 120   M    M   6        23 110
10  62  52  57  -6   8   0 0.15    M    M  9.6 18  90   M    M  10 1      24 100
11  63  50  57  -7   8   0 0.07    M    M  8.0 21 130   M    M   6        27 140
12  63  51  57  -7   8   0 0.39    M    M  5.0 24 120   M    M   7 1      32 110
13  70  56  63  -1   2   0 0.00    M    M 10.7 21 130   M    M   4        29 160
14  69  61  65   1   0   0 0.19    M    M  7.7 16 130   M    M   6 1      23 160
15  67  61  64  -1   1   0 0.14    M    M  7.3 16 120   M    M   9 1      20  20
16  75  60  68   3   0   3 0.00    M    M  9.0 18 320   M    M   5        26 330
17  68  64  66   1   0   1    T    M    M  5.8 10 360   M    M   9        14 200
================================================================================
SM 1207 1000        44  45  3.02    M    122.6          M      101
================================================================================
AV 71.0 58.8                               7.2 FASTST   M    M   6    MAX(MPH)
                                 MISC ---->    24 120                 32 110
================================================================================
NOTES:
# LAST OF SEVERAL OCCURRENCES

COLUMN 17 PEAK WIND IN M.P.H.

PRELIMINARY LOCAL CLIMATOLOGICAL DATA (WS FORM: F-6) , PAGE 2

                                          STATION:   ANNAPOLIS MD
                                          MONTH:     MAY
                                          YEAR:      2024
                                          LATITUDE:   38 59 N
                                          LONGITUDE:  76 29 W

[TEMPERATURE DATA]      [PRECIPITATION DATA]       SYMBOLS USED IN COLUMN 16

AVERAGE MONTHLY: 64.9   TOTAL FOR MONTH:   3.02    1 = FOG OR MIST
DPTR FM NORMAL:   2.0   DPTR FM NORMAL:    1.25    2 = FOG REDUCING VISIBILITY
HIGHEST:    88 ON  8    GRTST 24HR  1.48 ON  3- 4      TO 1/4 MILE OR LESS
LOWEST:     50 ON 11                               3 = THUNDER
                        SNOW, ICE PELLETS, HAIL    4 = ICE PELLETS
                        TOTAL MONTH:  M            5 = HAIL
                        GRTST 24HR    M  ON   M    6 = FREEZING RAIN OR DRIZZLE
                        GRTST DEPTH:  M  ON   M    7 = DUSTSTORM OR SANDSTORM:
                                                       VSBY 1/2 MILE OR LESS
                                                   8 = SMOKE OR HAZE
[NO. OF DAYS WITH]      [WEATHER - DAYS WITH]      9 = BLOWING SNOW
                                                   X = TORNADO
MAX 32 OR BELOW:   0    0.01 INCH OR MORE:  10
MAX 90 OR ABOVE:   0    0.10 INCH OR MORE:   8
MIN 32 OR BELOW:   0    0.50 INCH OR MORE:   1
MIN  0 OR BELOW:   0    1.00 INCH OR MORE:   1

[HDD (BASE 65) ]
TOTAL THIS MO.    44    CLEAR  (SCALE 0-3)   3
DPTR FM NORMAL   -21    PTCLDY (SCALE 4-7)   8
TOTAL FM JUL 1  3388    CLOUDY (SCALE 8-10)  6
DPTR FM NORMAL  -650

[CDD (BASE 65) ]
TOTAL THIS MO.    45
DPTR FM NORMAL    14    [PRESSURE DATA]
TOTAL FM JAN 1    74    HIGHEST SLP M ON M
DPTR FM NORMAL    28    LOWEST  SLP 29.59 ON 10

[REMARKS]