000
CXUS54 KLIX 210910
CF6NEW
PRELIMINARY LOCAL CLIMATOLOGICAL DATA (WS FORM: F-6)

                                          STATION:   LAKEFRONT AIRPORT
                                          MONTH:     FEBRUARY
                                          YEAR:      2020
                                          LATITUDE:   30  1 N
                                          LONGITUDE:  90  2 W

  TEMPERATURE IN F:       :PCPN:    SNOW:  WIND      :SUNSHINE: SKY     :PK WND
================================================================================
1   2   3   4   5  6A  6B    7    8   9   10  11  12  13   14  15   16   17  18
                                     12Z  AVG MX 2MIN
DY MAX MIN AVG DEP HDD CDD  WTR  SNW DPTH SPD SPD DIR MIN PSBL S-S WX    SPD DR
================================================================================

 1  59  49  54   0  11   0 0.00    M    M 13.7 22 300   M    M   4        26 300
 2  69  47  58   3   7   0 0.00    M    M  8.3 15 220   M    M   0        18 220
 3  74  51  63   8   2   0 0.00  0.0    0 11.2 23 190   M    M   2        29 180
 4  76  63  70  15   0   5 0.03  0.0    0  9.9 21 200   M    M   6 1      25 210
 5  76  66  71  16   0   6 1.07    M    M 15.5 31 190   M    M  10 13     39 200
 6  74  45  60   5   5   0 0.91    M    M 24.5 46 300   M    M   9 13     54 300
 7  60  43  52  -4  13   0 0.00    M    M 12.0 32 290   M    M   0        38 290
 8  68  52  60   4   5   0 0.00    M    M  9.1 21 220   M    M   3        26 210
 9  74  56  65   9   0   0 0.00    M    M 13.8 29 120   M    M   6        38 120
10  80  65  73  17   0   8 0.00    M    M 16.1 31 190   M    M  10 18     38 190
11  82  69  76  20   0  11 0.01    M    M  6.9 16 200   M    M   9 12     20 210
12  81  67  74  18   0   9 0.04  0.0    M 15.8 31 180   M    M  10 128    36 220
13  74  50  62   5   3   0 0.23  0.0    M 20.4 32 320   M    M   9 1      41 260
14  62  45  54  -3  11   0 0.00  0.0    M 17.3 25  60   M    M   3        32  20
15  65  47  56  -1   9   0    T    M    M 14.2 23  70   M    M   3        26 110
16  62  58  60   3   5   0 0.87  0.0    M  9.2 22 100   M    M  10 13     27 100
17  68  57  63   6   2   0 0.00    M    M  7.1 14 130   M    M  10 1      18 150
18  79  66  73  15   0   8    T    M    M  8.2 16 210   M    M   7 12     21 220
19  71  60  66   8   0   1 0.00    M    M  8.8 18  50   M    M   9 12     20  50
20  65  48  57  -1   8   0 0.93    M    M 20.0 35  10   M    M  10 1      41  10
================================================================================
SM 1419 1104        81  48  4.09  0.0    262.0          M      130
================================================================================
AV 71.0 55.2                              13.1 FASTST   M    M   6    MAX(MPH)
                                 MISC ---->    46 300                 54 300
================================================================================
NOTES:
# LAST OF SEVERAL OCCURRENCES

COLUMN 17 PEAK WIND IN M.P.H.

PRELIMINARY LOCAL CLIMATOLOGICAL DATA (WS FORM: F-6) , PAGE 2

                                          STATION:   LAKEFRONT AIRPORT
                                          MONTH:     FEBRUARY
                                          YEAR:      2020
                                          LATITUDE:   30  1 N
                                          LONGITUDE:  90  2 W

[TEMPERATURE DATA]      [PRECIPITATION DATA]       SYMBOLS USED IN COLUMN 16

AVERAGE MONTHLY: 63.1   TOTAL FOR MONTH:   4.09    1 = FOG OR MIST
DPTR FM NORMAL:   6.9   DPTR FM NORMAL:    0.72    2 = FOG REDUCING VISIBILITY
HIGHEST:    82 ON 11    GRTST 24HR  1.98 ON  5- 6      TO 1/4 MILE OR LESS
LOWEST:     43 ON  7                               3 = THUNDER
                        SNOW, ICE PELLETS, HAIL    4 = ICE PELLETS
                        TOTAL MONTH:   0.0 INCH    5 = HAIL
                        GRTST 24HR  0.0            6 = FREEZING RAIN OR DRIZZLE
                        GRTST DEPTH:  0            7 = DUSTSTORM OR SANDSTORM:
                                                       VSBY 1/2 MILE OR LESS
                                                   8 = SMOKE OR HAZE
[NO. OF DAYS WITH]      [WEATHER - DAYS WITH]      9 = BLOWING SNOW
                                                   X = TORNADO
MAX 32 OR BELOW:   0    0.01 INCH OR MORE:   8
MAX 90 OR ABOVE:   0    0.10 INCH OR MORE:   5
MIN 32 OR BELOW:   0    0.50 INCH OR MORE:   4
MIN  0 OR BELOW:   0    1.00 INCH OR MORE:   1

[HDD (BASE 65) ]
TOTAL THIS MO.    81    CLEAR  (SCALE 0-3)   6
DPTR FM NORMAL  -110    PTCLDY (SCALE 4-7)   4
TOTAL FM JUL 1   705    CLOUDY (SCALE 8-10) 10
DPTR FM NORMAL  -301

[CDD (BASE 65) ]
TOTAL THIS MO.    48
DPTR FM NORMAL    28    [PRESSURE DATA]
TOTAL FM JAN 1    85    HIGHEST SLP M ON M
DPTR FM NORMAL    55    LOWEST  SLP 29.47 ON  6

[REMARKS]
