097
CXUS56 KMTR 231000
CF6NUQ
PRELIMINARY LOCAL CLIMATOLOGICAL DATA (WS FORM: F-6)

                                          STATION:   MOFFETT FIELD
                                          MONTH:     SEPTEMBER
                                          YEAR:      2018
                                          LATITUDE:   37 25 N
                                          LONGITUDE: 122  3 W

  TEMPERATURE IN F:       :PCPN:    SNOW:  WIND      :SUNSHINE: SKY     :PK WND
================================================================================
1   2   3   4   5  6A  6B    7    8   9   10  11  12  13   14  15   16   17  18
                                     12Z  AVG MX 2MIN
DY MAX MIN AVG DEP HDD CDD  WTR  SNW DPTH SPD SPD DIR MIN PSBL S-S WX    SPD DR
================================================================================

 1  72  58  65  -3   0   0 0.00  0.0    0  6.0 16 350   M    M   2        19 350
 2  76  56  66  -2   0   1 0.00  0.0    0  5.1 16 350   M    M   0        19 350
 3  74  57  66  -2   0   1 0.00  0.0    0  6.0 15 350   M    M   4        18 340
 4  75  60  68   0   0   3 0.00  0.0    0  5.9 14 350   M    M   5 18     19 340
 5  73  60  67  -1   0   2 0.00  0.0    0  7.3 18 350   M    M   5        23 350
 6  70  58  64  -4   1   0 0.00  0.0    0  5.7 14 350   M    M   4        18 360
 7  78  56  67  -1   0   2 0.00  0.0    0  4.7 16 350   M    M   2 18     21 350
 8  82  57  70   2   0   5 0.00  0.0    0  5.0 16 350   M    M   0        19 360
 9  79  54  67  -1   0   2 0.00  0.0    0  5.6 18 350   M    M   0        21 360
10  79  55  67  -1   0   2 0.00  0.0    0  5.9 18 350   M    M   1        21  10
11  77  56  67  -1   0   2 0.00  0.0    0  5.3 21 350   M    M   0        24 350
12  76  54  65  -3   0   0 0.00  0.0    0  6.0 20 360   M    M   0        25 360
13  74  56  65  -3   0   0 0.00  0.0    0  5.8 22 350   M    M   0        28 360
14  74  52  63  -5   2   0 0.00  0.0    0  4.7 20 350   M    M   0        22 350
15  74  55  65  -3   0   0 0.00  0.0    0  6.3 21 350   M    M   0        31 340
16  73  50  62  -6   3   0 0.00  0.0    0  7.0 22 350   M    M   0        25 350
17  72  53  63  -5   2   0 0.00  0.0    0  6.3 22 350   M    M   1 8      25 340
18  71  50  61  -7   4   0 0.00  0.0    0  5.8 18 350   M    M   0        22 340
19  78  51  65  -3   0   0 0.00  0.0    0  4.6 16 350   M    M   2        20 350
20  89  55  72   5   0   7 0.00  0.0    0  3.5 14 340   M    M   0        18 330
21  79  58  69   2   0   4 0.00  0.0    0  4.8 16 330   M    M   0        20 340
22  73  55  64  -3   1   0 0.00  0.0    0  3.5 12 330   M    M   3 18     17 290
================================================================================
SM 1668 1216        13  31  0.00     0.0 120.8          M       29
================================================================================
AV 75.8 55.3                               5.5 FASTST   M    M   1    MAX(MPH)
                                 MISC ---->  # 22 350               # 31  340
================================================================================
NOTES:
# LAST OF SEVERAL OCCURRENCES

COLUMN 17 PEAK WIND IN M.P.H.

PRELIMINARY LOCAL CLIMATOLOGICAL DATA (WS FORM: F-6) , PAGE 2

                                          STATION:  MOFFETT FIELD
                                          MONTH:    SEPTEMBER
                                          YEAR:     2018
                                          LATITUDE:   37 25 N
                                          LONGITUDE: 122  3 W

[TEMPERATURE DATA]      [PRECIPITATION DATA]       SYMBOLS USED IN COLUMN 16

AVERAGE MONTHLY: 65.6   TOTAL FOR MONTH:   0.00    1 = FOG OR MIST
DPTR FM NORMAL:  -2.3   DPTR FM NORMAL:   -0.11    2 = FOG REDUCING VISIBILITY
HIGHEST:    89 ON 20    GRTST 24HR  0.00 ON 22-22      TO 1/4 MILE OR LESS
LOWEST:     50 ON 18,16                            3 = THUNDER
                        SNOW, ICE PELLETS, HAIL    4 = ICE PELLETS
                        TOTAL MONTH:   0.0 INCH    5 = HAIL
                        GRTST 24HR     0.0         6 = FREEZING RAIN OR DRIZZLE
                        GRTST DEPTH:   0           7 = DUSTSTORM OR SANDSTORM:
                                                       VSBY 1/2 MILE OR LESS
                                                   8 = SMOKE OR HAZE
[NO. OF DAYS WITH]      [WEATHER - DAYS WITH]      9 = BLOWING SNOW
                                                   X = TORNADO
MAX 32 OR BELOW:   0    0.01 INCH OR MORE:   0
MAX 90 OR ABOVE:   0    0.10 INCH OR MORE:   0
MIN 32 OR BELOW:   0    0.50 INCH OR MORE:   0
MIN  0 OR BELOW:   0    1.00 INCH OR MORE:   0

[HDD (BASE 65) ]
TOTAL THIS MO.    13    CLEAR  (SCALE 0-3)  18
DPTR FM NORMAL     7    PTCLDY (SCALE 4-7)   4
TOTAL FM JUL 1    13    CLOUDY (SCALE 8-10)  0
DPTR FM NORMAL    -8

[CDD (BASE 65) ]
TOTAL THIS MO.    31
DPTR FM NORMAL   -43    [PRESSURE DATA]
TOTAL FM JAN 1   235    HIGHEST SLP M ON M
DPTR FM NORMAL  -172    LOWEST  SLP 29.79 ON  2

[REMARKS]
