000
CXUS51 KOKX 210703
CF6NYC
PRELIMINARY LOCAL CLIMATOLOGICAL DATA (WS FORM: F-6)

                                          STATION:   CENTRAL PARK NY
                                          MONTH:     FEBRUARY
                                          YEAR:      2018
                                          LATITUDE:   40 46 N
                                          LONGITUDE:  73 58 W

  TEMPERATURE IN F:       :PCPN:    SNOW:  WIND      :SUNSHINE: SKY     :PK WND
================================================================================
1   2   3   4   5  6A  6B    7    8   9   10  11  12  13   14  15   16   17  18
                                     12Z  AVG MX 2MIN
DY MAX MIN AVG DEP HDD CDD  WTR  SNW DPTH SPD SPD DIR MIN PSBL S-S WX    SPD DR
================================================================================

 1  45  32  39   6  26   0 0.05  0.0    0  3.8 13 250   M    M   6        21 250
 2  41  17  29  -4  36   0 0.18    T    0  9.2 20 290   M    M   7 1      33 280
 3  31  16  24  -9  41   0 0.00  0.0    0  7.7 16 230   M    M   2        28 270
 4  46  30  38   4  27   0 0.96    T    0  4.0 14 230   M    M  10 18     23 240
 5  40  26  33  -1  32   0    T  0.0    0  7.7 17 310   M    M   2 1      29 280
 6  37  26  32  -2  33   0 0.00  0.0    0  4.0 14 260   M    M   4        19 260
 7  45  30  38   4  27   0 0.85  0.5    0  6.8 17 310   M    M   7 1268   27 280
 8  33  25  29  -5  36   0 0.00  0.0    0  6.8 18 310   M    M   4        27 310
 9  39  26  33  -1  32   0 0.00  0.0    0  5.0 13 160   M    M   3        20 250
10  50  39  45  11  20   0 0.58  0.0    0  2.3  8 180   M    M   8 1      14 200
11  62  45  54  20  11   0 1.21  0.0    0  3.2 10 180   M    M  10 1      17 160
12  62  32  47  12  18   0 0.00  0.0    0  7.2 15 360   M    M   5        22 300
13  38  26  32  -3  33   0 0.00  0.0    0  5.5 15 360   M    M   2        21  10
14  53  35  44   9  21   0 0.08  0.0    0  5.3 14 250   M    M   8        20 240
15  62  46  54  19  11   0 0.16  0.0    0  5.1 13 250   M    M   6 18     21 250
16  58  36  47  12  18   0 0.09  0.0    0  6.9 20 320   M    M   6 1      37 300
17  40  28  34  -2  31   0 0.52  4.4    0  4.4 15 170   M    M   4 18     21 310
18  44  33  39   3  26   0 0.01    T    3  5.8 14 310   M    M   3 1      27 320
19  49  36  43   7  22   0 0.04  0.0    0  4.2 12 160   M    M   5 1      18 190
20  67  47  57  21   8   0 0.00  0.0    0  6.1 15 260   M    M   6 1      21 260
================================================================================
SM  942  631       509   0  4.73     4.9 111.0          M      108
================================================================================
AV 47.1 31.6                               5.6 FASTST   M    M   5    MAX(MPH)
                                 MISC ---->  # 20 290               # 37  300
================================================================================
NOTES:
# LAST OF SEVERAL OCCURRENCES

COLUMN 17 PEAK WIND IN M.P.H.

PRELIMINARY LOCAL CLIMATOLOGICAL DATA (WS FORM: F-6) , PAGE 2

                                          STATION:  CENTRAL PARK NY
                                          MONTH:    FEBRUARY
                                          YEAR:     2018
                                          LATITUDE:   40 46 N
                                          LONGITUDE:  73 58 W

[TEMPERATURE DATA]      [PRECIPITATION DATA]       SYMBOLS USED IN COLUMN 16

AVERAGE MONTHLY: 39.3   TOTAL FOR MONTH:   4.73    1 = FOG OR MIST
DPTR FM NORMAL:   4.8   DPTR FM NORMAL:    2.57    2 = FOG REDUCING VISIBILITY
HIGHEST:    67 ON 20    GRTST 24HR  1.21 ON 11-11      TO 1/4 MILE OR LESS
LOWEST:     16 ON  3                               3 = THUNDER
                        SNOW, ICE PELLETS, HAIL    4 = ICE PELLETS
                        TOTAL MONTH:   4.9 INCHES  5 = HAIL
                        GRTST 24HR   4.4 ON 17-17  6 = FREEZING RAIN OR DRIZZLE
                        GRTST DEPTH:   3 ON 18     7 = DUSTSTORM OR SANDSTORM:
                                                       VSBY 1/2 MILE OR LESS
                                                   8 = SMOKE OR HAZE
[NO. OF DAYS WITH]      [WEATHER - DAYS WITH]      9 = BLOWING SNOW
                                                   X = TORNADO
MAX 32 OR BELOW:   1    0.01 INCH OR MORE:  12
MAX 90 OR ABOVE:   0    0.10 INCH OR MORE:   7
MIN 32 OR BELOW:  12    0.50 INCH OR MORE:   5
MIN  0 OR BELOW:   0    1.00 INCH OR MORE:   1

[HDD (BASE 65) ]
TOTAL THIS MO.   509    CLEAR  (SCALE 0-3)   4
DPTR FM NORMAL  -100    PTCLDY (SCALE 4-7)  13
TOTAL FM JUL 1  3117    CLOUDY (SCALE 8-10)  3
DPTR FM NORMAL  -181

[CDD (BASE 65) ]
TOTAL THIS MO.     0
DPTR FM NORMAL     0    [PRESSURE DATA]
TOTAL FM JAN 1     0    HIGHEST SLP M ON M
DPTR FM NORMAL     0    LOWEST  SLP 29.56 ON 16

[REMARKS]
