000
CXUS51 KOKX 250702
CF6NYC
PRELIMINARY LOCAL CLIMATOLOGICAL DATA (WS FORM: F-6)

                                          STATION:   CENTRAL PARK NY
                                          MONTH:     FEBRUARY
                                          YEAR:      2020
                                          LATITUDE:   40 46 N
                                          LONGITUDE:  73 58 W

  TEMPERATURE IN F:       :PCPN:    SNOW:  WIND      :SUNSHINE: SKY     :PK WND
================================================================================
1   2   3   4   5  6A  6B    7    8   9   10  11  12  13   14  15   16   17  18
                                     12Z  AVG MX 2MIN
DY MAX MIN AVG DEP HDD CDD  WTR  SNW DPTH SPD SPD DIR MIN PSBL S-S WX    SPD DR
================================================================================

 1  43  37  40   7  25   0    T  0.0    0  2.1  8 300   M    M  10 18     10 300
 2  45  35  40   7  25   0 0.07    T    0  5.0 18 230   M    M   9 1      27 240
 3  57  37  47  14  18   0    T  0.0    0  5.5 14 250   M    M   4 1      18 260
 4  61  43  52  18  13   0    T  0.0    0  3.3  9 230   M    M   6        15 240
 5  55  39  47  13  18   0    T  0.0    0  5.7 14 360   M    M  10 1      20  20
 6  41  35  38   4  27   0 0.51  0.0    0  7.0 15  60   M    M  10 1      19  40
 7  56  33  45  11  20   0 0.25    T    0  9.6 24 280   M    M   9 1      46 290
 8  41  30  36   2  29   0 0.00  0.0    0  7.3 18 290   M    M   3        28 270
 9  44  31  38   4  27   0 0.00  0.0    0  5.8 13 250   M    M   7        20 250
10  47  42  45  11  20   0 0.37  0.0    0  6.2 14 230   M    M  10 1      23 240
11  48  43  46  12  19   0 0.28  0.0    0  3.5 14 300   M    M  10 1      21 300
12  46  37  42   7  23   0 0.13  0.0    0  5.4 16 300   M    M   4 1      27 300
13  44  37  41   6  24   0 0.39  0.0    0  4.2 14 290   M    M   9 1      25 280
14  40  18  29  -6  36   0 0.00  0.0    0  7.3 20 300   M    M   1        32 300
15  31  14  23 -12  42   0 0.00  0.0    0  5.0 17 220   M    M   0        24 240
16  44  30  37   2  28   0 0.00  0.0    0  5.5 15 220   M    M   4        23 220
17  51  38  45   9  20   0 0.00  0.0    0  5.1 17  50   M    M   1        27  50
18  47  38  43   7  22   0    T  0.0    0  6.2 15  80   M    M   9 18     21 100
19  48  32  40   4  25   0 0.00  0.0    0  7.3 17 300   M    M   4 18     27 310
20  35  26  31  -5  34   0 0.00  0.0    0  5.9 15 260   M    M   1        22 340
21  35  20  28  -8  37   0 0.00  0.0    0  5.4 15 350   M    M   0        21 330
22  50  30  40   4  25   0 0.00  0.0    0  6.2 14 240   M    M   0        23 220
23  56  39  48  11  17   0 0.00  0.0    0  4.5 13 230   M    M   0        20 230
24  62  41  52  15  13   0 0.00  0.0    0  2.9 12 140   M    M   3        15 140
================================================================================
SM 1127  805       587   0  2.00    T    131.9          M      124
================================================================================
AV 47.0 33.5                               5.5 FASTST   M    M   5    MAX(MPH)
                                 MISC ---->  # 24 280               # 46  290
================================================================================
NOTES:
# LAST OF SEVERAL OCCURRENCES

COLUMN 17 PEAK WIND IN M.P.H.

PRELIMINARY LOCAL CLIMATOLOGICAL DATA (WS FORM: F-6) , PAGE 2

                                          STATION:  CENTRAL PARK NY
                                          MONTH:    FEBRUARY
                                          YEAR:     2020
                                          LATITUDE:   40 46 N
                                          LONGITUDE:  73 58 W

[TEMPERATURE DATA]      [PRECIPITATION DATA]       SYMBOLS USED IN COLUMN 16

AVERAGE MONTHLY: 40.3   TOTAL FOR MONTH:   2.00    1 = FOG OR MIST
DPTR FM NORMAL:   5.4   DPTR FM NORMAL:   -0.62    2 = FOG REDUCING VISIBILITY
HIGHEST:    62 ON 24    GRTST 24HR  0.51 ON  6- 6      TO 1/4 MILE OR LESS
LOWEST:     14 ON 15                               3 = THUNDER
                        SNOW, ICE PELLETS, HAIL    4 = ICE PELLETS
                        TOTAL MONTH:    T          5 = HAIL
                        GRTST 24HR    T  ON  7- 7  6 = FREEZING RAIN OR DRIZZLE
                        GRTST DEPTH:   0           7 = DUSTSTORM OR SANDSTORM:
                                                       VSBY 1/2 MILE OR LESS
                                                   8 = SMOKE OR HAZE
[NO. OF DAYS WITH]      [WEATHER - DAYS WITH]      9 = BLOWING SNOW
                                                   X = TORNADO
MAX 32 OR BELOW:   1    0.01 INCH OR MORE:   7
MAX 90 OR ABOVE:   0    0.10 INCH OR MORE:   6
MIN 32 OR BELOW:   9    0.50 INCH OR MORE:   1
MIN  0 OR BELOW:   0    1.00 INCH OR MORE:   0

[HDD (BASE 65) ]
TOTAL THIS MO.   587    CLEAR  (SCALE 0-3)   9
DPTR FM NORMAL  -135    PTCLDY (SCALE 4-7)   6
TOTAL FM JUL 1  3011    CLOUDY (SCALE 8-10)  9
DPTR FM NORMAL  -400

[CDD (BASE 65) ]
TOTAL THIS MO.     0
DPTR FM NORMAL     0    [PRESSURE DATA]
TOTAL FM JAN 1     0    HIGHEST SLP M ON M
DPTR FM NORMAL     0    LOWEST  SLP 28.80 ON  7

[REMARKS]
