000
CXUS53 KOAX 181000
CF6OFK
PRELIMINARY LOCAL CLIMATOLOGICAL DATA (WS FORM: F-6)

                                          STATION:   NORFOLK NE
                                          MONTH:     DECEMBER
                                          YEAR:      2018
                                          LATITUDE:   41 58 N
                                          LONGITUDE:  97 26 W

  TEMPERATURE IN F:       :PCPN:    SNOW:  WIND      :SUNSHINE: SKY     :PK WND
================================================================================
1   2   3   4   5  6A  6B    7    8   9   10  11  12  13   14  15   16   17  18
                                     12Z  AVG MX 2MIN
DY MAX MIN AVG DEP HDD CDD  WTR  SNW DPTH SPD SPD DIR MIN PSBL S-S WX    SPD DR
================================================================================

 1  37  31  34   6  31   0 1.46  5.0    0 22.1 36  50   M    M  10 12     48  40
 2  31  21  26  -2  39   0 0.03  0.7    5 19.6 30 350   M    M  10 1      41 350
 3  22  20  21  -7  44   0    T    T    5 11.1 20  10   M    M  10        24 330
 4  28  18  23  -4  42   0    T    T    5  7.2 15 270   M    M   8        19 280
 5  34  10  22  -5  43   0 0.00  0.0    5  7.8 18 360   M    M   0        23 360
 6  27   8  18  -8  47   0 0.00  0.0    3  6.4 16 350   M    M   4 1      19 350
 7  29   5  17  -9  48   0 0.00  0.0    3  6.2 17 220   M    M   1 1      22 210
 8  28   3  16 -10  49   0 0.00  0.0    3  8.2 20 160   M    M   3 12     25 170
 9  28  10  19  -6  46   0 0.00  0.0    3  6.9 18 200   M    M   0        23 190
10  32   1  17  -8  48   0 0.00  0.0    3  6.3 22 200   M    M   0 1      32 200
11  30  14  22  -3  43   0 0.00  0.0    3  6.3 12 290   M    M   0        16 280
12  36  19  28   3  37   0 0.00  0.0    3  6.6 16 270   M    M   0        21 270
13  38  21  30   6  35   0 0.00  0.0    2 13.7 24 340   M    M   3        32 360
14  42  15  29   5  36   0 0.00  0.0    2  2.3  7 240   M    M   0         9 290
15  44  19  32   8  33   0 0.00  0.0    1  9.3 20 190   M    M   0 1      27 200
16  48  24  36  12  29   0 0.00  0.0    1  5.8 14 320   M    M   0        18 310
17  50  22  36  12  29   0 0.00  0.0    T  8.6 18 190   M    M   0        27 190
================================================================================
SM  584  261       679   0  1.49     5.7 154.4          M       49
================================================================================
AV 34.4 15.4                               9.1 FASTST   M    M   3    MAX(MPH)
                                 MISC ---->  # 36  50               # 48   40
================================================================================
NOTES:
# LAST OF SEVERAL OCCURRENCES

COLUMN 17 PEAK WIND IN M.P.H.

PRELIMINARY LOCAL CLIMATOLOGICAL DATA (WS FORM: F-6) , PAGE 2

                                          STATION:  NORFOLK NE
                                          MONTH:    DECEMBER
                                          YEAR:     2018
                                          LATITUDE:   41 58 N
                                          LONGITUDE:  97 26 W

[TEMPERATURE DATA]      [PRECIPITATION DATA]       SYMBOLS USED IN COLUMN 16

AVERAGE MONTHLY: 24.9   TOTAL FOR MONTH:   1.49    1 = FOG OR MIST
DPTR FM NORMAL:  -0.8   DPTR FM NORMAL:    1.03    2 = FOG REDUCING VISIBILITY
HIGHEST:    50 ON 17    GRTST 24HR  1.46 ON  1- 1      TO 1/4 MILE OR LESS
LOWEST:      1 ON 10                               3 = THUNDER
                        SNOW, ICE PELLETS, HAIL    4 = ICE PELLETS
                        TOTAL MONTH:   5.7 INCHES  5 = HAIL
                        GRTST 24HR   5.0 ON  1- 1  6 = FREEZING RAIN OR DRIZZLE
                        GRTST DEPTH:   5 ON  5, 4  7 = DUSTSTORM OR SANDSTORM:
                                                       VSBY 1/2 MILE OR LESS
                                                   8 = SMOKE OR HAZE
[NO. OF DAYS WITH]      [WEATHER - DAYS WITH]      9 = BLOWING SNOW
                                                   X = TORNADO
MAX 32 OR BELOW:   9    0.01 INCH OR MORE:   2
MAX 90 OR ABOVE:   0    0.10 INCH OR MORE:   1
MIN 32 OR BELOW:  17    0.50 INCH OR MORE:   1
MIN  0 OR BELOW:   0    1.00 INCH OR MORE:   1

[HDD (BASE 65) ]
TOTAL THIS MO.   679    CLEAR  (SCALE 0-3)  12
DPTR FM NORMAL     9    PTCLDY (SCALE 4-7)   2
TOTAL FM JUL 1  2342    CLOUDY (SCALE 8-10)  3
DPTR FM NORMAL   227

[CDD (BASE 65) ]
TOTAL THIS MO.     0
DPTR FM NORMAL     0    [PRESSURE DATA]
TOTAL FM JAN 1  1080    HIGHEST SLP M ON M
DPTR FM NORMAL   165    LOWEST  SLP 29.20 ON  1

[REMARKS]
