000
NZUS97 KBTV 270700
CF6OGS
PRELIMINARY LOCAL CLIMATOLOGICAL DATA (WS FORM: F-6)

                                          STATION:   OGDENSBURG NY
                                          MONTH:     OCTOBER
                                          YEAR:      2020
                                          LATITUDE:   44 40 N
                                          LONGITUDE:  75 28 W

  TEMPERATURE IN F:       :PCPN:    SNOW:  WIND      :SUNSHINE: SKY     :PK WND
================================================================================
1   2   3   4   5  6A  6B    7    8   9   10  11  12  13   14  15   16   17  18
                                     12Z  AVG MX 2MIN
DY MAX MIN AVG DEP HDD CDD  WTR  SNW DPTH SPD SPD DIR MIN PSBL S-S WX    SPD DR
================================================================================

 1  66  46  56   M   9   0 0.04    M    M  8.7 16 200   M    M   6        24 210
 2  55  43  49   M  16   0 0.19    M    M  2.5  8 330   M    M   7        13   0
 3  54  37  46   M  19   0 0.00    M    M  0.4  6  99   M    M   6 12      M   M
 4  61  43  52   M  13   0 0.00    M    M  1.4  7 190   M    M   8        13   0
 5  59  43  51   M  14   0 0.01    M    M  2.9  9 280   M    M   6        15 310
 6  63  45  54   M  11   0 0.00    M    M  9.2 20 200   M    M   5        32 200
 7  64  46  55   M  10   0 0.22    M    M 12.9 29 290   M    M   7        41 290
 8  52  39  46   M  19   0 0.00    M    M  7.7 13 310   M    M   6        21 310
 9  59  28  44   M  21   0 0.00    M    M  6.6 15 220   M    M   3        25 220
10  72  46  59   M   6   0 0.10    M    M 15.9 25 210   M    M   5 3      37 210
11  52  34  43   M  22   0 0.00    M    M  6.5 12 350   M    M   0        16  70
12  63  30  47   M  18   0 0.00    M    M  4.7  8  30   M    M   6        14  99
13  57  43  50   M  15   0 0.05    M    M  3.5 10 210   M    M   8 18     17 190
14  63  37  50   M  15   0 0.00    M    M  4.7 10 310   M    M   2 1      18 280
15  72  46  59   M   6   0 0.16    M    M  9.9 22 210   M    M   4        40 240
16  52  30  41   M  24   0 0.38    M    M  4.9 10 190   M    M   5 1      15 230
17  57  30  44   M  21   0 0.00    M    M  3.5  9 220   M    M   1 1      21  99
18  59  34  47   M  18   0 0.00    M    M  8.4 16 200   M    M   3        30 190
19  57  45  51   M  14   0 0.43    M    M  5.1 13 190   M    M   9 1      18 190
20  50  37  44   M  21   0 0.50    M    M  4.9 10 360   M    M   8        16 350
21  66  41  54   M  11   0 0.25    M    M  8.1 20 190   M    M   8        32 200
22  55  37  46   M  19   0 0.00    M    M  0.5  5  50   M    M   7         M   M
23  79  45  62   M   3   0 0.00    M    M  7.6 16 180   M    M   5        28 190
24  70  39  55   M  10   0 0.22    M    M 11.4 20 210   M    M   9        28 320
25  45  32  39   M  26   0 0.00    M    M  6.6  9  80   M    M   3        15  80
26  43  34  39   M  26   0 0.43    M    M  3.9  7 330   M    M  10 1      14  80
================================================================================
SM 1545 1010       407   0  2.98    M    162.5          M      147
================================================================================
AV 59.4 38.8                               6.2 FASTST   M    M   6    MAX(MPH)
                                 MISC ---->    29 290                 41 290
================================================================================
NOTES:
# LAST OF SEVERAL OCCURRENCES

COLUMN 17 PEAK WIND IN M.P.H.

PRELIMINARY LOCAL CLIMATOLOGICAL DATA (WS FORM: F-6) , PAGE 2

                                          STATION:   OGDENSBURG NY
                                          MONTH:     OCTOBER
                                          YEAR:      2020
                                          LATITUDE:   44 40 N
                                          LONGITUDE:  75 28 W

[TEMPERATURE DATA]      [PRECIPITATION DATA]       SYMBOLS USED IN COLUMN 16

AVERAGE MONTHLY: 49.1   TOTAL FOR MONTH:   2.98    1 = FOG OR MIST
DPTR FM NORMAL:   0.0   DPTR FM NORMAL:    2.98    2 = FOG REDUCING VISIBILITY
HIGHEST:    79 ON 23    GRTST 24HR  0.50 ON 20-20      TO 1/4 MILE OR LESS
LOWEST:     28 ON  9                               3 = THUNDER
                        SNOW, ICE PELLETS, HAIL    4 = ICE PELLETS
                        TOTAL MONTH:  M            5 = HAIL
                        GRTST 24HR    M  ON   M    6 = FREEZING RAIN OR DRIZZLE
                        GRTST DEPTH:  M  ON   M    7 = DUSTSTORM OR SANDSTORM:
                                                       VSBY 1/2 MILE OR LESS
                                                   8 = SMOKE OR HAZE
[NO. OF DAYS WITH]      [WEATHER - DAYS WITH]      9 = BLOWING SNOW
                                                   X = TORNADO
MAX 32 OR BELOW:   0    0.01 INCH OR MORE:  13
MAX 90 OR ABOVE:   0    0.10 INCH OR MORE:  10
MIN 32 OR BELOW:   5    0.50 INCH OR MORE:   1
MIN  0 OR BELOW:   0    1.00 INCH OR MORE:   0

[HDD (BASE 65) ]
TOTAL THIS MO.   407    CLEAR  (SCALE 0-3)   5
DPTR FM NORMAL     M    PTCLDY (SCALE 4-7)  17
TOTAL FM JUL 1   662    CLOUDY (SCALE 8-10)  4
DPTR FM NORMAL     M

[CDD (BASE 65) ]
TOTAL THIS MO.     0
DPTR FM NORMAL     M    [PRESSURE DATA]
TOTAL FM JAN 1   578    HIGHEST SLP M ON M
DPTR FM NORMAL     M    LOWEST  SLP M ON M

[REMARKS]
