000
CXUS55 KEAX 211228
CF6OJC
PRELIMINARY LOCAL CLIMATOLOGICAL DATA (WS FORM: F-6)

                                          STATION:   JOHNSON COUNTY EXECUTIVE KS
                                          MONTH:     FEBRUARY
                                          YEAR:      2020
                                          LATITUDE:   38 50 N
                                          LONGITUDE:  94 44 W

  TEMPERATURE IN F:       :PCPN:    SNOW:  WIND      :SUNSHINE: SKY     :PK WND
================================================================================
1   2   3   4   5  6A  6B    7    8   9   10  11  12  13   14  15   16   17  18
                                     12Z  AVG MX 2MIN
DY MAX MIN AVG DEP HDD CDD  WTR  SNW DPTH SPD SPD DIR MIN PSBL S-S WX    SPD DR
================================================================================

 1  53  27  40   8  25   0 0.00    M    M  6.7 14 230   M    M   2        22 220
 2  66  40  53  21  12   0 0.00    M    M  6.5 12 210   M    M   0        17 260
 3  65  36  51  19  14   0 0.00    M    M 12.1 23 220   M    M   3        35 210
 4  36  27  32   0  33   0    T    M    M 14.0 22  40   M    M  10 146    35  40
 5  28  24  26  -6  39   0    T    M    M 10.2 17  50   M    M  10 18     25  50
 6  37  17  27  -5  38   0 0.00    M    M  4.9  9 310   M    M   2        14 350
 7  37  23  30  -3  35   0 0.00    M    M  7.8 18 310   M    M   5        24 310
 8  42  18  30  -3  35   0 0.00    M    M  7.0 16 160   M    M   1        23 130
 9  52  28  40   7  25   0 0.00    M    M 11.4 20 350   M    M   8        30 340
10  45  24  35   2  30   0 0.00    M    M  5.8 14 360   M    M   3        18  10
11  44  31  38   4  27   0 0.00    M    M  5.3 13 330   M    M   5        19 340
12  33  20  27  -7  38   0 0.33    M    M  6.3 25 340   M    M   8 1      36 340
13  20   2  11 -23  54   0    T    M    M  9.2 24 360   M    M   1 1      38 350
14  26   0  13 -21  52   0 0.00    M    M  8.3 17 170   M    M   2        23 170
15  40  26  33  -2  32   0 0.00    M    M  8.8 23 180   M    M   4 1      31 170
16  50  22  36   1  29   0 0.00    M    M  4.7 12 150   M    M   0 1      15 160
17  60  34  47  12  18   0    T    M    M  6.9 23 340   M    M   4        33 310
18  45  27  36   0  29   0 0.00    M    M 11.4 24 360   M    M   3        34  10
19  43  25  34  -2  31   0 0.00    M    M  9.7 20  40   M    M   3        27  40
20  33  17  25 -11  40   0    T    M    M  9.0 18  20   M    M   4 1      23  20
================================================================================
SM  855  468       636   0  0.33    M    166.0          M       78
================================================================================
AV 42.8 23.4                               8.3 FASTST   M    M   4    MAX(MPH)
                                 MISC ---->    25 340                 38 350
================================================================================
NOTES:
# LAST OF SEVERAL OCCURRENCES

COLUMN 17 PEAK WIND IN M.P.H.

PRELIMINARY LOCAL CLIMATOLOGICAL DATA (WS FORM: F-6) , PAGE 2

                                          STATION:   JOHNSON COUNTY EXECUTIVE KS
                                          MONTH:     FEBRUARY
                                          YEAR:      2020
                                          LATITUDE:   38 50 N
                                          LONGITUDE:  94 44 W

[TEMPERATURE DATA]      [PRECIPITATION DATA]       SYMBOLS USED IN COLUMN 16

AVERAGE MONTHLY: 33.1   TOTAL FOR MONTH:   0.33    1 = FOG OR MIST
DPTR FM NORMAL:  -0.6   DPTR FM NORMAL:   -0.76    2 = FOG REDUCING VISIBILITY
HIGHEST:    66 ON  2    GRTST 24HR  0.33 ON 12-12      TO 1/4 MILE OR LESS
LOWEST:      0 ON 14                               3 = THUNDER
                        SNOW, ICE PELLETS, HAIL    4 = ICE PELLETS
                        TOTAL MONTH:  M            5 = HAIL
                        GRTST 24HR    M  ON   M    6 = FREEZING RAIN OR DRIZZLE
                        GRTST DEPTH:  M  ON   M    7 = DUSTSTORM OR SANDSTORM:
                                                       VSBY 1/2 MILE OR LESS
                                                   8 = SMOKE OR HAZE
[NO. OF DAYS WITH]      [WEATHER - DAYS WITH]      9 = BLOWING SNOW
                                                   X = TORNADO
MAX 32 OR BELOW:   3    0.01 INCH OR MORE:   1
MAX 90 OR ABOVE:   0    0.10 INCH OR MORE:   1
MIN 32 OR BELOW:  17    0.50 INCH OR MORE:   0
MIN  0 OR BELOW:   1    1.00 INCH OR MORE:   0

[HDD (BASE 65) ]
TOTAL THIS MO.   636    CLEAR  (SCALE 0-3)  11
DPTR FM NORMAL     8    PTCLDY (SCALE 4-7)   7
TOTAL FM JUL 1  3646    CLOUDY (SCALE 8-10)  2
DPTR FM NORMAL   -30

[CDD (BASE 65) ]
TOTAL THIS MO.     0
DPTR FM NORMAL     0    [PRESSURE DATA]
TOTAL FM JAN 1     0    HIGHEST SLP M ON M
DPTR FM NORMAL     0    LOWEST  SLP 29.51 ON  3

[REMARKS]
