000
CXUS55 KEAX 200736
CF6OJC
PRELIMINARY LOCAL CLIMATOLOGICAL DATA (WS FORM: F-6)

                                          STATION:   JOHNSON COUNTY EXECUTIVE KS
                                          MONTH:     OCTOBER
                                          YEAR:      2020
                                          LATITUDE:   38 50 N
                                          LONGITUDE:  94 44 W

  TEMPERATURE IN F:       :PCPN:    SNOW:  WIND      :SUNSHINE: SKY     :PK WND
================================================================================
1   2   3   4   5  6A  6B    7    8   9   10  11  12  13   14  15   16   17  18
                                     12Z  AVG MX 2MIN
DY MAX MIN AVG DEP HDD CDD  WTR  SNW DPTH SPD SPD DIR MIN PSBL S-S WX    SPD DR
================================================================================

 1  64  46  55  -7  10   0 0.00    M    M  9.0 21 310   M    M   1        31 320
 2  65  39  52 -10  13   0 0.00    M    M  3.5 10 150   M    M   0        18 150
 3  67  47  57  -5   8   0    T    M    M  9.8 18 360   M    M   6        24  10
 4  62  40  51 -10  14   0 0.00    M    M  4.6 10 150   M    M   1 12     14  80
 5  76  42  59  -2   6   0 0.00    M    M 11.0 21 180   M    M   0        31 170
 6  79  53  66   5   0   1 0.00    M    M  5.5 12 230   M    M   0        16 240
 7  88  56  72  12   0   7 0.00    M    M  4.8 10 210   M    M   0        17 190
 8  83  56  70  10   0   5 0.00    M    M  5.0 17 160   M    M   0 1      22 160
 9  81  60  71  11   0   6 0.00    M    M  9.1 21 180   M    M   1        27 170
10  82  59  71  12   0   6 0.00    M    M  3.9  8  80   M    M   2 12     13 200
11  85  60  73  14   0   8 0.00    M    M 11.3 25 170   M    M   0        34 170
12  73  49  61   3   4   0 0.00    M    M  9.7 24 340   M    M   2        36 340
13  77  49  63   5   2   0 0.00    M    M  7.1 16 310   M    M   0        25 260
14  84  53  69  11   0   4 0.00    M    M 12.1 26 360   M    M   2        38 360
15  64  37  51  -6  14   0 0.00    M    M  9.5 22 320   M    M   2        30 330
16  61  34  48  -9  17   0 0.00    M    M  5.4 14 250   M    M   0        19 180
17  71  50  61   4   4   0 0.00    M    M 12.7 30 200   M    M   0        48 200
18  58  42  50  -6  15   0 0.00    M    M 12.9 24  20   M    M   9        33  20
19  47  41  44 -12  21   0 0.00    M    M  8.8 16  70   M    M  10        24  50
================================================================================
SM 1367  913       128  37     T    M    155.7          M       36
================================================================================
AV 71.9 48.1                               8.2 FASTST   M    M   2    MAX(MPH)
                                 MISC ---->    30 200                 48 200
================================================================================
NOTES:
# LAST OF SEVERAL OCCURRENCES

COLUMN 17 PEAK WIND IN M.P.H.

PRELIMINARY LOCAL CLIMATOLOGICAL DATA (WS FORM: F-6) , PAGE 2

                                          STATION:   JOHNSON COUNTY EXECUTIVE KS
                                          MONTH:     OCTOBER
                                          YEAR:      2020
                                          LATITUDE:   38 50 N
                                          LONGITUDE:  94 44 W

[TEMPERATURE DATA]      [PRECIPITATION DATA]       SYMBOLS USED IN COLUMN 16

AVERAGE MONTHLY: 60.0   TOTAL FOR MONTH:      T    1 = FOG OR MIST
DPTR FM NORMAL:   0.8   DPTR FM NORMAL:   -2.30    2 = FOG REDUCING VISIBILITY
HIGHEST:    88 ON  7    GRTST 24HR     T ON  1- 1      TO 1/4 MILE OR LESS
LOWEST:     34 ON 16                               3 = THUNDER
                        SNOW, ICE PELLETS, HAIL    4 = ICE PELLETS
                        TOTAL MONTH:  M            5 = HAIL
                        GRTST 24HR    M  ON   M    6 = FREEZING RAIN OR DRIZZLE
                        GRTST DEPTH:  M  ON   M    7 = DUSTSTORM OR SANDSTORM:
                                                       VSBY 1/2 MILE OR LESS
                                                   8 = SMOKE OR HAZE
[NO. OF DAYS WITH]      [WEATHER - DAYS WITH]      9 = BLOWING SNOW
                                                   X = TORNADO
MAX 32 OR BELOW:   0    0.01 INCH OR MORE:   0
MAX 90 OR ABOVE:   0    0.10 INCH OR MORE:   0
MIN 32 OR BELOW:   0    0.50 INCH OR MORE:   0
MIN  0 OR BELOW:   0    1.00 INCH OR MORE:   0

[HDD (BASE 65) ]
TOTAL THIS MO.   128    CLEAR  (SCALE 0-3)  16
DPTR FM NORMAL    -6    PTCLDY (SCALE 4-7)   1
TOTAL FM JUL 1   185    CLOUDY (SCALE 8-10)  2
DPTR FM NORMAL     2

[CDD (BASE 65) ]
TOTAL THIS MO.    37
DPTR FM NORMAL    11    [PRESSURE DATA]
TOTAL FM JAN 1  1316    HIGHEST SLP M ON M
DPTR FM NORMAL   -31    LOWEST  SLP 29.56 ON 11

[REMARKS]
