000
CXUS56 KSGX 211045
CF6OKB
PRELIMINARY LOCAL CLIMATOLOGICAL DATA (WS FORM: F-6)

                                          STATION:   OCEANSIDE AIRPORT CA
                                          MONTH:     OCTOBER
                                          YEAR:      2019
                                          LATITUDE:   33 13 N
                                          LONGITUDE: 117 21 W

  TEMPERATURE IN F:       :PCPN:    SNOW:  WIND      :SUNSHINE: SKY     :PK WND
================================================================================
1   2   3   4   5  6A  6B    7    8   9   10  11  12  13   14  15   16   17  18
                                     12Z  AVG MX 2MIN
DY MAX MIN AVG DEP HDD CDD  WTR  SNW DPTH SPD SPD DIR MIN PSBL S-S WX    SPD DR
================================================================================

 1  75  48  62  -4   3   0 0.00  0.0    0  4.2 13 240   M    M   1        16 240
 2  77  49  63  -3   2   0 0.00  0.0    0  4.4 16 250   M    M   0        20 240
 3  76  50  63  -2   2   0 0.00  0.0    0  4.0 14 270   M    M   0 18     19 250
 4  77  45  61  -4   4   0 0.00  0.0    0  3.8 13 240   M    M   0 18     17 250
 5  79  43  61  -4   4   0 0.00  0.0    0  3.5 13 240   M    M   0 18     17 250
 6  82  44  63  -2   2   0 0.00  0.0    0  3.5 14 250   M    M   0 18     18 250
 7  82  46  64  -1   1   0 0.00  0.0    0  3.6 16 260   M    M   1 128    19 250
 8  76  50  63  -1   2   0 0.00  0.0    0  3.3 13 240   M    M   2 12     16 240
 9  73  61  67   3   0   2 0.00  0.0    0  5.3 13 250   M    M   8 8      18 250
10  76  52  64   0   1   0 0.00  0.0    0  4.0 13 240   M    M   3 18     21 240
11  93  46  70   6   0   5 0.00  0.0    0  4.7 15 270   M    M   0 1      18 270
12  78  43  61  -3   4   0 0.00  0.0    0  3.3 14 250   M    M   0 1      17 240
13  75  46  61  -3   4   0 0.00  0.0    0  4.1 14 230   M    M   5 128    17 230
14  74  54  64   1   1   0 0.00  0.0    0  4.3 15 250   M    M   2 1      20 260
15  77  49  63   0   2   0 0.00  0.0    0  3.5 16 260   M    M   0 18     22 260
16  82  51  67   4   0   2 0.00  0.0    0  4.6 14 250   M    M   2 128    17 250
17  76  60  68   5   0   3 0.00  0.0    0  6.5 15 230   M    M   7 128    20 230
18  76  53  65   3   0   0 0.00  0.0    0  4.2 15 260   M    M   2        23 260
19  79  48  64   2   1   0 0.00  0.0    0  3.0 13 240   M    M   0 18     18 240
20  78  47  63   1   2   0 0.00  0.0    0  3.3 14 270   M    M   0        18 250
================================================================================
SM 1561  985        35  12  0.00     0.0  81.1          M       33
================================================================================
AV 78.1 49.3                               4.1 FASTST   M    M   2    MAX(MPH)
                                 MISC ---->  # 16 250               # 23  260
================================================================================
NOTES:
# LAST OF SEVERAL OCCURRENCES

COLUMN 17 PEAK WIND IN M.P.H.

PRELIMINARY LOCAL CLIMATOLOGICAL DATA (WS FORM: F-6) , PAGE 2

                                          STATION:  OCEANSIDE AIRPORT CA
                                          MONTH:    OCTOBER
                                          YEAR:     2019
                                          LATITUDE:   33 13 N
                                          LONGITUDE: 117 21 W

[TEMPERATURE DATA]      [PRECIPITATION DATA]       SYMBOLS USED IN COLUMN 16

AVERAGE MONTHLY: 63.7   TOTAL FOR MONTH:   0.00    1 = FOG OR MIST
DPTR FM NORMAL:  -0.3   DPTR FM NORMAL:   -0.36    2 = FOG REDUCING VISIBILITY
HIGHEST:    93 ON 11    GRTST 24HR  0.00 ON 20-20      TO 1/4 MILE OR LESS
LOWEST:     43 ON 12, 5                            3 = THUNDER
                        SNOW, ICE PELLETS, HAIL    4 = ICE PELLETS
                        TOTAL MONTH:   0.0 INCH    5 = HAIL
                        GRTST 24HR     0.0         6 = FREEZING RAIN OR DRIZZLE
                        GRTST DEPTH:   0           7 = DUSTSTORM OR SANDSTORM:
                                                       VSBY 1/2 MILE OR LESS
                                                   8 = SMOKE OR HAZE
[NO. OF DAYS WITH]      [WEATHER - DAYS WITH]      9 = BLOWING SNOW
                                                   X = TORNADO
MAX 32 OR BELOW:   0    0.01 INCH OR MORE:   0
MAX 90 OR ABOVE:   1    0.10 INCH OR MORE:   0
MIN 32 OR BELOW:   0    0.50 INCH OR MORE:   0
MIN  0 OR BELOW:   0    1.00 INCH OR MORE:   0

[HDD (BASE 65) ]
TOTAL THIS MO.    35    CLEAR  (SCALE 0-3)  17
DPTR FM NORMAL    -5    PTCLDY (SCALE 4-7)   2
TOTAL FM JUL 1    38    CLOUDY (SCALE 8-10)  1
DPTR FM NORMAL   -17

[CDD (BASE 65) ]
TOTAL THIS MO.    12
DPTR FM NORMAL    -6    [PRESSURE DATA]
TOTAL FM JAN 1   552    HIGHEST SLP M ON M
DPTR FM NORMAL   140    LOWEST  SLP 29.72 ON 17

[REMARKS]
