000
CXUS54 KOUN 220700
CF6OKC
PRELIMINARY LOCAL CLIMATOLOGICAL DATA (WS FORM: F-6)

                                          STATION:   OKLAHOMA CITY
                                          MONTH:     OCTOBER
                                          YEAR:      2019
                                          LATITUDE:   35 24 N
                                          LONGITUDE:  97 36 W

  TEMPERATURE IN F:       :PCPN:    SNOW:  WIND      :SUNSHINE: SKY     :PK WND
================================================================================
1   2   3   4   5  6A  6B    7    8   9   10  11  12  13   14  15   16   17  18
                                     12Z  AVG MX 2MIN
DY MAX MIN AVG DEP HDD CDD  WTR  SNW DPTH SPD SPD DIR MIN PSBL S-S WX    SPD DR
================================================================================

 1  87  73  80  12   0  15 0.00  0.0    0 13.6 22 180   M    M   5        29 190
 2  88  71  80  13   0  15 0.00  0.0    0 10.4 20 180   M    M   3        27 190
 3  75  57  66  -1   0   1 0.00  0.0    0 12.0 18 350   M    M   7        22 350
 4  82  56  69   2   0   4 0.00  0.0    0  7.9 14 140   M    M   5        19 150
 5  89  67  78  12   0  13 0.00  0.0    0 12.6 21 210   M    M   6 1      26 220
 6  67  55  61  -5   4   0    T  0.0    0 14.2 30  30   M    M   6        39  30
 7  71  45  58  -8   7   0 0.00  0.0    0  6.5 13  50   M    M   0        17  80
 8  75  43  59  -6   6   0 0.00  0.0    0  9.0 20 150   M    M   1        24 140
 9  80  59  70   5   0   5 0.01  0.0    0 16.6 26 190   M    M   8 3      34 180
10  80  43  62  -2   3   0 0.00  0.0    0 20.1 33 360   M    M   7        40 340
11  54  32  43 -21  22   0 0.00  0.0    0 15.5 32 350   M    M   3        40 340
12  66  28  47 -17  18   0 0.00  0.0    0  9.2 21 200   M    M   1        27 210
13  77  37  57  -7   8   0 0.00  0.0    0  8.3 14 180   M    M   0        20 170
14  80  51  66   3   0   1 0.00  0.0    0 11.7 17 170   M    M   4        24 170
15  81  55  68   5   0   3    T  0.0    0 13.9 26  10   M    M   7 1      33 360
16  66  41  54  -8  11   0 0.00  0.0    0  7.8 17  30   M    M   1        22  40
17  76  39  58  -4   7   0 0.00  0.0    0 10.4 20 180   M    M   2        24 200
18  75  45  60  -2   5   0 0.01  0.0    0 14.9 28 150   M    M   3 3      35 150
19  74  52  63   1   2   0 0.03  0.0    0  9.7 25 340   M    M   2 3      30 360
20  83  43  63   2   2   0    T  0.0    0 12.3 30 320   M    M   3 13     37 310
21  69  38  54  -7  11   0 0.00  0.0    0 12.1 29 330   M    M   1        36 330
================================================================================
SM 1595 1030       106  57  0.05     0.0 248.7          M       75
================================================================================
AV 76.0 49.1                              11.8 FASTST   M    M   4    MAX(MPH)
                                 MISC ---->  # 33 360               # 40  340
================================================================================
NOTES:
# LAST OF SEVERAL OCCURRENCES

COLUMN 17 PEAK WIND IN M.P.H.

PRELIMINARY LOCAL CLIMATOLOGICAL DATA (WS FORM: F-6) , PAGE 2

                                          STATION:  OKLAHOMA CITY
                                          MONTH:    OCTOBER
                                          YEAR:     2019
                                          LATITUDE:   35 24 N
                                          LONGITUDE:  97 36 W

[TEMPERATURE DATA]      [PRECIPITATION DATA]       SYMBOLS USED IN COLUMN 16

AVERAGE MONTHLY: 62.5   TOTAL FOR MONTH:   0.05    1 = FOG OR MIST
DPTR FM NORMAL:  -1.7   DPTR FM NORMAL:   -2.52    2 = FOG REDUCING VISIBILITY
HIGHEST:    89 ON  5    GRTST 24HR  0.03 ON 19-19      TO 1/4 MILE OR LESS
LOWEST:     28 ON 12                               3 = THUNDER
                        SNOW, ICE PELLETS, HAIL    4 = ICE PELLETS
                        TOTAL MONTH:   0.0 INCH    5 = HAIL
                        GRTST 24HR     0.0         6 = FREEZING RAIN OR DRIZZLE
                        GRTST DEPTH:   0           7 = DUSTSTORM OR SANDSTORM:
                                                       VSBY 1/2 MILE OR LESS
                                                   8 = SMOKE OR HAZE
[NO. OF DAYS WITH]      [WEATHER - DAYS WITH]      9 = BLOWING SNOW
                                                   X = TORNADO
MAX 32 OR BELOW:   0    0.01 INCH OR MORE:   3
MAX 90 OR ABOVE:   0    0.10 INCH OR MORE:   0
MIN 32 OR BELOW:   2    0.50 INCH OR MORE:   0
MIN  0 OR BELOW:   0    1.00 INCH OR MORE:   0

[HDD (BASE 65) ]
TOTAL THIS MO.   106    CLEAR  (SCALE 0-3)  12
DPTR FM NORMAL    32    PTCLDY (SCALE 4-7)   8
TOTAL FM JUL 1   106    CLOUDY (SCALE 8-10)  1
DPTR FM NORMAL    13

[CDD (BASE 65) ]
TOTAL THIS MO.    57
DPTR FM NORMAL     0    [PRESSURE DATA]
TOTAL FM JAN 1  1984    HIGHEST SLP M ON M
DPTR FM NORMAL   -98    LOWEST  SLP 29.47 ON 20

[REMARKS]
