000
CXUS54 KOUN 161241
CF6OKC
PRELIMINARY LOCAL CLIMATOLOGICAL DATA (WS FORM: F-6)

                                          STATION:   OKLAHOMA CITY
                                          MONTH:     JANUARY
                                          YEAR:      2019
                                          LATITUDE:   35 24 N
                                          LONGITUDE:  97 36 W

  TEMPERATURE IN F:       :PCPN:    SNOW:  WIND      :SUNSHINE: SKY     :PK WND
================================================================================
1   2   3   4   5  6A  6B    7    8   9   10  11  12  13   14  15   16   17  18
                                     12Z  AVG MX 2MIN
DY MAX MIN AVG DEP HDD CDD  WTR  SNW DPTH SPD SPD DIR MIN PSBL S-S WX    SPD DR
================================================================================

 1  28  22  25 -14  40   0 0.00  0.0    0 13.9 26 350   M    M  10 8      31 350
 2  29  23  26 -13  39   0 0.02    T    0  6.3 13 340   M    M  10 46     14 340
 3  32  29  31  -8  34   0 1.29  4.5    0  9.0 17 350   M    M   8 12456  20 350
 4  40  28  34  -5  31   0    T    T    4  7.1 16 320   M    M   3 68     18 330
 5  59  28  44   5  21   0 0.00  0.0    2  6.2 12 160   M    M   1        14 150
 6  64  39  52  13  13   0    T  0.0    0 15.8 29 190   M    M   7        34 190
 7  65  43  54  15  11   0 0.01  0.0    0 10.4 26 190   M    M   3        33 190
 8  54  34  44   5  21   0 0.00  0.0    0 11.5 22  10   M    M   5        29  40
 9  53  28  41   2  24   0 0.00  0.0    0  4.1  9  50   M    M   4        10  40
10  51  30  41   2  24   0 0.00  0.0    0 11.5 24 180   M    M   9        32 180
11  44  40  42   3  23   0 0.47  0.0    0 15.7 22 150   M    M  10 1      27 150
12  45  32  39   0  26   0 0.02  0.0    0 18.9 28 340   M    M   8 1      36 330
13  33  29  31  -8  34   0 0.00  0.0    0 11.4 20 340   M    M  10 1      25 350
14  46  29  38  -1  27   0 0.00  0.0    0  4.3 10 190   M    M   7        14 220
15  52  27  40   1  25   0 0.00  0.0    0 10.7 26 210   M    M   7 1      32 210
================================================================================
SM  695  461       393   0  1.81     4.5 156.8          M      102
================================================================================
AV 46.3 30.7                              10.5 FASTST   M    M   7    MAX(MPH)
                                 MISC ---->  # 29 190               # 36  330
================================================================================
NOTES:
# LAST OF SEVERAL OCCURRENCES

COLUMN 17 PEAK WIND IN M.P.H.

PRELIMINARY LOCAL CLIMATOLOGICAL DATA (WS FORM: F-6) , PAGE 2

                                          STATION:  OKLAHOMA CITY
                                          MONTH:    JANUARY
                                          YEAR:     2019
                                          LATITUDE:   35 24 N
                                          LONGITUDE:  97 36 W

[TEMPERATURE DATA]      [PRECIPITATION DATA]       SYMBOLS USED IN COLUMN 16

AVERAGE MONTHLY: 38.5   TOTAL FOR MONTH:   1.81    1 = FOG OR MIST
DPTR FM NORMAL:  -0.5   DPTR FM NORMAL:    1.22    2 = FOG REDUCING VISIBILITY
HIGHEST:    65 ON  7    GRTST 24HR  1.29 ON  3- 3      TO 1/4 MILE OR LESS
LOWEST:     22 ON  1                               3 = THUNDER
                        SNOW, ICE PELLETS, HAIL    4 = ICE PELLETS
                        TOTAL MONTH:   4.5 INCHES  5 = HAIL
                        GRTST 24HR   4.5 ON  3- 3  6 = FREEZING RAIN OR DRIZZLE
                        GRTST DEPTH:   4 ON  4     7 = DUSTSTORM OR SANDSTORM:
                                                       VSBY 1/2 MILE OR LESS
                                                   8 = SMOKE OR HAZE
[NO. OF DAYS WITH]      [WEATHER - DAYS WITH]      9 = BLOWING SNOW
                                                   X = TORNADO
MAX 32 OR BELOW:   3    0.01 INCH OR MORE:   5
MAX 90 OR ABOVE:   0    0.10 INCH OR MORE:   2
MIN 32 OR BELOW:  11    0.50 INCH OR MORE:   1
MIN  0 OR BELOW:   0    1.00 INCH OR MORE:   1

[HDD (BASE 65) ]
TOTAL THIS MO.   393    CLEAR  (SCALE 0-3)   2
DPTR FM NORMAL     3    PTCLDY (SCALE 4-7)   6
TOTAL FM JUL 1  1983    CLOUDY (SCALE 8-10)  7
DPTR FM NORMAL   238

[CDD (BASE 65) ]
TOTAL THIS MO.     0
DPTR FM NORMAL     0    [PRESSURE DATA]
TOTAL FM JAN 1     0    HIGHEST SLP M ON M
DPTR FM NORMAL     0    LOWEST  SLP 29.77 ON  7

[REMARKS]
