000
CXUS53 KARX 220930
CF6OLZ
PRELIMINARY LOCAL CLIMATOLOGICAL DATA (WS FORM: F-6)

                                          STATION:   OELWEIN IA
                                          MONTH:     OCTOBER
                                          YEAR:      2019
                                          LATITUDE:   42 40 N
                                          LONGITUDE:  91 58 W

  TEMPERATURE IN F:       :PCPN:    SNOW:  WIND      :SUNSHINE: SKY     :PK WND
================================================================================
1   2   3   4   5  6A  6B    7    8   9   10  11  12  13   14  15   16   17  18
                                     12Z  AVG MX 2MIN
DY MAX MIN AVG DEP HDD CDD  WTR  SNW DPTH SPD SPD DIR MIN PSBL S-S WX    SPD DR
================================================================================

 1  73  61  67   M   0   2 2.45  0.0    0  6.1 13 350   M    M   9 13     22 350
 2  61  52  57   M   8   0 0.60  0.0    0  9.7 15  90   M    M   9 1      23  60
 3  57  46  52   M  13   0 0.01  0.0    0 12.2 17 290   M    M  10 1      27 310
 4  57  45  51   M  14   0 0.00  0.0    0  8.8 13 110   M    M   7        21 100
 5  57  46  52   M  13   0 0.96  0.0    0 14.0 23 150   M    M   8 1      30 150
 6  66  41  54   M  11   0 0.00  0.0    0  9.6 25 270   M    M   1        35 270
 7  68  39  54   M  11   0 0.00  0.0    0  7.5 13 280   M    M   0        18 310
 8  70  43  57   M   8   0 0.00  0.0    0 10.9 22 190   M    M   0        28 190
 9  70  46  58   M   7   0 0.03  0.0    0 11.7 18 150   M    M   3        25 150
10  64  52  58   M   7   0 0.45  0.0    0 11.4 16 140   M    M   8 1      25 140
11  48  34  41   M  24   0 0.02  0.0    0 18.0 24 260   M    M  10 1      32 260
12  46  28  37   M  28   0 0.01    M    0 15.3 25 230   M    M   4        32 230
13  45  32  39   M  26   0 0.00  0.0    0 11.6 21 280   M    M   9        28 280
14  55  27  41   M  24   0 0.00  0.0    0  5.0 12 200   M    M   2 8      13   0
15  57  41  49   M  16   0 0.00  0.0    0 13.8 23 300   M    M   5        30 300
16  46  39  43   M  22   0 0.00  0.0    0 10.8 17 320   M    M   9        28 320
17  57  30  44   M  21   0 0.00  0.0    0  4.5  9 140   M    M   2 2       M  M
18  68  41  55   M  10   0 0.00  0.0    0 16.5 24 150   M    M   0        33 170
19  54  39  47   M  18   0 0.12  0.0    0  7.3 14 170   M    M   5 12     15 310
20  64  34  49   M  16   0 0.00  0.0    0  8.1 15 170   M    M   6 128    21 110
21  57  43  50   M  15   0    M    M    0 18.1 28 200   M    M  10 1      38 240
================================================================================
SM 1240  859       312   2  4.65     0.0 230.9          M      117
================================================================================
AV 59.1 40.9                              11.0 FASTST   M    M   6    MAX(MPH)
                                 MISC ---->  # 28 200               # 38  240
================================================================================
NOTES:
# LAST OF SEVERAL OCCURRENCES

COLUMN 17 PEAK WIND IN M.P.H.

PRELIMINARY LOCAL CLIMATOLOGICAL DATA (WS FORM: F-6) , PAGE 2

                                          STATION:  OELWEIN IA
                                          MONTH:    OCTOBER
                                          YEAR:     2019
                                          LATITUDE:   42 40 N
                                          LONGITUDE:  91 58 W

[TEMPERATURE DATA]      [PRECIPITATION DATA]       SYMBOLS USED IN COLUMN 16

AVERAGE MONTHLY: 50.0   TOTAL FOR MONTH:   4.65    1 = FOG OR MIST
DPTR FM NORMAL:     M   DPTR FM NORMAL:       M    2 = FOG REDUCING VISIBILITY
HIGHEST:    73 ON  1    GRTST 24HR  2.45 ON  1- 1      TO 1/4 MILE OR LESS
LOWEST:     27 ON 14                               3 = THUNDER
                        SNOW, ICE PELLETS, HAIL    4 = ICE PELLETS
                        TOTAL MONTH:   0.0 INCH    5 = HAIL
                        GRTST 24HR     0.0         6 = FREEZING RAIN OR DRIZZLE
                        GRTST DEPTH:   0           7 = DUSTSTORM OR SANDSTORM:
                                                       VSBY 1/2 MILE OR LESS
                                                   8 = SMOKE OR HAZE
[NO. OF DAYS WITH]      [WEATHER - DAYS WITH]      9 = BLOWING SNOW
                                                   X = TORNADO
MAX 32 OR BELOW:   0    0.01 INCH OR MORE:   9
MAX 90 OR ABOVE:   0    0.10 INCH OR MORE:   5
MIN 32 OR BELOW:   4    0.50 INCH OR MORE:   3
MIN  0 OR BELOW:   0    1.00 INCH OR MORE:   1

[HDD (BASE 65) ]
TOTAL THIS MO.   312    CLEAR  (SCALE 0-3)   7
DPTR FM NORMAL     M    PTCLDY (SCALE 4-7)   6
TOTAL FM JUL 1   377    CLOUDY (SCALE 8-10)  8
DPTR FM NORMAL     M

[CDD (BASE 65) ]
TOTAL THIS MO.     2
DPTR FM NORMAL     M    [PRESSURE DATA]
TOTAL FM JAN 1   649    HIGHEST SLP M ON M
DPTR FM NORMAL     M    LOWEST  SLP M ON M

[REMARKS]
