000
CXUS53 KARX 240930
CF6OLZ
PRELIMINARY LOCAL CLIMATOLOGICAL DATA (WS FORM: F-6)

                                          STATION:   OELWEIN IA
                                          MONTH:     JUNE
                                          YEAR:      2018
                                          LATITUDE:   42 40 N
                                          LONGITUDE:  91 58 W

  TEMPERATURE IN F:       :PCPN:    SNOW:  WIND      :SUNSHINE: SKY     :PK WND
================================================================================
1   2   3   4   5  6A  6B    7    8   9   10  11  12  13   14  15   16   17  18
                                     12Z  AVG MX 2MIN
DY MAX MIN AVG DEP HDD CDD  WTR  SNW DPTH SPD SPD DIR MIN PSBL S-S WX    SPD DR
================================================================================

 1  90  68  79   M   0  14 0.00  0.0    0  7.4 16 100   M    M   1        22 100
 2  75  57  66   M   0   1 0.07  0.0    0 11.6 27 140   M    M   4        32 140
 3  75  54  65   M   0   0 0.00  0.0    0 16.9 29 300   M    M   0        38 300
 4  84  50  67   M   0   2 0.00  0.0    0 10.8 17 250   M    M   0        24 260
 5  90  61  76   M   0  11 0.00  0.0    0  9.7 15 270   M    M   0        20 130
 6  82  59  71   M   0   6 0.00  0.0    0 10.5 23 160   M    M   1        27 160
 7  86  63  75   M   0  10 0.00  0.0    0  6.3 13  90   M    M   2        16 110
 8  75  59  67   M   0   2 0.44  0.0    0 12.4 16  80   M    M   6 3      28  70
 9  81  64  73   M   0   8 0.56  0.0    0 11.7 22  50   M    M   5 3      30  50
10  73  63  68   M   0   3 0.00  0.0    0 10.8 22  60   M    M   9        28  60
11  72  63  68   M   0   3 0.00  0.0    0 12.5 18 110   M    M  10        29 110
12  75  66  71   M   0   6 0.00  0.0    0  5.5 16 140   M    M   9        23 140
13  77  57  67   M   0   2 0.00  0.0    0  6.8 15 320   M    M   2        22 320
14  70  59  65   M   0   0    M  0.0    0 11.1 30 160   M    M   4        44 160
15  90  64  77   M   0  12 0.00  0.0    0 13.4 18 190   M    M   1        31 190
16  90  73  82   M   0  17 0.00  0.0    0 13.1 22 180   M    M   0        30 180
17  91  73  82   M   0  17 0.00  0.0    0 13.0 21 210   M    M   2        31 210
18  88  72  80   M   0  15    M  0.0    0  8.3 22 220   M    M   6        33 220
19  77  68  73   M   0   8    M  0.0    0  6.1 13  70   M    M   8         M  M
20  75  66  71   M   0   6 0.32  0.0    0  9.9 23 100   M    M   9        29 100
21  66  59  63   M   2   0 1.24  0.0    0 14.4 21  60   M    M  10        29  60
22  75  61  68   M   0   3    T  0.0    0  9.6 17  60   M    M   7        23  60
23  77  61  69   M   0   4 0.00  0.0    0  3.1  9 140   M    M   3         M  M
================================================================================
SM 1834 1440         2 150  2.63     0.0 234.9          M       99
================================================================================
AV 79.7 62.6                              10.2 FASTST   M    M   4    MAX(MPH)
                                 MISC ---->  # 30 160               # 44  160
================================================================================
NOTES:
# LAST OF SEVERAL OCCURRENCES

COLUMN 17 PEAK WIND IN M.P.H.

PRELIMINARY LOCAL CLIMATOLOGICAL DATA (WS FORM: F-6) , PAGE 2

                                          STATION:  OELWEIN IA
                                          MONTH:    JUNE
                                          YEAR:     2018
                                          LATITUDE:   42 40 N
                                          LONGITUDE:  91 58 W

[TEMPERATURE DATA]      [PRECIPITATION DATA]       SYMBOLS USED IN COLUMN 16

AVERAGE MONTHLY: 71.2   TOTAL FOR MONTH:   2.63    1 = FOG OR MIST
DPTR FM NORMAL:     M   DPTR FM NORMAL:       M    2 = FOG REDUCING VISIBILITY
HIGHEST:    91 ON 17    GRTST 24HR  1.24 ON 21-21      TO 1/4 MILE OR LESS
LOWEST:     50 ON  4                               3 = THUNDER
                        SNOW, ICE PELLETS, HAIL    4 = ICE PELLETS
                        TOTAL MONTH:   0.0 INCH    5 = HAIL
                        GRTST 24HR     0.0         6 = FREEZING RAIN OR DRIZZLE
                        GRTST DEPTH:   0           7 = DUSTSTORM OR SANDSTORM:
                                                       VSBY 1/2 MILE OR LESS
                                                   8 = SMOKE OR HAZE
[NO. OF DAYS WITH]      [WEATHER - DAYS WITH]      9 = BLOWING SNOW
                                                   X = TORNADO
MAX 32 OR BELOW:   0    0.01 INCH OR MORE:   5
MAX 90 OR ABOVE:   5    0.10 INCH OR MORE:   4
MIN 32 OR BELOW:   0    0.50 INCH OR MORE:   2
MIN  0 OR BELOW:   0    1.00 INCH OR MORE:   1

[HDD (BASE 65) ]
TOTAL THIS MO.     2    CLEAR  (SCALE 0-3)  11
DPTR FM NORMAL     M    PTCLDY (SCALE 4-7)   7
TOTAL FM JUL 1  7284    CLOUDY (SCALE 8-10)  5
DPTR FM NORMAL     M

[CDD (BASE 65) ]
TOTAL THIS MO.   150
DPTR FM NORMAL     M    [PRESSURE DATA]
TOTAL FM JAN 1   285    HIGHEST SLP M ON M
DPTR FM NORMAL     M    LOWEST  SLP M ON M

[REMARKS]
