000
CXUS53 KARX 210930
CF6OLZ
PRELIMINARY LOCAL CLIMATOLOGICAL DATA (WS FORM: F-6)

                                          STATION:   OELWEIN IA
                                          MONTH:     SEPTEMBER
                                          YEAR:      2018
                                          LATITUDE:   42 40 N
                                          LONGITUDE:  91 58 W

  TEMPERATURE IN F:       :PCPN:    SNOW:  WIND      :SUNSHINE: SKY     :PK WND
================================================================================
1   2   3   4   5  6A  6B    7    8   9   10  11  12  13   14  15   16   17  18
                                     12Z  AVG MX 2MIN
DY MAX MIN AVG DEP HDD CDD  WTR  SNW DPTH SPD SPD DIR MIN PSBL S-S WX    SPD DR
================================================================================

 1  82  66  74   M   0   9 1.12  0.0    0  8.0 18 210   M    M   7 3      25 210
 2  77  66  72   M   0   7 0.78  0.0    0  6.5 17 230   M    M   7 12     24 230
 3  75  64  70   M   0   5 2.18  0.0    0  5.2 12 280   M    M   9 12      M  M
 4  86  70  78   M   0  13 0.01  0.0    0  9.1 14 170   M    M   4        22 190
 5  73  63  68   M   0   3    M  0.0    0  9.5 13 350   M    M   7        18  10
 6  75  57  66   M   0   1 0.00  0.0    0  8.6 13  40   M    M   3        20  40
 7  64  54  59   M   6   0 0.00  0.0    0  7.3 14  40   M    M   0        16  40
 8  72  54  63   M   2   0 0.00  0.0    0  9.4 16  90   M    M   0        23  60
 9  72  50  61   M   4   0 0.00  0.0    0  6.9 10  90   M    M   0        17  80
10  75  46  61   M   4   0 0.00  0.0    0  4.2  7 160   M    M   0         M  M
11  81  54  68   M   0   3 0.00  0.0    0  8.8 15 170   M    M   0        24 170
12  82  57  70   M   0   5 0.00  0.0    0  8.3 15 150   M    M   0        21 150
13  82  57  70   M   0   5 0.00  0.0    0  8.0 14 160   M    M   1        22 160
14  88  63  76   M   0  11 0.00  0.0    0  6.9 13 190   M    M   3 1      20 190
15  90  64  77   M   0  12 0.00  0.0    0  5.6 10 160   M    M   1        13 140
16  88  63  76   M   0  11 0.00  0.0    0  6.6 10 160   M    M   2        15 200
17  91  64  78   M   0  13 0.00  0.0    0  6.3 14  10   M    M   2        22  10
18  70  61  66   M   0   1 0.74  0.0    0  6.9 14  50   M    M   4        25 180
19  75  61  68   M   0   3 1.50  0.0    0  8.5 15 140   M    M   6 1      22 360
20  91  66  79   M   0  14 0.82  0.0    0 13.3 23 200   M    M   7        36 200
================================================================================
SM 1589 1200        16 116  7.15     0.0 153.9          M       63
================================================================================
AV 79.5 60.0                               7.7 FASTST   M    M   3    MAX(MPH)
                                 MISC ---->  # 23 200               # 36  200
================================================================================
NOTES:
# LAST OF SEVERAL OCCURRENCES

COLUMN 17 PEAK WIND IN M.P.H.

PRELIMINARY LOCAL CLIMATOLOGICAL DATA (WS FORM: F-6) , PAGE 2

                                          STATION:  OELWEIN IA
                                          MONTH:    SEPTEMBER
                                          YEAR:     2018
                                          LATITUDE:   42 40 N
                                          LONGITUDE:  91 58 W

[TEMPERATURE DATA]      [PRECIPITATION DATA]       SYMBOLS USED IN COLUMN 16

AVERAGE MONTHLY: 69.7   TOTAL FOR MONTH:   7.15    1 = FOG OR MIST
DPTR FM NORMAL:     M   DPTR FM NORMAL:       M    2 = FOG REDUCING VISIBILITY
HIGHEST:    91 ON 20,17 GRTST 24HR  2.18 ON  3- 3      TO 1/4 MILE OR LESS
LOWEST:     46 ON 10                               3 = THUNDER
                        SNOW, ICE PELLETS, HAIL    4 = ICE PELLETS
                        TOTAL MONTH:   0.0 INCH    5 = HAIL
                        GRTST 24HR     0.0         6 = FREEZING RAIN OR DRIZZLE
                        GRTST DEPTH:   0           7 = DUSTSTORM OR SANDSTORM:
                                                       VSBY 1/2 MILE OR LESS
                                                   8 = SMOKE OR HAZE
[NO. OF DAYS WITH]      [WEATHER - DAYS WITH]      9 = BLOWING SNOW
                                                   X = TORNADO
MAX 32 OR BELOW:   0    0.01 INCH OR MORE:   7
MAX 90 OR ABOVE:   3    0.10 INCH OR MORE:   6
MIN 32 OR BELOW:   0    0.50 INCH OR MORE:   6
MIN  0 OR BELOW:   0    1.00 INCH OR MORE:   3

[HDD (BASE 65) ]
TOTAL THIS MO.    16    CLEAR  (SCALE 0-3)  10
DPTR FM NORMAL     M    PTCLDY (SCALE 4-7)   9
TOTAL FM JUL 1    26    CLOUDY (SCALE 8-10)  1
DPTR FM NORMAL     M

[CDD (BASE 65) ]
TOTAL THIS MO.   116
DPTR FM NORMAL     M    [PRESSURE DATA]
TOTAL FM JAN 1   855    HIGHEST SLP M ON M
DPTR FM NORMAL     M    LOWEST  SLP M ON M

[REMARKS]
