000
CXUS54 KMRX 231000
CF6OQT
PRELIMINARY LOCAL CLIMATOLOGICAL DATA (WS FORM: F-6)

                                          STATION:   OAK_RIDGE_(ASOS)
                                          MONTH:     OCTOBER
                                          YEAR:      2019
                                          LATITUDE:   36  1 N
                                          LONGITUDE:  84 14 W

  TEMPERATURE IN F:       :PCPN:    SNOW:  WIND      :SUNSHINE: SKY     :PK WND
================================================================================
1   2   3   4   5  6A  6B    7    8   9   10  11  12  13   14  15   16   17  18
                                     12Z  AVG MX 2MIN
DY MAX MIN AVG DEP HDD CDD  WTR  SNW DPTH SPD SPD DIR MIN PSBL S-S WX    SPD DR
================================================================================

 1  96  71  84  19   0  19 0.00    M    M  0.7  8 260   M    M   2 1      12 250
 2  97  68  83  18   0  18 0.00    M    M  1.2  8 200   M    M   1        13 220
 3  98  65  82  18   0  17 0.00    M    M  1.2 14 220   M    M   0        22 250
 4  87  68  78  14   0  13 0.00    M    M  3.4 10  80   M    M   0        17  20
 5  90  63  77  14   0  12 0.15    M    M  3.5 14 160   M    M   3 1      21 190
 6  75  66  71   8   0   6 0.49    M    M  1.7  7 180   M    M   7 1      12 260
 7  71  59  65   2   0   0 0.29    M    M  2.1 10 260   M    M   9 1      16 290
 8  77  59  68   6   0   3 0.00    M    M  3.0  7  90   M    M   7        12 360
 9  79  57  68   6   0   3 0.00  0.0    0  0.4  7 290   M    M   5        10 290
10  81  58  70   8   0   5    T  0.0    0  0.3  7 210   M    M   4 12     12 200
11  82  59  71  10   0   6 0.00  0.0    0  1.7  8 260   M    M   3        15 250
12  71  45  58  -3   7   0    T  0.0    0  2.3  9 270   M    M   6        13 280
13  72  41  57  -3   8   0    T  0.0    0  1.0  8 240   M    M   2 12     12 190
14  75  40  58  -2   7   0 0.00    M    0  0.1  6 190   M    M   2 12      9 100
15  75  44  60   0   5   0    T    M    0  0.4  7 210   M    M   5 12     13 220
16  66  49  58  -2   7   0 1.03    M    0  3.5 12 270   M    M   6 1      18 280
17  63  39  51  -8  14   0 0.00  0.0    0  1.3  7 140   M    M   0        12  80
18  67  40  54  -5  11   0 0.00  0.0    0  0.6  9  70   M    M   0 1      14  70
19  58  44  51  -7  14   0 0.21  0.0    0  1.3  7 100   M    M   7 12      9 110
20  69  55  62   4   3   0 0.10  0.0    0  0.7  6  90   M    M   7 12      9  90
21  74  54  64   6   1   0 0.17    M    M  1.4 12 260   M    M   8 12     18 270
22  70  50  60   3   5   0 0.86    M    M  4.3 14 270   M    M   4 1      23 250
================================================================================
SM 1693 1194        82 102  3.30     0.0  36.1          M       88
================================================================================
AV 77.0 54.3                               1.6 FASTST   M    M   4    MAX(MPH)
                                 MISC ---->  # 14 220               # 23  250
================================================================================
NOTES:
# LAST OF SEVERAL OCCURRENCES

COLUMN 17 PEAK WIND IN M.P.H.

PRELIMINARY LOCAL CLIMATOLOGICAL DATA (WS FORM: F-6) , PAGE 2

                                          STATION:  OAK_RIDGE_(ASOS)
                                          MONTH:    OCTOBER
                                          YEAR:     2019
                                          LATITUDE:   36  1 N
                                          LONGITUDE:  84 14 W

[TEMPERATURE DATA]      [PRECIPITATION DATA]       SYMBOLS USED IN COLUMN 16

AVERAGE MONTHLY: 65.6   TOTAL FOR MONTH:   3.30    1 = FOG OR MIST
DPTR FM NORMAL:   4.5   DPTR FM NORMAL:    1.34    2 = FOG REDUCING VISIBILITY
HIGHEST:    98 ON  3    GRTST 24HR  1.03 ON 16-16      TO 1/4 MILE OR LESS
LOWEST:     39 ON 17                               3 = THUNDER
                        SNOW, ICE PELLETS, HAIL    4 = ICE PELLETS
                        TOTAL MONTH:   0.0 INCH    5 = HAIL
                        GRTST 24HR     0.0         6 = FREEZING RAIN OR DRIZZLE
                        GRTST DEPTH:   0           7 = DUSTSTORM OR SANDSTORM:
                                                       VSBY 1/2 MILE OR LESS
                                                   8 = SMOKE OR HAZE
[NO. OF DAYS WITH]      [WEATHER - DAYS WITH]      9 = BLOWING SNOW
                                                   X = TORNADO
MAX 32 OR BELOW:   0    0.01 INCH OR MORE:   8
MAX 90 OR ABOVE:   4    0.10 INCH OR MORE:   8
MIN 32 OR BELOW:   0    0.50 INCH OR MORE:   2
MIN  0 OR BELOW:   0    1.00 INCH OR MORE:   1

[HDD (BASE 65) ]
TOTAL THIS MO.    82    CLEAR  (SCALE 0-3)  10
DPTR FM NORMAL   -30    PTCLDY (SCALE 4-7)  11
TOTAL FM JUL 1    82    CLOUDY (SCALE 8-10)  1
DPTR FM NORMAL   -51

[CDD (BASE 65) ]
TOTAL THIS MO.   102
DPTR FM NORMAL    72    [PRESSURE DATA]
TOTAL FM JAN 1  2061    HIGHEST SLP M ON M
DPTR FM NORMAL   581    LOWEST  SLP 29.77 ON 16

[REMARKS]
