000
CXUS54 KMRX 261130
CF6OQT
PRELIMINARY LOCAL CLIMATOLOGICAL DATA (WS FORM: F-6)

                                          STATION:   OAK RIDGE
                                          MONTH:     FEBRUARY
                                          YEAR:      2021
                                          LATITUDE:   36  1 N
                                          LONGITUDE:  84 14 W

  TEMPERATURE IN F:       :PCPN:    SNOW:  WIND      :SUNSHINE: SKY     :PK WND
================================================================================
1   2   3   4   5  6A  6B    7    8   9   10  11  12  13   14  15   16   17  18
                                     12Z  AVG MX 2MIN
DY MAX MIN AVG DEP HDD CDD  WTR  SNW DPTH SPD SPD DIR MIN PSBL S-S WX    SPD DR
================================================================================

 1  40  31  36  -3  29   0 0.08    M    M  3.7 12 360   M    M  10 1      21  20
 2  42  30  36  -3  29   0    T    M    M  6.4 14 300   M    M   6        24 350
 3  45  25  35  -4  30   0 0.00    M    M  1.9 10 360   M    M   3        22  20
 4  40  23  32  -7  33   0 0.24    M    M  0.9  7 260   M    M   4 1      12 240
 5  49  30  40   0  25   0 0.05    M    M  4.7 14 290   M    M   2 1      25 290
 6  46  26  36  -4  29   0 0.01    M    M  1.4 12 300   M    M   4        19 310
 7  41  26  34  -6  31   0 0.35    M    M  2.1 10  80   M    M   7 1      18  70
 8  54  23  39  -1  26   0 0.00    M    M  0.9  7 160   M    M   0        11 270
 9  58  33  46   6  19   0    T    M    M  1.7  9 270   M    M   7        15 270
10  67  42  55  15  10   0 0.00    M    M  1.7 10 270   M    M   6        16 270
11  54  38  46   5  19   0 0.92    M    M  3.0 10  70   M    M   9 1      15  70
12  43  35  39  -2  26   0 0.04    M    M  2.8  8  70   M    M  10 1      13  90
13  42  35  39  -2  26   0 0.08    M    M  0.8  7  60   M    M  10 1      10  60
14  39  33  36  -6  29   0 0.00    M    M  4.6 10  70   M    M  10        17  10
15  43  33  38  -4  27   0 0.85    M    M  4.3 13 270   M    M  10 1      25 250
16  38  20  29 -13  36   0    T    M    M  7.1 16 260   M    M   7        31 250
17  41  19  30 -12  35   0 0.01    M    M  3.1  9  60   M    M   2        15  70
18  43  33  38  -4  27   0 1.05    M    M  1.2  8  60   M    M  10 1      14  60
19  46  26  36  -7  29   0 0.00    M    M  4.0  9 350   M    M   4        17 360
20  44  20  32 -11  33   0 0.00    M    M  1.3  8 190   M    M   0        10 200
21  59  25  42  -1  23   0 0.00    M    M  3.7 15 200   M    M   0        23 210
22  58  37  48   4  17   0 0.42    M    M  4.4 15 290   M    M   5 1      29 290
23  68  32  50   6  15   0 0.00    M    M  4.0 14 250   M    M   0        22 260
24  72  33  53   9  12   0 0.00    M    M  3.1 15 200   M    M   1        28 220
25  66  47  57  12   8   0 0.00    M    M  3.0  8 160   M    M   3        16  20
================================================================================
SM 1238  755       623   0  4.10    M     75.8          M      130
================================================================================
AV 49.5 30.2                               3.0 FASTST   M    M   5    MAX(MPH)
                                 MISC ---->    16 260                 31 250
================================================================================
NOTES:
# LAST OF SEVERAL OCCURRENCES

COLUMN 17 PEAK WIND IN M.P.H.

PRELIMINARY LOCAL CLIMATOLOGICAL DATA (WS FORM: F-6) , PAGE 2

                                          STATION:   OAK RIDGE
                                          MONTH:     FEBRUARY
                                          YEAR:      2021
                                          LATITUDE:   36  1 N
                                          LONGITUDE:  84 14 W

[TEMPERATURE DATA]      [PRECIPITATION DATA]       SYMBOLS USED IN COLUMN 16

AVERAGE MONTHLY: 39.9   TOTAL FOR MONTH:   4.10    1 = FOG OR MIST
DPTR FM NORMAL:  -1.5   DPTR FM NORMAL:   -0.01    2 = FOG REDUCING VISIBILITY
HIGHEST:    72 ON 24    GRTST 24HR  1.06 ON 17-18      TO 1/4 MILE OR LESS
LOWEST:     19 ON 17                               3 = THUNDER
                        SNOW, ICE PELLETS, HAIL    4 = ICE PELLETS
                        TOTAL MONTH:  M            5 = HAIL
                        GRTST 24HR    M  ON   M    6 = FREEZING RAIN OR DRIZZLE
                        GRTST DEPTH:  M  ON   M    7 = DUSTSTORM OR SANDSTORM:
                                                       VSBY 1/2 MILE OR LESS
                                                   8 = SMOKE OR HAZE
[NO. OF DAYS WITH]      [WEATHER - DAYS WITH]      9 = BLOWING SNOW
                                                   X = TORNADO
MAX 32 OR BELOW:   0    0.01 INCH OR MORE:  12
MAX 90 OR ABOVE:   0    0.10 INCH OR MORE:   6
MIN 32 OR BELOW:  14    0.50 INCH OR MORE:   3
MIN  0 OR BELOW:   0    1.00 INCH OR MORE:   1

[HDD (BASE 65) ]
TOTAL THIS MO.   623    CLEAR  (SCALE 0-3)   9
DPTR FM NORMAL    33    PTCLDY (SCALE 4-7)   9
TOTAL FM JUL 1  2634    CLOUDY (SCALE 8-10)  7
DPTR FM NORMAL  -268

[CDD (BASE 65) ]
TOTAL THIS MO.     0
DPTR FM NORMAL     0    [PRESSURE DATA]
TOTAL FM JAN 1     0    HIGHEST SLP M ON M
DPTR FM NORMAL     0    LOWEST  SLP 29.65 ON 15

[REMARKS]
