000
CXUS54 KMRX 201000
CF6OQT
PRELIMINARY LOCAL CLIMATOLOGICAL DATA (WS FORM: F-6)

                                          STATION:   OAK_RIDGE_(ASOS)
                                          MONTH:     OCTOBER
                                          YEAR:      2018
                                          LATITUDE:   36  1 N
                                          LONGITUDE:  84 14 W

  TEMPERATURE IN F:       :PCPN:    SNOW:  WIND      :SUNSHINE: SKY     :PK WND
================================================================================
1   2   3   4   5  6A  6B    7    8   9   10  11  12  13   14  15   16   17  18
                                     12Z  AVG MX 2MIN
DY MAX MIN AVG DEP HDD CDD  WTR  SNW DPTH SPD SPD DIR MIN PSBL S-S WX    SPD DR
================================================================================

 1  85  68  77  12   0  12 0.00    M    M  1.3  7  99   M    M   6         M  M
 2  80  67  74   9   0   9 0.02    M    M  1.4  5 180   M    M   5         M  M
 3  85  64  75  11   0  10 0.00    M    M  1.2  7 200   M    M   5 12     11 260
 4  86  65  76  12   0  11 0.00    M    M  1.2  6 260   M    M   3 12      M  M
 5  89  68  79  16   0  14 0.00    M    M  1.3  8 160   M    M   2        11 150
 6  90  68  79  16   0  14 0.00    M    M  1.2  7 210   M    M   4 12     11 180
 7  89  67  78  15   0  13 0.00    M    M  0.5  6 130   M    M   4 12      9 220
 8  88  68  78  16   0  13 0.00    M    M  1.2  8  70   M    M   4 12     12  80
 9  84  69  77  15   0  12 0.00    M    M  1.1  8  90   M    M   2        13  90
10  85  68  77  15   0  12 0.16    M    M  0.5  7 220   M    M   5 1      11 230
11  74  57  66   5   0   1 0.43    M    M  1.3  7 340   M    M   7 1       M  M
12  68  48  58  -3   7   0 0.00    M    M  2.1  7  90   M    M   2         M  M
13  62  50  56  -4   9   0 0.00    M    M  1.9  8 100   M    M   6        13  60
14  67  51  59  -1   6   0 0.17    M    M  0.6  6  70   M    M   9 1       7  70
15  76  58  67   7   0   2 0.42    M    M  1.7  8 220   M    M   6 1      15 260
16  63  56  60   0   5   0 0.22    M    M  0.8  7  90   M    M   9 1       9  80
17  71  50  61   2   4   0 0.00    M    M  1.2  8 350   M    M   0        13 360
18  65  45  55  -4  10   0 0.00    M    M   M   5  20   M    M   0         8 360
19  72  42  57  -1   8   0    T    M    M  2.4 10 260   M    M   2 12     17 190
================================================================================
SM 1479 1129        49 123  1.42    M     22.9          M       81
================================================================================
AV 77.8 59.4                               1.3 FASTST   M    M   4    MAX(MPH)
                                 MISC ---->  # 10 260               # 17  190
================================================================================
NOTES:
# LAST OF SEVERAL OCCURRENCES

COLUMN 17 PEAK WIND IN M.P.H.

PRELIMINARY LOCAL CLIMATOLOGICAL DATA (WS FORM: F-6) , PAGE 2

                                          STATION:  OAK_RIDGE_(ASOS)
                                          MONTH:    OCTOBER
                                          YEAR:     2018
                                          LATITUDE:   36  1 N
                                          LONGITUDE:  84 14 W

[TEMPERATURE DATA]      [PRECIPITATION DATA]       SYMBOLS USED IN COLUMN 16

AVERAGE MONTHLY: 68.6   TOTAL FOR MONTH:   1.42    1 = FOG OR MIST
DPTR FM NORMAL:   7.0   DPTR FM NORMAL:   -0.25    2 = FOG REDUCING VISIBILITY
HIGHEST:    90 ON  6    GRTST 24HR  0.43 ON 11-11      TO 1/4 MILE OR LESS
LOWEST:     42 ON 19                               3 = THUNDER
                        SNOW, ICE PELLETS, HAIL    4 = ICE PELLETS
                        TOTAL MONTH:    M          5 = HAIL
                        GRTST 24HR    M  ON   M    6 = FREEZING RAIN OR DRIZZLE
                        GRTST DEPTH:  M  ON   M    7 = DUSTSTORM OR SANDSTORM:
                                                       VSBY 1/2 MILE OR LESS
                                                   8 = SMOKE OR HAZE
[NO. OF DAYS WITH]      [WEATHER - DAYS WITH]      9 = BLOWING SNOW
                                                   X = TORNADO
MAX 32 OR BELOW:   0    0.01 INCH OR MORE:   6
MAX 90 OR ABOVE:   1    0.10 INCH OR MORE:   5
MIN 32 OR BELOW:   0    0.50 INCH OR MORE:   0
MIN  0 OR BELOW:   0    1.00 INCH OR MORE:   0

[HDD (BASE 65) ]
TOTAL THIS MO.    49    CLEAR  (SCALE 0-3)   6
DPTR FM NORMAL   -40    PTCLDY (SCALE 4-7)  11
TOTAL FM JUL 1    49    CLOUDY (SCALE 8-10)  2
DPTR FM NORMAL   -61

[CDD (BASE 65) ]
TOTAL THIS MO.   123
DPTR FM NORMAL    96    [PRESSURE DATA]
TOTAL FM JAN 1  2115    HIGHEST SLP M ON M
DPTR FM NORMAL   638    LOWEST  SLP 29.65 ON 11

[REMARKS]
