000
CXUS54 KMRX 241000
CF6OQT
PRELIMINARY LOCAL CLIMATOLOGICAL DATA (WS FORM: F-6)

                                          STATION:   OAK_RIDGE_(ASOS)
                                          MONTH:     JANUARY
                                          YEAR:      2020
                                          LATITUDE:   36  1 N
                                          LONGITUDE:  84 14 W

  TEMPERATURE IN F:       :PCPN:    SNOW:  WIND      :SUNSHINE: SKY     :PK WND
================================================================================
1   2   3   4   5  6A  6B    7    8   9   10  11  12  13   14  15   16   17  18
                                     12Z  AVG MX 2MIN
DY MAX MIN AVG DEP HDD CDD  WTR  SNW DPTH SPD SPD DIR MIN PSBL S-S WX    SPD DR
================================================================================

 1  51  31  41   3  24   0 0.00    M    M  3.0  9 190   M    M   1        15 210
 2  45  36  41   3  24   0 2.21    M    M  1.7  8  80   M    M   9 1      11  90
 3  56  45  51  13  14   0 1.08    M    M  0.9  7 210   M    M  10 1      14 200
 4  56  38  47   9  18   0 0.23    M    M  6.9 17 270   M    M   9 1      27 280
 5  49  33  41   3  24   0 0.00    M    M  2.9 12 320   M    M   4        18 320
 6  56  29  43   5  22   0 0.00    M    M  0.9  6 360   M    M   2         8 360
 7  53  37  45   7  20   0 0.39    M    M  4.3 16 260   M    M   4 1      23 270
 8  57  32  45   7  20   0 0.00    M    M  3.3 12 210   M    M   0        16 190
 9  58  29  44   6  21   0 0.00    M    M  1.1 12 210   M    M   0        18 200
10  64  45  55  17  10   0 0.00    M    M  0.1  3 210   M    M   7         5 220
11  73  53  63  26   2   0 0.97    M    M  7.5 23 200   M    M  10 1      36 210
12  61  43  52  15  13   0 0.00    M    M  2.6 10 250   M    M   3        17 260
13  63  42  53  16  12   0 0.04    M    M  0.3  6 310   M    M   6 1       7 300
14  62  54  58  21   7   0 0.76    M    M  2.1 16 170   M    M   9 1      22 160
15  64  59  62  25   3   0 0.09    M    M  2.1  8 260   M    M   8 1      13 270
16  63  38  51  13  14   0 0.00    M    M  5.4 16 340   M    M   2        23 340
17  44  34  39   1  26   0 0.00    M    M  4.5 12  70   M    M   3        19  10
18  47  41  44   6  21   0 0.69    M    M  5.5 13 280   M    M  10 1      21 280
19  47  26  37  -1  28   0 0.00    M    M  5.6 13 260   M    M   1 1      20 200
20  29  22  26 -12  39   0 0.00    M    M  5.1 10 360   M    M   9        18  50
21  35  22  29  -9  36   0    T    M    M  4.2 12  70   M    M   5        18  80
22  42  19  31  -7  34   0 0.00    M    0  1.2  8  80   M    M   0        12  70
23  47  31  39   1  26   0 0.12    M    M  0.6  6  60   M    M   6 1       8  70
================================================================================
SM 1222  839       458   0  6.58    M     71.8          M      118
================================================================================
AV 53.1 36.5                               3.1 FASTST   M    M   5    MAX(MPH)
                                 MISC ---->  # 23 200               # 36  210
================================================================================
NOTES:
# LAST OF SEVERAL OCCURRENCES

COLUMN 17 PEAK WIND IN M.P.H.

PRELIMINARY LOCAL CLIMATOLOGICAL DATA (WS FORM: F-6) , PAGE 2

                                          STATION:  OAK_RIDGE_(ASOS)
                                          MONTH:    JANUARY
                                          YEAR:     2020
                                          LATITUDE:   36  1 N
                                          LONGITUDE:  84 14 W

[TEMPERATURE DATA]      [PRECIPITATION DATA]       SYMBOLS USED IN COLUMN 16

AVERAGE MONTHLY: 44.8   TOTAL FOR MONTH:   6.58    1 = FOG OR MIST
DPTR FM NORMAL:   7.0   DPTR FM NORMAL:    3.31    2 = FOG REDUCING VISIBILITY
HIGHEST:    73 ON 11    GRTST 24HR  2.21 ON  2- 2      TO 1/4 MILE OR LESS
LOWEST:     19 ON 22                               3 = THUNDER
                        SNOW, ICE PELLETS, HAIL    4 = ICE PELLETS
                        TOTAL MONTH:    M          5 = HAIL
                        GRTST 24HR    M  ON   M    6 = FREEZING RAIN OR DRIZZLE
                        GRTST DEPTH:   0           7 = DUSTSTORM OR SANDSTORM:
                                                       VSBY 1/2 MILE OR LESS
                                                   8 = SMOKE OR HAZE
[NO. OF DAYS WITH]      [WEATHER - DAYS WITH]      9 = BLOWING SNOW
                                                   X = TORNADO
MAX 32 OR BELOW:   1    0.01 INCH OR MORE:  10
MAX 90 OR ABOVE:   0    0.10 INCH OR MORE:   8
MIN 32 OR BELOW:   9    0.50 INCH OR MORE:   5
MIN  0 OR BELOW:   0    1.00 INCH OR MORE:   2

[HDD (BASE 65) ]
TOTAL THIS MO.   458    CLEAR  (SCALE 0-3)   8
DPTR FM NORMAL  -172    PTCLDY (SCALE 4-7)   7
TOTAL FM JUL 1  1713    CLOUDY (SCALE 8-10)  8
DPTR FM NORMAL  -384

[CDD (BASE 65) ]
TOTAL THIS MO.     0
DPTR FM NORMAL     0    [PRESSURE DATA]
TOTAL FM JAN 1     0    HIGHEST SLP M ON M
DPTR FM NORMAL     0    LOWEST  SLP 29.78 ON  3

[REMARKS]
